000
CXUS53 KUNR 010930
CF62WX
PRELIMINARY LOCAL CLIMATOLOGICAL DATA (WS FORM: F-6)
STATION: BUFFALO SD
MONTH: OCTOBER
YEAR: 2023
LATITUDE: 45 35 N
LONGITUDE: 103 33 W
TEMPERATURE IN F: :PCPN: SNOW: WIND :SUNSHINE: SKY :PK WND
================================================================================
1 2 3 4 5 6A 6B 7 8 9 10 11 12 13 14 15 16 17 18
12Z AVG MX 2MIN
DY MAX MIN AVG DEP HDD CDD WTR SNW DPTH SPD SPD DIR MIN PSBL S-S WX SPD DR
================================================================================
1 67 52 60 7 5 0 0.00 M M 12.4 25 250 M M M 33 260
2 61 52 57 4 8 0 0.07 M M 7.5 22 320 M M M 26 320
3 61 48 55 3 10 0 0.37 M M 16.5 29 300 M M M 37 300
4 64 43 54 2 11 0 0.00 M M 17.0 31 270 M M M 39 270
5 59 38 49 -2 16 0 0.00 M M 23.9 40 330 M M M 49 290
6 51 29 40 -11 25 0 0.00 M M 14.5 31 320 M M M 40 300
7 73 31 52 2 13 0 0.00 M M 8.5 21 310 M M M 26 280
8 70 42 56 6 9 0 0.00 M M 7.3 13 60 M M M 16 100
9 70 43 57 8 8 0 0.00 M M 9.0 17 130 M M M 24 150
10 68 38 53 4 12 0 0.00 M M 12.7 24 140 M M M 31 140
11 57 37 47 -1 18 0 0.01 M M 13.9 25 80 M M M 34 70
12 50 43 47 -1 18 0 0.00 M M 22.2 35 60 M M M 43 50
13 46 40 43 -4 22 0 0.02 M M 12.3 23 360 M M M 30 350
14 51 32 42 -5 23 0 0.00 M M 5.8 14 110 M M M 19 90
15 57 32 45 -1 20 0 0.00 M M 7.2 16 170 M M M 20 190
16 77 37 57 11 8 0 0.00 M M 4.4 15 270 M M M 20 230
17 75 40 58 13 7 0 0.00 M M 15.6 54 330 M M M 70 320
18 62 48 55 10 10 0 0.00 M M 20.8 41 310 M M M 56 310
19 76 49 63 19 2 0 0.00 M M 15.3 32 320 M M M 41 300
20 77 44 61 17 4 0 0.00 M M 13.8 29 290 M M M 37 290
21 63 40 52 9 13 0 0.00 M M 7.5 16 140 M M M 21 130
22 70 41 56 13 9 0 0.00 M M 5.3 14 150 M M M 18 160
23 57 39 48 6 17 0 0.23 M M 10.9 21 20 M M M 26 30
24 50 43 47 5 18 0 0.08 M M 6.0 13 70 M M M 16 80
25 46 22 34 -8 31 0 0.02 M M 17.8 37 320 M M M 45 320
26 23 8 16 -25 49 0 0.15 M M 16.8 26 330 M M M 32 330
27 20 3 12 -29 53 0 0.00 M M 10.9 20 290 M M M 23 290
28 23 11 17 -23 48 0 0.00 M M 12.2 22 320 M M M 26 320
29 26 14 20 -20 45 0 0.00 M M 17.8 33 300 M M M 42 310
30 35 5 20 -20 45 0 0.00 M M 18.3 38 320 M M M 49 330
31 33 4 19 -20 46 0 0.00 M M 8.7 18 180 M M M 23 180
================================================================================
SM 1718 1048 623 0 0.95 M 392.8 M M
================================================================================
AV 55.4 33.8 12.7 FASTST M M M MAX(MPH)
MISC ----> 54 330 70 320
================================================================================
NOTES:
# LAST OF SEVERAL OCCURRENCES
COLUMN 17 PEAK WIND IN M.P.H.
PRELIMINARY LOCAL CLIMATOLOGICAL DATA (WS FORM: F-6) , PAGE 2
STATION: BUFFALO SD
MONTH: OCTOBER
YEAR: 2023
LATITUDE: 45 35 N
LONGITUDE: 103 33 W
[TEMPERATURE DATA] [PRECIPITATION DATA] SYMBOLS USED IN COLUMN 16
AVERAGE MONTHLY: 44.6 TOTAL FOR MONTH: 0.95 1 = FOG OR MIST
DPTR FM NORMAL: -1.3 DPTR FM NORMAL: -0.14 2 = FOG REDUCING VISIBILITY
HIGHEST: 77 ON 20,16 GRTST 24HR 0.43 ON 2- 3 TO 1/4 MILE OR LESS
LOWEST: 3 ON 27 3 = THUNDER
SNOW, ICE PELLETS, HAIL 4 = ICE PELLETS
TOTAL MONTH: M 5 = HAIL
GRTST 24HR M ON M 6 = FREEZING RAIN OR DRIZZLE
GRTST DEPTH: M ON M 7 = DUSTSTORM OR SANDSTORM:
VSBY 1/2 MILE OR LESS
8 = SMOKE OR HAZE
[NO. OF DAYS WITH] [WEATHER - DAYS WITH] 9 = BLOWING SNOW
X = TORNADO
MAX 32 OR BELOW: 4 0.01 INCH OR MORE: 8
MAX 90 OR ABOVE: 0 0.10 INCH OR MORE: 3
MIN 32 OR BELOW: 11 0.50 INCH OR MORE: 0
MIN 0 OR BELOW: 0 1.00 INCH OR MORE: 0
[HDD (BASE 65) ]
TOTAL THIS MO. 623 CLEAR (SCALE 0-3) 0
DPTR FM NORMAL 28 PTCLDY (SCALE 4-7) 0
TOTAL FM JUL 1 709 CLOUDY (SCALE 8-10) 31
DPTR FM NORMAL -120
[CDD (BASE 65) ]
TOTAL THIS MO. 0
DPTR FM NORMAL -3 [PRESSURE DATA]
TOTAL FM JAN 1 695 HIGHEST SLP 30.56 ON 31
DPTR FM NORMAL 116 LOWEST SLP 29.49 ON 11
[REMARKS]
#FINAL-10-23#