000
CXUS54 KMAF 012022
CF66R6
PRELIMINARY LOCAL CLIMATOLOGICAL DATA (WS FORM: F-6)
STATION: TERRELL COUNTY AIRPORT
MONTH: AUGUST
YEAR: 2022
LATITUDE: 30 2 N
LONGITUDE: 102 13 W
TEMPERATURE IN F: :PCPN: SNOW: WIND :SUNSHINE: SKY :PK WND
================================================================================
1 2 3 4 5 6A 6B 7 8 9 10 11 12 13 14 15 16 17 18
12Z AVG MX 2MIN
DY MAX MIN AVG DEP HDD CDD WTR SNW DPTH SPD SPD DIR MIN PSBL S-S WX SPD DR
================================================================================
1 98 76 87 2 0 22 0.00 M M 11.2 21 100 M M 0 30 130
2 101 74 88 3 0 23 0.00 M M 9.1 18 100 M M 0 25 100
3 105 78 92 7 0 27 0.00 M M 10.7 22 120 M M 0 27 110
4 102 79 91 6 0 26 0.00 M M 10.8 20 100 M M 0 26 90
5 99 79 89 4 0 24 0.00 M M 11.3 24 100 M M 0 29 100
6 98 76 87 2 0 22 0.00 M M 13.8 26 90 M M 0 36 90
7 97 75 86 1 0 21 0.00 M M 14.4 23 110 M M 0 29 90
8 98 76 87 2 0 22 0.00 M M 13.1 22 90 M M 0 28 100
9 98 73 86 1 0 21 0.00 M M 9.7 21 110 M M 0 29 120
10 99 76 88 3 0 23 0.00 M M 9.6 26 70 M M 0 33 70
11 99 73 86 1 0 21 0.00 M M 6.4 29 350 M M 0 37 360
12 100 71 86 1 0 21 0.00 M M 7.5 23 130 M M 0 29 130
13 99 74 87 2 0 22 0.02 M M 6.9 28 150 M M 0 35 90
14 100 74 87 3 0 22 0.00 M M 8.6 23 120 M M 0 31 130
15 84 71 78 -6 0 13 1.89 M M 13.3 29 100 M M 0 36 120
16 83 68 76 -8 0 11 4.38 M M 10.9 26 120 M M 0 34 110
17 88 72 80 -4 0 15 0.00 M M 7.5 16 100 M M 0 21 100
18 92 71 82 -2 0 17 M M M 5.9 16 50 M M 0 22 50
19 94 71 83 -1 0 18 0.00 M M 7.8 21 60 M M 0 28 90
20 93 74 84 0 0 19 0.00 M M 11.4 23 110 M M 0 31 110
21 93 74 84 0 0 19 0.00 M M 6.1 15 260 M M 0 20 230
22 92 74 83 0 0 18 0.00 M M 8.3 21 230 M M 0 26 230
23 87 71 79 -4 0 14 1.34 M M 4.8 21 30 M M 0 24 30
24 85 73 79 -4 0 14 0.00 M M 6.3 21 180 M M 0 26 180
25 90 73 82 -1 0 17 0.00 M M 7.0 16 130 M M 0 20 130
26 90 72 81 -2 0 16 0.00 M M 5.8 15 100 M M 0 19 120
27 92 70 81 -1 0 16 0.00 M M 6.9 16 130 M M 0 21 110
28 91 72 82 0 0 17 0.00 M M 6.5 18 140 M M 0 23 130
29 92 72 82 0 0 17 M M M 7.1 14 100 M M 0 M M
30 92 69 81 -1 0 16 0.00 M M 7.8 15 60 M M 0 24 120
31 78 69 74 -8 0 9 0.31 M M 8.5 18 90 M M 0 22 100
================================================================================
SM 2909 2270 0 583 7.94 M 275.0 M 0
================================================================================
AV 93.8 73.2 8.9 FASTST M M 0 MAX(MPH)
MISC ----> # 29 350 37 360
================================================================================
NOTES:
# LAST OF SEVERAL OCCURRENCES
COLUMN 17 PEAK WIND IN M.P.H.
PRELIMINARY LOCAL CLIMATOLOGICAL DATA (WS FORM: F-6) , PAGE 2
STATION: TERRELL COUNTY AIRPORT
MONTH: AUGUST
YEAR: 2022
LATITUDE: 30 2 N
LONGITUDE: 102 13 W
[TEMPERATURE DATA] [PRECIPITATION DATA] SYMBOLS USED IN COLUMN 16
AVERAGE MONTHLY: 83.5 TOTAL FOR MONTH: 7.94 1 = FOG OR MIST
DPTR FM NORMAL: -0.4 DPTR FM NORMAL: 6.99 2 = FOG REDUCING VISIBILITY
HIGHEST: 105 ON 3 GRTST 24HR 4.38 ON 16-16 TO 1/4 MILE OR LESS
LOWEST: 68 ON 16 3 = THUNDER
SNOW, ICE PELLETS, HAIL 4 = ICE PELLETS
TOTAL MONTH: 0.0 INCH 5 = HAIL
GRTST 24HR M ON M 6 = FREEZING RAIN OR DRIZZLE
GRTST DEPTH: 0 7 = DUSTSTORM OR SANDSTORM:
VSBY 1/2 MILE OR LESS
8 = SMOKE OR HAZE
[NO. OF DAYS WITH] [WEATHER - DAYS WITH] 9 = BLOWING SNOW
X = TORNADO
MAX 32 OR BELOW: 0 0.01 INCH OR MORE: 5
MAX 90 OR ABOVE: 25 0.10 INCH OR MORE: 4
MIN 32 OR BELOW: 0 0.50 INCH OR MORE: 3
MIN 0 OR BELOW: 0 1.00 INCH OR MORE: 3
[HDD (BASE 65) ]
TOTAL THIS MO. 0 CLEAR (SCALE 0-3) 31
DPTR FM NORMAL 0 PTCLDY (SCALE 4-7) 0
TOTAL FM JUL 1 0 CLOUDY (SCALE 8-10) 0
DPTR FM NORMAL 0
[CDD (BASE 65) ]
TOTAL THIS MO. 583
DPTR FM NORMAL -3 [PRESSURE DATA]
TOTAL FM JAN 1 2869 HIGHEST SLP 30.06 ON 31
DPTR FM NORMAL 519 LOWEST SLP 29.66 ON 3
[REMARKS]
#FINAL-08-22#