000
CXUS54 KMAF 011933
CF66R6
PRELIMINARY LOCAL CLIMATOLOGICAL DATA (WS FORM: F-6)
STATION: TERRELL COUNTY AIRPORT
MONTH: SEPTEMBER
YEAR: 2021
LATITUDE: 30 2 N
LONGITUDE: 102 13 W
TEMPERATURE IN F: :PCPN: SNOW: WIND :SUNSHINE: SKY :PK WND
================================================================================
1 2 3 4 5 6A 6B 7 8 9 10 11 12 13 14 15 16 17 18
12Z AVG MX 2MIN
DY MAX MIN AVG DEP HDD CDD WTR SNW DPTH SPD SPD DIR MIN PSBL S-S WX SPD DR
================================================================================
1 99 75 87 6 0 22 0.00 M M 10.6 21 100 M M 0 27 110
2 98 77 88 7 0 23 0.00 M M 10.9 21 130 M M 0 27 110
3 97 76 87 6 0 22 0.00 M M 9.6 23 110 M M 0 29 110
4 98 72 85 4 0 20 0.00 M M 8.2 17 120 M M 0 23 100
5 98 70 84 4 0 19 0.00 M M 8.8 17 100 M M 0 23 100
6 99 73 86 6 0 21 0.00 M M 7.2 21 80 M M 0 26 70
7 99 71 85 5 0 20 0.00 M M 7.1 17 120 M M 0 25 120
8 97 73 85 5 0 20 0.00 M M 7.0 20 70 M M 0 25 70
9 97 71 84 4 0 19 0.00 M M 7.7 16 140 M M 0 21 150
10 98 68 83 4 0 18 0.00 M M 5.9 12 120 M M 0 16 110
11 96 67 82 3 0 17 0.00 M M 9.1 17 120 M M 0 23 110
12 92 63 78 -1 0 13 0.00 M M 9.2 20 110 M M 0 26 90
13 92 67 80 1 0 15 0.00 M M 9.2 15 130 M M 0 22 110
14 96 68 82 4 0 17 0.00 M M 5.4 13 110 M M 0 17 110
15 93 69 81 3 0 16 0.00 M M 7.5 16 90 M M 0 20 120
16 95 69 82 4 0 17 0.00 M M 8.1 16 110 M M 0 24 140
17 99 69 84 6 0 19 0.00 M M 6.7 15 140 M M 0 21 140
18 99 71 85 8 0 20 0.00 M M 6.7 33 60 M M 0 42 60
19 98 68 83 6 0 18 0.00 M M 6.6 14 110 M M 0 18 130
20 104 70 87 10 0 22 0.00 M M 7.2 26 250 M M 0 38 250
21 90 71 81 4 0 16 0.00 M M 12.1 25 340 M M 0 33 350
22 83 63 73 -3 0 8 0.00 M M 5.8 13 70 M M 0 18 110
23 88 57 73 -3 0 8 0.00 M M 8.8 15 100 M M 0 21 110
24 89 60 75 -1 0 10 0.00 M M 8.9 18 100 M M 0 25 110
25 88 61 75 -1 0 10 0.00 M M 9.8 20 90 M M 0 26 130
26 90 62 76 1 0 11 0.00 M M 9.1 18 110 M M 0 24 110
27 91 66 79 4 0 14 0.00 M M 7.3 17 140 M M 0 23 120
28 91 65 78 3 0 13 0.00 M M 5.6 14 140 M M 0 22 360
29 94 66 80 6 0 15 0.00 M M 7.6 18 100 M M 0 22 120
30 91 61 76 2 0 11 0.89 M M 9.5 45 240 M M 0 3 71 220
================================================================================
SM 2839 2039 0 494 0.89 M 243.2 M 0
================================================================================
AV 94.6 68.0 8.1 FASTST M M 0 MAX(MPH)
MISC ----> 45 240 71 220
================================================================================
NOTES:
# LAST OF SEVERAL OCCURRENCES
COLUMN 17 PEAK WIND IN M.P.H.
PRELIMINARY LOCAL CLIMATOLOGICAL DATA (WS FORM: F-6) , PAGE 2
STATION: TERRELL COUNTY AIRPORT
MONTH: SEPTEMBER
YEAR: 2021
LATITUDE: 30 2 N
LONGITUDE: 102 13 W
[TEMPERATURE DATA] [PRECIPITATION DATA] SYMBOLS USED IN COLUMN 16
AVERAGE MONTHLY: 81.3 TOTAL FOR MONTH: 0.89 1 = FOG OR MIST
DPTR FM NORMAL: 3.4 DPTR FM NORMAL: -0.16 2 = FOG REDUCING VISIBILITY
HIGHEST: 104 ON 20 GRTST 24HR 0.89 ON 30-30 TO 1/4 MILE OR LESS
LOWEST: 57 ON 23 3 = THUNDER
SNOW, ICE PELLETS, HAIL 4 = ICE PELLETS
TOTAL MONTH: M 5 = HAIL
GRTST 24HR M ON M 6 = FREEZING RAIN OR DRIZZLE
GRTST DEPTH: M ON M 7 = DUSTSTORM OR SANDSTORM:
VSBY 1/2 MILE OR LESS
8 = SMOKE OR HAZE
[NO. OF DAYS WITH] [WEATHER - DAYS WITH] 9 = BLOWING SNOW
X = TORNADO
MAX 32 OR BELOW: 0 0.01 INCH OR MORE: 1
MAX 90 OR ABOVE: 26 0.10 INCH OR MORE: 1
MIN 32 OR BELOW: 0 0.50 INCH OR MORE: 1
MIN 0 OR BELOW: 0 1.00 INCH OR MORE: 0
[HDD (BASE 65) ]
TOTAL THIS MO. 0 CLEAR (SCALE 0-3) 30
DPTR FM NORMAL -2 PTCLDY (SCALE 4-7) 0
TOTAL FM JUL 1 0 CLOUDY (SCALE 8-10) 0
DPTR FM NORMAL 0
[CDD (BASE 65) ]
TOTAL THIS MO. 494
DPTR FM NORMAL 105 [PRESSURE DATA]
TOTAL FM JAN 1 2649 HIGHEST SLP 30.37 ON 22
DPTR FM NORMAL -90 LOWEST SLP 29.66 ON 1
[REMARKS]
#FINAL-09-21#