000
CXUS54 KMAF 011110
CF66R6
PRELIMINARY LOCAL CLIMATOLOGICAL DATA (WS FORM: F-6)
STATION: TERRELL COUNTY AIRPORT
MONTH: SEPTEMBER
YEAR: 2020
LATITUDE: 30 2 N
LONGITUDE: 102 13 W
TEMPERATURE IN F: :PCPN: SNOW: WIND :SUNSHINE: SKY :PK WND
================================================================================
1 2 3 4 5 6A 6B 7 8 9 10 11 12 13 14 15 16 17 18
12Z AVG MX 2MIN
DY MAX MIN AVG DEP HDD CDD WTR SNW DPTH SPD SPD DIR MIN PSBL S-S WX SPD DR
================================================================================
1 M M M M M M M M M M M M M M M M M
2 101 83 92 12 0 27 0.00 M M M 13 10 M M M 19 10
3 102 71 87 7 0 22 M M M 8.1 22 100 M M 0 36 110
4 98 68 83 3 0 18 0.00 M M 8.5 24 130 M M 0 31 130
5 89 70 80 0 0 15 0.26 M M 9.3 17 140 M M 0 25 140
6 92 67 80 0 0 15 0.00 M M 8.1 18 110 M M 0 26 120
7 95 67 81 2 0 16 0.00 M M 8.5 23 110 M M 0 30 90
8 94 72 83 4 0 18 0.00 M M 13.1 25 120 M M 0 34 110
9 72 55 64 -15 1 0 0.00 M M 18.0 29 340 M M 0 41 330
10 57 53 55 -24 10 0 0.11 M M 10.1 15 350 M M 0 22 360
11 74 56 65 -13 0 0 0.00 M M 5.3 12 350 M M 0 15 360
12 88 63 76 -2 0 11 0.00 M M 4.5 13 80 M M 0 16 80
13 82 72 77 -1 0 12 0.00 M M 6.6 23 80 M M 0 27 80
14 85 69 77 -1 0 12 0.04 M M 7.7 14 340 M M 0 17 60
15 87 68 78 1 0 13 0.00 M M 5.9 15 30 M M 0 19 30
16 90 63 77 0 0 12 0.00 M M 5.7 13 50 M M 0 17 110
17 90 67 79 2 0 14 0.00 0.0 0 9.1 21 40 M M 0 27 30
18 89 67 78 2 0 13 0.00 M M 8.0 15 40 M M 0 19 50
19 86 65 76 0 0 11 0.00 0.0 0 7.4 15 80 M M 0 18 80
20 85 60 73 -3 0 8 0.00 0.0 0 6.6 13 100 M M 0 16 110
21 86 59 73 -3 0 8 0.00 M M 7.1 18 70 M M 0 24 80
22 91 63 77 2 0 12 0.00 M M 6.9 15 20 M M 0 19 350
23 93 61 77 2 0 12 0.00 M M 5.8 15 100 M M 0 20 100
24 84 64 74 -1 0 9 0.00 M M 6.4 14 110 M M 0 17 90
25 92 58 75 0 0 10 0.00 M M 6.3 16 110 M M 0 19 100
26 92 63 78 4 0 13 0.00 M M 7.5 15 110 M M 0 20 110
27 105 64 85 11 0 20 0.00 M M 6.8 17 340 M M 0 23 20
28 80 60 70 -4 0 5 0.00 M M 15.1 35 20 M M 0 47 10
29 81 54 68 -6 0 3 0.00 M M 6.4 12 120 M M 0 16 110
30 89 51 70 -3 0 5 0.00 M M 7.5 13 110 M M 0 17 250
================================================================================
SM 2549 1853 11 334 0.41 0.0 226.2 M 0
================================================================================
AV 87.9 63.9 8.1 FASTST M M 0 MAX(MPH)
MISC ----> 35 20 47 10
================================================================================
NOTES:
# LAST OF SEVERAL OCCURRENCES
COLUMN 17 PEAK WIND IN M.P.H.
PRELIMINARY LOCAL CLIMATOLOGICAL DATA (WS FORM: F-6) , PAGE 2
STATION: TERRELL COUNTY AIRPORT
MONTH: SEPTEMBER
YEAR: 2020
LATITUDE: 30 2 N
LONGITUDE: 102 13 W
[TEMPERATURE DATA] [PRECIPITATION DATA] SYMBOLS USED IN COLUMN 16
AVERAGE MONTHLY: 75.9 TOTAL FOR MONTH: 0.41 1 = FOG OR MIST
DPTR FM NORMAL: -1.2 DPTR FM NORMAL: -1.80 2 = FOG REDUCING VISIBILITY
HIGHEST: 105 ON 27 GRTST 24HR 0.26 ON 5- 5 TO 1/4 MILE OR LESS
LOWEST: 51 ON 30 3 = THUNDER
SNOW, ICE PELLETS, HAIL 4 = ICE PELLETS
TOTAL MONTH: 0.0 INCH 5 = HAIL
GRTST 24HR 0.0 6 = FREEZING RAIN OR DRIZZLE
GRTST DEPTH: 0 7 = DUSTSTORM OR SANDSTORM:
VSBY 1/2 MILE OR LESS
8 = SMOKE OR HAZE
[NO. OF DAYS WITH] [WEATHER - DAYS WITH] 9 = BLOWING SNOW
X = TORNADO
MAX 32 OR BELOW: 0 0.01 INCH OR MORE: 3
MAX 90 OR ABOVE: 13 0.10 INCH OR MORE: 2
MIN 32 OR BELOW: 0 0.50 INCH OR MORE: 0
MIN 0 OR BELOW: 0 1.00 INCH OR MORE: 0
[HDD (BASE 65) ]
TOTAL THIS MO. 11 CLEAR (SCALE 0-3) 28
DPTR FM NORMAL 10 PTCLDY (SCALE 4-7) 0
TOTAL FM JUL 1 11 CLOUDY (SCALE 8-10) 2
DPTR FM NORMAL 11
[CDD (BASE 65) ]
TOTAL THIS MO. 334
DPTR FM NORMAL -30 [PRESSURE DATA]
TOTAL FM JAN 1 2904 HIGHEST SLP 30.29 ON 29
DPTR FM NORMAL 353 LOWEST SLP 29.60 ON 27
[REMARKS]
#FINAL-09-20#