722
CXUS54 KMAF 011510
CF66R6
PRELIMINARY LOCAL CLIMATOLOGICAL DATA (WS FORM: F-6)
STATION: TERRELL COUNTY AIRPORT
MONTH: AUGUST
YEAR: 2020
LATITUDE: 30 2 N
LONGITUDE: 102 13 W
TEMPERATURE IN F: :PCPN: SNOW: WIND :SUNSHINE: SKY :PK WND
================================================================================
1 2 3 4 5 6A 6B 7 8 9 10 11 12 13 14 15 16 17 18
12Z AVG MX 2MIN
DY MAX MIN AVG DEP HDD CDD WTR SNW DPTH SPD SPD DIR MIN PSBL S-S WX SPD DR
================================================================================
1 M M M M M M M M M M M M M M M M M
2 M M M M M M M M M M M M M M M M M
3 99 71 85 2 0 20 0.00 M M 7.0 18 110 M M 0 25 120
4 104 69 87 4 0 22 M M M 10.4 17 110 M M 0 27 120
5 104 69 87 4 0 22 0.00 M M 12.1 23 120 M M 0 30 100
6 101 72 87 4 0 22 0.00 M M 12.4 24 110 M M 0 32 120
7 99 74 87 4 0 22 0.00 M M 12.2 24 110 M M 0 31 110
8 98 74 86 3 0 21 0.00 M M 12.8 24 110 M M 0 32 110
9 99 74 87 4 0 22 0.00 M M 12.6 24 120 M M 0 34 120
10 102 75 89 6 0 24 M M M 12.2 15 110 M M 0 26 130
11 102 75 89 6 0 24 0.00 M M 13.8 21 100 M M 0 29 100
12 103 72 88 5 0 23 0.00 M M 10.5 22 120 M M 0 28 110
13 103 72 88 5 0 23 0.00 M M 9.6 22 110 M M 0 29 100
14 106 72 89 6 0 24 0.00 M M 7.5 16 110 M M 0 21 120
15 107 77 92 9 0 27 0.00 M M 8.9 26 100 M M 0 32 100
16 102 75 89 6 0 24 0.00 M M 9.0 21 130 M M 0 27 120
17 98 74 86 3 0 21 0.00 M M 8.5 29 100 M M 0 37 100
18 100 69 85 3 0 20 0.01 M M 5.0 28 40 M M 0 41 50
19 99 66 83 1 0 18 0.00 M M 5.3 17 110 M M 0 22 110
20 102 72 87 5 0 22 0.00 M M 7.4 23 110 M M 0 30 100
21 103 70 87 5 0 22 0.00 M M 9.1 21 100 M M 0 27 100
22 99 75 87 5 0 22 0.00 M M 10.6 23 110 M M 0 32 100
23 98 70 84 2 0 19 0.00 M M 9.2 20 90 M M 0 27 90
24 95 70 83 1 0 18 0.00 M M 10.5 24 90 M M 0 31 110
25 97 71 84 2 0 19 0.00 M M 7.3 16 110 M M 0 21 130
26 99 74 87 5 0 22 0.00 M M 6.5 18 90 M M 0 21 90
27 102 75 89 7 0 24 0.00 M M 6.4 15 90 M M 0 22 80
28 105 75 90 9 0 25 0.00 M M 7.6 18 110 M M 0 23 110
29 103 77 90 9 0 25 0.00 M M 10.3 17 90 M M 0 27 90
30 86 86 86 5 0 21 M M M 8.1 8 100 M M 0 M M
31 M M M M M M M M M M M M M M M M M
================================================================================
SM 2815 2045 0 618 0.01 M 262.8 M 0
================================================================================
AV100.5 73.0 9.4 FASTST M M 0 MAX(MPH)
MISC ----> 29 100 41 50
================================================================================
NOTES:
# LAST OF SEVERAL OCCURRENCES
COLUMN 17 PEAK WIND IN M.P.H.
PRELIMINARY LOCAL CLIMATOLOGICAL DATA (WS FORM: F-6) , PAGE 2
STATION: TERRELL COUNTY AIRPORT
MONTH: AUGUST
YEAR: 2020
LATITUDE: 30 2 N
LONGITUDE: 102 13 W
[TEMPERATURE DATA] [PRECIPITATION DATA] SYMBOLS USED IN COLUMN 16
AVERAGE MONTHLY: 86.8 TOTAL FOR MONTH: 0.01 1 = FOG OR MIST
DPTR FM NORMAL: 4.5 DPTR FM NORMAL: -1.80 2 = FOG REDUCING VISIBILITY
HIGHEST: 107 ON 15 GRTST 24HR 0.01 ON 18-18 TO 1/4 MILE OR LESS
LOWEST: 66 ON 19 3 = THUNDER
SNOW, ICE PELLETS, HAIL 4 = ICE PELLETS
TOTAL MONTH: M 5 = HAIL
GRTST 24HR M ON M 6 = FREEZING RAIN OR DRIZZLE
GRTST DEPTH: M ON M 7 = DUSTSTORM OR SANDSTORM:
VSBY 1/2 MILE OR LESS
8 = SMOKE OR HAZE
[NO. OF DAYS WITH] [WEATHER - DAYS WITH] 9 = BLOWING SNOW
X = TORNADO
MAX 32 OR BELOW: 0 0.01 INCH OR MORE: 1
MAX 90 OR ABOVE: 27 0.10 INCH OR MORE: 0
MIN 32 OR BELOW: 0 0.50 INCH OR MORE: 0
MIN 0 OR BELOW: 0 1.00 INCH OR MORE: 0
[HDD (BASE 65) ]
TOTAL THIS MO. 0 CLEAR (SCALE 0-3) 28
DPTR FM NORMAL 0 PTCLDY (SCALE 4-7) 0
TOTAL FM JUL 1 0 CLOUDY (SCALE 8-10) 3
DPTR FM NORMAL 0
[CDD (BASE 65) ]
TOTAL THIS MO. 618
DPTR FM NORMAL 80 [PRESSURE DATA]
TOTAL FM JAN 1 2570 HIGHEST SLP M ON M
DPTR FM NORMAL 383 LOWEST SLP 27.55 ON 14
[REMARKS]
#FINAL-08-20#