000
CXUS54 KMAF 011110
CF66R6
PRELIMINARY LOCAL CLIMATOLOGICAL DATA (WS FORM: F-6)
STATION: TERRELL COUNTY AIRPORT
MONTH: JULY
YEAR: 2020
LATITUDE: 30 2 N
LONGITUDE: 102 13 W
TEMPERATURE IN F: :PCPN: SNOW: WIND :SUNSHINE: SKY :PK WND
================================================================================
1 2 3 4 5 6A 6B 7 8 9 10 11 12 13 14 15 16 17 18
12Z AVG MX 2MIN
DY MAX MIN AVG DEP HDD CDD WTR SNW DPTH SPD SPD DIR MIN PSBL S-S WX SPD DR
================================================================================
1 97 73 85 2 0 20 M M M 4.6 9 200 M M 0 20 200
2 90 79 85 2 0 20 M M M 7.5 15 130 M M 0 21 130
3 97 73 85 2 0 20 M M M 10.2 15 120 M M 0 23 100
4 96 72 84 1 0 19 M M M 6.0 7 10 M M 0 M M
5 100 72 86 3 0 21 0.00 M M 8.4 25 340 M M 0 33 340
6 100 78 89 6 0 24 0.00 M M 9.6 20 30 M M 0 24 40
7 100 77 89 6 0 24 M M M 10.0 16 90 M M 0 18 130
8 101 74 88 5 0 23 0.00 M M 9.6 20 80 M M 0 24 50
9 102 78 90 7 0 25 0.00 0.0 0 9.8 23 120 M M 0 31 120
10 103 77 90 7 0 25 0.00 0.0 0 10.6 21 120 M M 0 26 100
11 105 77 91 8 0 26 0.00 0.0 0 9.2 20 110 M M 0 28 110
12 104 70 87 4 0 22 0.00 0.0 0 8.4 18 100 M M 0 24 100
13 109 72 91 8 0 26 0.00 M M 6.9 18 140 M M 0 25 140
14 110 75 93 10 0 28 0.00 M M 10.2 23 140 M M 0 30 140
15 104 73 89 6 0 24 0.00 M M 11.2 24 120 M M 0 37 90
16 98 75 87 4 0 22 0.00 M M 13.3 23 110 M M 0 31 130
17 101 77 89 6 0 24 0.00 M M 11.9 24 100 M M 0 31 100
18 97 73 85 2 0 20 0.00 M M 12.2 26 120 M M 0 33 120
19 96 71 84 1 0 19 0.00 M M 13.1 23 100 M M 0 31 100
20 98 73 86 3 0 21 0.00 0.0 0 9.1 21 120 M M 0 27 90
21 100 72 86 3 0 21 0.00 0.0 0 9.2 21 90 M M 0 27 90
22 100 76 88 5 0 23 0.00 0.0 0 10.2 28 150 M M 0 35 140
23 100 77 89 6 0 24 0.00 M M 12.2 21 110 M M 0 29 130
24 100 78 89 6 0 24 0.00 0.0 0 10.0 20 130 M M 0 25 120
25 101 79 90 7 0 25 0.00 M M 11.5 24 110 M M 0 30 100
26 92 73 83 0 0 18 0.00 M M 10.7 22 130 M M 0 29 110
27 95 72 84 1 0 19 0.00 M M 9.0 17 100 M M 0 25 160
28 93 71 82 -1 0 17 M M M 6.9 13 120 M M 0 23 120
29 M M M M M M M M M M M M M M M M M
30 M M M M M M M M M M M M M M M M M
31 M M M M M M M M M M M M M M M M M
================================================================================
SM 2789 2087 0 624 0.00 0.0 271.5 M 0
================================================================================
AV 99.6 74.5 9.7 FASTST M M 0 MAX(MPH)
MISC ----> 28 150 37 90
================================================================================
NOTES:
# LAST OF SEVERAL OCCURRENCES
COLUMN 17 PEAK WIND IN M.P.H.
PRELIMINARY LOCAL CLIMATOLOGICAL DATA (WS FORM: F-6) , PAGE 2
STATION: TERRELL COUNTY AIRPORT
MONTH: JULY
YEAR: 2020
LATITUDE: 30 2 N
LONGITUDE: 102 13 W
[TEMPERATURE DATA] [PRECIPITATION DATA] SYMBOLS USED IN COLUMN 16
AVERAGE MONTHLY: 87.1 TOTAL FOR MONTH: 0.00 1 = FOG OR MIST
DPTR FM NORMAL: 4.2 DPTR FM NORMAL: -1.74 2 = FOG REDUCING VISIBILITY
HIGHEST: 110 ON 14 GRTST 24HR 0.00 ON 5- 5 TO 1/4 MILE OR LESS
LOWEST: 70 ON 12 3 = THUNDER
SNOW, ICE PELLETS, HAIL 4 = ICE PELLETS
TOTAL MONTH: 0.0 INCH 5 = HAIL
GRTST 24HR 0.0 6 = FREEZING RAIN OR DRIZZLE
GRTST DEPTH: 0 7 = DUSTSTORM OR SANDSTORM:
VSBY 1/2 MILE OR LESS
8 = SMOKE OR HAZE
[NO. OF DAYS WITH] [WEATHER - DAYS WITH] 9 = BLOWING SNOW
X = TORNADO
MAX 32 OR BELOW: 0 0.01 INCH OR MORE: 0
MAX 90 OR ABOVE: 28 0.10 INCH OR MORE: 0
MIN 32 OR BELOW: 0 0.50 INCH OR MORE: 0
MIN 0 OR BELOW: 0 1.00 INCH OR MORE: 0
[HDD (BASE 65) ]
TOTAL THIS MO. 0 CLEAR (SCALE 0-3) 28
DPTR FM NORMAL 0 PTCLDY (SCALE 4-7) 0
TOTAL FM JUL 1 0 CLOUDY (SCALE 8-10) 3
DPTR FM NORMAL 0
[CDD (BASE 65) ]
TOTAL THIS MO. 624
DPTR FM NORMAL 68 [PRESSURE DATA]
TOTAL FM JAN 1 1952 HIGHEST SLP M ON M
DPTR FM NORMAL 303 LOWEST SLP 29.69 ON 5
[REMARKS]
#FINAL-07-20#