000
CXUS56 KMFR 010930
CF6AAT
PRELIMINARY LOCAL CLIMATOLOGICAL DATA (WS FORM: F-6)
STATION: ALTURAS CA
MONTH: APRIL
YEAR: 2022
LATITUDE: 41 29 N
LONGITUDE: 120 34 W
TEMPERATURE IN F: :PCPN: SNOW: WIND :SUNSHINE: SKY :PK WND
================================================================================
1 2 3 4 5 6A 6B 7 8 9 10 11 12 13 14 15 16 17 18
12Z AVG MX 2MIN
DY MAX MIN AVG DEP HDD CDD WTR SNW DPTH SPD SPD DIR MIN PSBL S-S WX SPD DR
================================================================================
1 64 17 41 -1 24 0 0.00 M M 3.4 14 330 M M 0 8 18 320
2 61 23 42 0 23 0 0.00 M M 3.4 15 330 M M 1 21 320
3 63 15 39 -3 26 0 0.00 M M 6.5 22 250 M M 1 30 270
4 56 32 44 2 21 0 0.01 M M 13.0 32 250 M M 9 44 250
5 53 22 38 -4 27 0 0.00 M M 4.1 9 360 M M 1 21 20
6 69 14 42 0 23 0 0.00 M M 1.9 10 100 M M 0 14 140
7 79 24 52 10 13 0 0.00 M M 3.6 14 160 M M 0 24 150
8 73 29 51 9 14 0 0.00 M M 8.1 26 320 M M 0 36 320
9 53 20 37 -6 28 0 0.00 M M 9.4 24 310 M M 0 8 33 300
10 51 12 32 -11 33 0 0.00 M M 4.7 20 330 M M 3 26 330
11 39 23 31 -12 34 0 0.05 M M 17.4 35 310 M M 7 18 49 300
12 40 19 30 -13 35 0 0.01 M M 9.0 30 260 M M 8 8 42 260
13 44 19 32 -11 33 0 0.08 M M 11.3 26 240 M M 8 1 38 240
14 47 30 39 -5 26 0 0.09 M M 8.5 22 270 M M 9 1 29 270
15 52 29 41 -3 24 0 0.09 M M 6.1 24 230 M M 8 18 33 190
16 49 31 40 -4 25 0 0.10 M M 12.0 31 260 M M 6 1 45 250
17 62 22 42 -2 23 0 0.00 M M 4.3 21 240 M M 1 18 26 250
18 63 24 44 0 21 0 T M M 12.8 32 250 M M 3 43 210
19 49 32 41 -4 24 0 0.24 M M 9.4 24 230 M M 9 1 34 250
20 55 32 44 -1 21 0 T M M 14.7 29 220 M M 6 39 230
21 48 32 40 -5 25 0 0.22 M M 7.5 31 250 M M 7 1 42 250
22 52 32 42 -4 23 0 0.19 M M 5.1 17 250 M M 8 1 25 280
23 56 27 42 -4 23 0 0.00 M M 2.3 9 320 M M 4 12 14 360
24 67 23 45 -1 20 0 0.00 M M 2.7 13 200 M M 0 19 190
25 66 29 48 2 17 0 0.01 M M 6.8 21 260 M M 3 31 270
26 60 33 47 0 18 0 0.09 M M 6.9 20 280 M M 4 1 27 320
27 61 24 43 -4 22 0 0.00 M M 4.7 16 290 M M 1 24 290
28 51 29 40 -7 25 0 0.12 M M 7.5 24 300 M M 7 1 33 300
29 62 22 42 -6 23 0 0.00 M M 2.6 10 230 M M 1 1 19 290
30 63 38 51 3 14 0 0.01 M M 10.4 29 250 M M 6 36 250
================================================================================
SM 1708 758 708 0 1.31 M 220.1 M 121
================================================================================
AV 56.9 25.3 7.3 FASTST M M 4 MAX(MPH)
MISC ----> 35 310 49 300
================================================================================
NOTES:
# LAST OF SEVERAL OCCURRENCES
COLUMN 17 PEAK WIND IN M.P.H.
PRELIMINARY LOCAL CLIMATOLOGICAL DATA (WS FORM: F-6) , PAGE 2
STATION: ALTURAS CA
MONTH: APRIL
YEAR: 2022
LATITUDE: 41 29 N
LONGITUDE: 120 34 W
[TEMPERATURE DATA] [PRECIPITATION DATA] SYMBOLS USED IN COLUMN 16
AVERAGE MONTHLY: 41.1 TOTAL FOR MONTH: 1.31 1 = FOG OR MIST
DPTR FM NORMAL: -3.2 DPTR FM NORMAL: -0.16 2 = FOG REDUCING VISIBILITY
HIGHEST: 79 ON 7 GRTST 24HR 0.36 ON 21-22 TO 1/4 MILE OR LESS
LOWEST: 12 ON 10 3 = THUNDER
SNOW, ICE PELLETS, HAIL 4 = ICE PELLETS
TOTAL MONTH: M 5 = HAIL
GRTST 24HR M ON M 6 = FREEZING RAIN OR DRIZZLE
GRTST DEPTH: M ON M 7 = DUSTSTORM OR SANDSTORM:
VSBY 1/2 MILE OR LESS
8 = SMOKE OR HAZE
[NO. OF DAYS WITH] [WEATHER - DAYS WITH] 9 = BLOWING SNOW
X = TORNADO
MAX 32 OR BELOW: 0 0.01 INCH OR MORE: 14
MAX 90 OR ABOVE: 0 0.10 INCH OR MORE: 5
MIN 32 OR BELOW: 28 0.50 INCH OR MORE: 0
MIN 0 OR BELOW: 0 1.00 INCH OR MORE: 0
[HDD (BASE 65) ]
TOTAL THIS MO. 708 CLEAR (SCALE 0-3) 13
DPTR FM NORMAL 86 PTCLDY (SCALE 4-7) 12
TOTAL FM JUL 1 6015 CLOUDY (SCALE 8-10) 5
DPTR FM NORMAL 15
[CDD (BASE 65) ]
TOTAL THIS MO. 0
DPTR FM NORMAL 0 [PRESSURE DATA]
TOTAL FM JAN 1 0 HIGHEST SLP M ON M
DPTR FM NORMAL 0 LOWEST SLP 29.45 ON 11
[REMARKS]
#FINAL-04-22#