000
CXUS56 KMFR 011000
CF6AAT
PRELIMINARY LOCAL CLIMATOLOGICAL DATA (WS FORM: F-6)
STATION: ALTURAS CA
MONTH: JUNE
YEAR: 2020
LATITUDE: 41 29 N
LONGITUDE: 120 34 W
TEMPERATURE IN F: :PCPN: SNOW: WIND :SUNSHINE: SKY :PK WND
================================================================================
1 2 3 4 5 6A 6B 7 8 9 10 11 12 13 14 15 16 17 18
12Z AVG MX 2MIN
DY MAX MIN AVG DEP HDD CDD WTR SNW DPTH SPD SPD DIR MIN PSBL S-S WX SPD DR
================================================================================
1 71 45 58 2 7 0 0.00 M M 4.2 13 300 M M 6 16 320
2 85 40 63 7 2 0 0.00 M M 4.7 17 290 M M 1 24 270
3 86 41 64 8 1 0 0.00 M M 6.8 22 250 M M 0 31 270
4 86 48 67 11 0 2 0.00 M M 6.0 20 280 M M 0 25 260
5 85 43 64 8 1 0 T M M 10.8 30 270 M M 0 38 280
6 63 38 51 -6 14 0 0.11 M M 11.5 29 310 M M 7 8 35 250
7 47 32 40 -17 25 0 0.33 M M 5.4 26 320 M M 9 1238 34 350
8 64 34 49 -8 16 0 0.00 M M 2.6 14 330 M M 6 18 320
9 79 35 57 -1 8 0 0.00 M M 3.4 20 270 M M 2 23 270
10 82 38 60 2 5 0 0.00 M M 4.6 28 220 M M 1 36 220
11 85 42 64 6 1 0 0.00 M M 8.0 26 210 M M 0 34 190
12 75 47 61 3 4 0 T M M 11.6 28 180 M M 3 35 180
13 57 39 48 -11 17 0 0.02 M M 10.3 23 310 M M 8 1 29 310
14 71 38 55 -4 10 0 T M M 7.0 20 270 M M 4 24 270
15 62 47 55 -4 10 0 0.02 M M 8.1 21 230 M M 6 1 28 220
16 62 34 48 -11 17 0 0.00 M M 9.0 28 310 M M 7 35 340
17 72 28 50 -10 15 0 0.00 M M 4.9 13 10 M M 1 19 60
18 80 34 57 -3 8 0 0.00 M M 4.8 16 30 M M 0 21 20
19 85 37 61 1 4 0 0.00 M M 3.5 15 70 M M 0 24 30
20 87 47 67 7 0 2 0.00 M M 7.4 21 250 M M 0 29 250
21 87 46 67 6 0 2 0.00 M M 5.3 20 330 M M 0 22 330
22 93 47 70 9 0 5 0.00 M M 3.3 14 10 M M 0 17 10
23 97 47 72 11 0 7 T M M 4.6 26 200 M M 0 3 34 210
24 92 52 72 10 0 7 0.00 M M 5.3 22 150 M M 1 31 320
25 93 48 71 9 0 6 0.00 M M 3.0 14 20 M M 0 18 10
26 96 48 72 10 0 7 0.00 M M 5.0 17 310 M M 0 26 360
27 89 51 70 7 0 5 0.00 M M 8.8 28 320 M M 1 36 320
28 67 46 57 -6 8 0 0.00 M M 12.2 28 300 M M 6 40 320
29 74 38 56 -7 9 0 0.00 M M 6.3 23 310 M M 4 27 320
30 79 40 60 -3 5 0 0.00 M M 6.2 22 310 M M 0 27 320
================================================================================
SM 2351 1250 187 43 0.48 M 194.6 M 73
================================================================================
AV 78.4 41.7 6.5 FASTST M M 2 MAX(MPH)
MISC ----> # 30 270 # 40 320
================================================================================
NOTES:
# LAST OF SEVERAL OCCURRENCES
COLUMN 17 PEAK WIND IN M.P.H.
PRELIMINARY LOCAL CLIMATOLOGICAL DATA (WS FORM: F-6) , PAGE 2
STATION: ALTURAS CA
MONTH: JUNE
YEAR: 2020
LATITUDE: 41 29 N
LONGITUDE: 120 34 W
[TEMPERATURE DATA] [PRECIPITATION DATA] SYMBOLS USED IN COLUMN 16
AVERAGE MONTHLY: 60.0 TOTAL FOR MONTH: 0.48 1 = FOG OR MIST
DPTR FM NORMAL: 0.6 DPTR FM NORMAL: -0.42 2 = FOG REDUCING VISIBILITY
HIGHEST: 97 ON 23 GRTST 24HR 0.33 ON 7- 7 TO 1/4 MILE OR LESS
LOWEST: 28 ON 17 3 = THUNDER
SNOW, ICE PELLETS, HAIL 4 = ICE PELLETS
TOTAL MONTH: M 5 = HAIL
GRTST 24HR M ON M 6 = FREEZING RAIN OR DRIZZLE
GRTST DEPTH: M ON M 7 = DUSTSTORM OR SANDSTORM:
VSBY 1/2 MILE OR LESS
8 = SMOKE OR HAZE
[NO. OF DAYS WITH] [WEATHER - DAYS WITH] 9 = BLOWING SNOW
X = TORNADO
MAX 32 OR BELOW: 0 0.01 INCH OR MORE: 4
MAX 90 OR ABOVE: 5 0.10 INCH OR MORE: 2
MIN 32 OR BELOW: 2 0.50 INCH OR MORE: 0
MIN 0 OR BELOW: 0 1.00 INCH OR MORE: 0
[HDD (BASE 65) ]
TOTAL THIS MO. 187 CLEAR (SCALE 0-3) 20
DPTR FM NORMAL 7 PTCLDY (SCALE 4-7) 9
TOTAL FM JUL 1 6577 CLOUDY (SCALE 8-10) 1
DPTR FM NORMAL -360
[CDD (BASE 65) ]
TOTAL THIS MO. 43
DPTR FM NORMAL 32 [PRESSURE DATA]
TOTAL FM JAN 1 55 HIGHEST SLP M ON M
DPTR FM NORMAL 44 LOWEST SLP 29.60 ON 5
[REMARKS]
#FINAL-06-20#