000
CXUS54 KSJT 011000
CF6ABI
PRELIMINARY LOCAL CLIMATOLOGICAL DATA (WS FORM: F-6)
STATION: ABILENE
MONTH: JULY
YEAR: 2021
LATITUDE: 32 25 N
LONGITUDE: 99 41 W
TEMPERATURE IN F: :PCPN: SNOW: WIND :SUNSHINE: SKY :PK WND
================================================================================
1 2 3 4 5 6A 6B 7 8 9 10 11 12 13 14 15 16 17 18
12Z AVG MX 2MIN
DY MAX MIN AVG DEP HDD CDD WTR SNW DPTH SPD SPD DIR MIN PSBL S-S WX SPD DR
================================================================================
1 94 73 84 1 0 19 0.00 0.0 0 6.0 12 90 M M 1 15 240
2 89 75 82 -1 0 17 0.00 0.0 0 6.9 14 340 M M 3 18 60
3 84 69 77 -6 0 12 0.50 0.0 0 4.9 17 260 M M 6 13 22 260
4 89 73 81 -3 0 16 0.00 0.0 0 6.7 22 120 M M 7 3 27 120
5 82 70 76 -8 0 11 0.36 0.0 0 6.6 17 350 M M 5 13 24 340
6 87 71 79 -5 0 14 0.01 0.0 0 7.1 17 120 M M 6 1 23 90
7 90 68 79 -5 0 14 0.00 0.0 0 4.3 12 140 M M 1 18 18 100
8 91 70 81 -3 0 16 0.00 0.0 0 6.3 14 110 M M 1 17 120
9 89 71 80 -4 0 15 T 0.0 0 9.2 20 100 M M 4 24 100
10 92 72 82 -2 0 17 0.00 0.0 0 10.0 20 190 M M 5 25 230
11 87 68 78 -6 0 13 0.02 0.0 0 6.8 30 190 M M 2 38 220
12 91 66 79 -5 0 14 T 0.0 0 5.0 23 160 M M 1 3 35 160
13 91 69 80 -4 0 15 0.00 0.0 0 10.4 20 210 M M 0 1 25 210
14 91 70 81 -4 0 16 0.00 0.0 0 13.0 22 180 M M 2 30 190
15 93 72 83 -2 0 18 0.00 0.0 0 13.4 22 190 M M 1 30 200
16 93 74 84 -1 0 19 0.00 0.0 0 9.9 18 170 M M 1 26 170
17 93 75 84 -1 0 19 0.00 0.0 0 10.8 18 140 M M 1 23 140
18 94 74 84 -1 0 19 0.00 0.0 0 8.4 20 130 M M 1 25 120
19 91 72 82 -3 0 17 T 0.0 0 8.4 18 360 M M 4 3 23 360
20 90 69 80 -5 0 15 0.00 0.0 0 6.3 16 10 M M 1 1 26 360
21 91 67 79 -6 0 14 0.00 0.0 0 4.9 15 80 M M 1 18 18 90
22 92 67 80 -6 0 15 0.00 0.0 0 9.4 20 170 M M 1 18 29 170
23 97 72 85 -1 0 20 0.00 0.0 0 13.7 21 170 M M 3 8 30 170
24 99 72 86 0 0 21 0.00 0.0 0 10.6 20 200 M M 0 27 200
25 101 77 89 3 0 24 0.00 0.0 0 9.1 17 210 M M 0 8 23 240
26 100 76 88 2 0 23 0.00 0.0 0 6.6 18 110 M M 0 27 70
27 101 76 89 3 0 24 0.00 0.0 0 7.7 17 110 M M 0 3 21 110
28 98 78 88 2 0 23 T 0.0 0 6.0 21 360 M M 2 3 24 360
29 97 73 85 -1 0 20 0.00 0.0 0 5.9 14 90 M M 1 8 19 140
30 98 73 86 0 0 21 0.00 0.0 0 7.2 16 130 M M 1 20 130
31 99 74 87 1 0 22 0.00 M M 7.7 16 210 M M 1 21 200
================================================================================
SM 2874 2226 0 543 0.89 0.0 249.2 M 63
================================================================================
AV 92.7 71.8 8.0 FASTST M M 2 MAX(MPH)
MISC ----> 30 190 38 220
================================================================================
NOTES:
# LAST OF SEVERAL OCCURRENCES
COLUMN 17 PEAK WIND IN M.P.H.
PRELIMINARY LOCAL CLIMATOLOGICAL DATA (WS FORM: F-6) , PAGE 2
STATION: ABILENE
MONTH: JULY
YEAR: 2021
LATITUDE: 32 25 N
LONGITUDE: 99 41 W
[TEMPERATURE DATA] [PRECIPITATION DATA] SYMBOLS USED IN COLUMN 16
AVERAGE MONTHLY: 82.3 TOTAL FOR MONTH: 0.89 1 = FOG OR MIST
DPTR FM NORMAL: -2.4 DPTR FM NORMAL: -1.03 2 = FOG REDUCING VISIBILITY
HIGHEST: 101 ON 27,25 GRTST 24HR 0.50 ON 3- 3 TO 1/4 MILE OR LESS
LOWEST: 66 ON 12 3 = THUNDER
SNOW, ICE PELLETS, HAIL 4 = ICE PELLETS
TOTAL MONTH: 0.0 INCH 5 = HAIL
GRTST 24HR 0.0 6 = FREEZING RAIN OR DRIZZLE
GRTST DEPTH: 0 7 = DUSTSTORM OR SANDSTORM:
VSBY 1/2 MILE OR LESS
8 = SMOKE OR HAZE
[NO. OF DAYS WITH] [WEATHER - DAYS WITH] 9 = BLOWING SNOW
X = TORNADO
MAX 32 OR BELOW: 0 0.01 INCH OR MORE: 4
MAX 90 OR ABOVE: 24 0.10 INCH OR MORE: 2
MIN 32 OR BELOW: 0 0.50 INCH OR MORE: 1
MIN 0 OR BELOW: 0 1.00 INCH OR MORE: 0
[HDD (BASE 65) ]
TOTAL THIS MO. 0 CLEAR (SCALE 0-3) 24
DPTR FM NORMAL 0 PTCLDY (SCALE 4-7) 7
TOTAL FM JUL 1 0 CLOUDY (SCALE 8-10) 0
DPTR FM NORMAL 0
[CDD (BASE 65) ]
TOTAL THIS MO. 543
DPTR FM NORMAL -69 [PRESSURE DATA]
TOTAL FM JAN 1 1325 HIGHEST SLP 30.14 ON 13
DPTR FM NORMAL -243 LOWEST SLP 29.81 ON 25
[REMARKS]
#FINAL-07-21#