000
CXUS54 KSJT 011517
CLMABI
CLIMATE REPORT
NATIONAL WEATHER SERVICE SAN ANGELO TX
1017 AM CDT MON MAY 01 2023
...................................
...THE ABILENE CLIMATE SUMMARY FOR THE MONTH OF APRIL 2023...
CLIMATE NORMAL PERIOD: 1991 TO 2020
CLIMATE RECORD PERIOD: 1886 TO 2023
WEATHER OBSERVED NORMAL DEPART LAST YEAR`S
VALUE DATE(S) VALUE FROM VALUE DATE(S)
NORMAL
................................................................
TEMPERATURE (F)
RECORD
HIGH 104 04/25/2012
LOW 25 04/09/1973
04/05/1886
HIGHEST 95 04/03 MM MM 130 04/25
LOWEST 40 04/01 MM MM 40 04/08
AVG. MAXIMUM 78.8 79.2 -0.4 86.3
AVG. MINIMUM 52.2 52.8 -0.6 56.1
MEAN 65.5 66.0 -0.5 71.2
DAYS MAX >= 90 7 3.3 3.7 9
DAYS MAX <= 32 0 0.0 0.0 0
DAYS MIN <= 32 0 0.5 -0.5 0
DAYS MIN <= 0 0 0.0 0.0 0
PRECIPITATION (INCHES)
RECORD
MAXIMUM 9.80 1890
MINIMUM 0.00 2012
TOTALS 1.38 1.86 -0.48 0.56
DAILY AVG. 0.05 0.06 -0.01 0.02
DAYS >= .01 3 4.7 -1.7 3
DAYS >= .10 2 3.2 -1.2 3
DAYS >= .50 1 1.2 -0.2 0
DAYS >= 1.00 1 0.6 0.4 0
GREATEST
24 HR. TOTAL 1.05 04/23 TO 04/23
SNOWFALL (INCHES)
RECORDS
TOTAL 9.3 1996
TOTALS 0.0 0.3 -0.3 0.0
SINCE 7/1 T 3.7 -3.7 MM
SNOWDEPTH AVG. 0 0
DAYS >= 1.0 0 0.0 0.0 0
GREATEST
SNOW DEPTH 0 0 MM
24 HR TOTAL MM
DEGREE DAYS
HEATING TOTAL 88 92 -4 28
SINCE 7/1 2095 2306 -211 MM
COOLING TOTAL 110 122 -12 220
SINCE 1/1 175 173 2 MM
................................................................
WIND (MPH)
AVERAGE WIND SPEED 11.9
HIGHEST WIND SPEED/DIRECTION 39/340 DATE 04/28
HIGHEST GUST SPEED/DIRECTION 48/340 DATE 04/28
SKY COVER
AVERAGE SKY COVER 0.24
AVERAGE RH (PERCENT) 51
WEATHER CONDITIONS. NUMBER OF DAYS WITH
THUNDERSTORM 6 MIXED PRECIP 0
HEAVY RAIN 1 RAIN 2
LIGHT RAIN 5 FREEZING RAIN 0
LT FREEZING RAIN 0 HAIL 1
HEAVY SNOW 0 SNOW 0
LIGHT SNOW 0 SLEET 0
FOG 2 FOG W/VIS <= 1/4 MILE 0
HAZE 2
- INDICATES NEGATIVE NUMBERS.
R INDICATES RECORD WAS SET OR TIED.
MM INDICATES DATA IS MISSING.
T INDICATES TRACE AMOUNT.
$$