000
CXUS55 KABQ 011135
CF6ABQ
PRELIMINARY LOCAL CLIMATOLOGICAL DATA (WS FORM: F-6)
STATION: ALBUQUERQUE NM
MONTH: JULY
YEAR: 2020
LATITUDE: 35 2 N
LONGITUDE: 106 37 W
TEMPERATURE IN F: :PCPN: SNOW: WIND :SUNSHINE: SKY :PK WND
================================================================================
1 2 3 4 5 6A 6B 7 8 9 10 11 12 13 14 15 16 17 18
12Z AVG MX 2MIN
DY MAX MIN AVG DEP HDD CDD WTR SNW DPTH SPD SPD DIR MIN PSBL S-S WX SPD DR
================================================================================
1 90 62 76 -2 0 11 0.00 0.0 0 4.6 17 130 M M 1 22 130
2 93 62 78 0 0 13 0.00 0.0 0 7.3 17 230 M M 5 22 230
3 95 73 84 6 0 19 0.00 0.0 0 10.2 38 80 M M 5 8 45 90
4 93 70 82 4 0 17 0.00 0.0 0 11.5 26 80 M M 5 33 80
5 97 68 83 5 0 18 0.00 0.0 0 11.2 37 90 M M 3 46 90
6 97 70 84 5 0 19 0.00 0.0 0 10.5 26 110 M M 3 34 100
7 99 69 84 5 0 19 0.00 0.0 0 5.4 21 220 M M 5 27 210
8 98 68 83 4 0 18 0.00 0.0 0 6.9 23 250 M M 3 8 34 240
9 99 70 85 6 0 20 0.00 0.0 0 5.5 20 310 M M 3 8 26 260
10 101 67 84 5 0 19 0.00 0.0 0 7.2 16 20 M M 4 21 300
11 103 70 87 8 0 22 0.00 0.0 0 4.6 14 280 M M 2 22 290
12 101 72 87 8 0 22 T 0.0 0 7.0 29 220 M M 6 34 220
13 98 74 86 7 0 21 T 0.0 0 9.4 44 260 M M 7 78 58 230
14 95 70 83 4 0 18 0.00 0.0 0 9.4 35 190 M M 7 44 190
15 94 72 83 5 0 18 T 0.0 0 9.6 32 150 M M 8 8 39 150
16 95 71 83 5 0 18 0.03 0.0 0 9.8 33 130 M M 7 3 40 120
17 94 69 82 4 0 17 T 0.0 0 7.1 25 250 M M 7 34 250
18 95 67 81 3 0 16 0.03 0.0 0 7.5 25 110 M M 7 3 33 360
19 96 69 83 5 0 18 0.01 0.0 0 9.0 32 170 M M 6 40 180
20 97 64 81 3 0 16 T 0.0 0 9.2 32 360 M M 4 56 90
21 94 69 82 4 0 17 T 0.0 0 10.8 36 110 M M 5 3 44 110
22 87 64 76 -2 0 11 0.04 0.0 0 6.9 29 230 M M 9 3 38 230
23 85 64 75 -3 0 10 0.10 0.0 0 6.5 32 190 M M 8 3 39 190
24 84 64 74 -4 0 9 0.28 0.0 0 6.2 29 110 M M 6 138 35 110
25 81 64 73 -5 0 8 0.12 0.0 0 7.4 30 160 M M 7 13 36 150
26 85 66 76 -2 0 11 0.15 0.0 0 5.6 28 250 M M 5 13 35 250
27 84 66 75 -3 0 10 0.04 0.0 0 5.6 20 130 M M 8 3 23 130
28 87 65 76 -2 0 11 0.07 0.0 0 6.9 20 250 M M 3 3 23 250
29 96 66 81 3 0 16 0.00 0.0 0 5.5 18 290 M M 2 25 290
30 100 68 84 6 0 19 0.00 0.0 0 13.1 36 100 M M 1 42 100
31 94 62 78 0 0 13 0.32 0.0 0 13.6 48 30 M M 4 38 64 30
================================================================================
SM 2907 2095 0 494 1.19 0.0 251.0 M 156
================================================================================
AV 93.8 67.6 8.1 FASTST M M 5 MAX(MPH)
MISC ----> # 48 30 # 64 30
================================================================================
NOTES:
# LAST OF SEVERAL OCCURRENCES
COLUMN 17 PEAK WIND IN M.P.H.
PRELIMINARY LOCAL CLIMATOLOGICAL DATA (WS FORM: F-6) , PAGE 2
STATION: ALBUQUERQUE NM
MONTH: JULY
YEAR: 2020
LATITUDE: 35 2 N
LONGITUDE: 106 37 W
[TEMPERATURE DATA] [PRECIPITATION DATA] SYMBOLS USED IN COLUMN 16
AVERAGE MONTHLY: 80.7 TOTAL FOR MONTH: 1.19 1 = FOG OR MIST
DPTR FM NORMAL: 2.4 DPTR FM NORMAL: -0.31 2 = FOG REDUCING VISIBILITY
HIGHEST: 103 ON 11 GRTST 24HR 0.32 ON 31-31 TO 1/4 MILE OR LESS
LOWEST: 62 ON 31, 2 3 = THUNDER
SNOW, ICE PELLETS, HAIL 4 = ICE PELLETS
TOTAL MONTH: 0.0 INCH 5 = HAIL
GRTST 24HR 0.0 6 = FREEZING RAIN OR DRIZZLE
GRTST DEPTH: 0 7 = DUSTSTORM OR SANDSTORM:
VSBY 1/2 MILE OR LESS
8 = SMOKE OR HAZE
[NO. OF DAYS WITH] [WEATHER - DAYS WITH] 9 = BLOWING SNOW
X = TORNADO
MAX 32 OR BELOW: 0 0.01 INCH OR MORE: 11
MAX 90 OR ABOVE: 24 0.10 INCH OR MORE: 5
MIN 32 OR BELOW: 0 0.50 INCH OR MORE: 0
MIN 0 OR BELOW: 0 1.00 INCH OR MORE: 0
[HDD (BASE 65) ]
TOTAL THIS MO. 0 CLEAR (SCALE 0-3) 7
DPTR FM NORMAL 0 PTCLDY (SCALE 4-7) 23
TOTAL FM JUL 1 0 CLOUDY (SCALE 8-10) 1
DPTR FM NORMAL 0
[CDD (BASE 65) ]
TOTAL THIS MO. 494
DPTR FM NORMAL 83 [PRESSURE DATA]
TOTAL FM JAN 1 1025 HIGHEST SLP 30.10 ON 27
DPTR FM NORMAL 214 LOWEST SLP 29.67 ON 20
[REMARKS]
#FINAL-07-20#