000
CXUS53 KABR 031702
CF6ABR
PRELIMINARY LOCAL CLIMATOLOGICAL DATA (WS FORM: F-6)
STATION: ABERDEEN SD
MONTH: JULY
YEAR: 2022
LATITUDE: 45 27 N
LONGITUDE: 98 26 W
TEMPERATURE IN F: :PCPN: SNOW: WIND :SUNSHINE: SKY :PK WND
================================================================================
1 2 3 4 5 6A 6B 7 8 9 10 11 12 13 14 15 16 17 18
12Z AVG MX 2MIN
DY MAX MIN AVG DEP HDD CDD WTR SNW DPTH SPD SPD DIR MIN PSBL S-S WX SPD DR
================================================================================
1 88 53 71 0 0 6 0.00 0.0 0 5.2 15 250 M M 2 23 270
2 85 64 75 4 0 10 T 0.0 0 7.2 14 90 M M 3 3 25 90
3 86 65 76 5 0 11 2.11 0.0 0 11.1 43 10 M M 5 13 67 10
4 87 66 77 5 0 12 0.22 0.0 0 6.0 26 60 M M 3 13 35 50
5 83 68 76 4 0 11 0.26 0.0 0 9.8 32 100 M M 2 13 44 90
6 85 67 76 4 0 11 0.00 0.0 0 5.6 12 100 M M 4 1 16 50
7 80 68 74 2 0 9 0.30 0.0 0 7.5 21 110 M M 4 13 27 90
8 85 65 75 3 0 10 0.00 0.0 0 7.0 13 50 M M 0 16 60
9 88 66 77 5 0 12 0.00 0.0 0 10.8 25 160 M M 1 36 150
10 90 67 79 7 0 14 0.01 0.0 0 11.5 25 340 M M 2 13 32 340
11 84 65 75 3 0 10 0.01 0.0 0 14.7 28 320 M M 2 36 310
12 90 59 75 3 0 10 0.00 0.0 0 9.5 21 290 M M 1 28 260
13 86 58 72 0 0 7 0.00 0.0 0 6.1 13 80 M M 0 19 140
14 92 65 79 7 0 14 0.00 0.0 0 8.0 16 140 M M 0 23 140
15 91 69 80 7 0 15 0.00 0.0 0 7.0 15 30 M M 1 8 22 30
16 83 71 77 4 0 12 0.06 0.0 0 7.6 17 210 M M 2 13 24 190
17 91 65 78 5 0 13 0.00 0.0 0 8.7 16 220 M M 2 12 22 210
18 96 68 82 9 0 17 0.00 0.0 0 15.2 30 170 M M 0 13 46 170
19 84 71 78 5 0 13 0.00 0.0 0 18.2 35 290 M M 1 47 300
20 94 64 79 6 0 14 0.00 0.0 0 11.2 18 290 M M 1 26 310
21 86 55 71 -2 0 6 0.16 0.0 0 7.4 18 190 M M 1 3 27 360
22 92 64 78 5 0 13 0.00 0.0 0 6.5 14 160 M M 1 18 160
23 87 64 76 3 0 11 0.56 T 0 11.2 29 300 M M 2 135 41 330
24 80 58 69 -4 0 4 0.00 0.0 0 7.6 20 340 M M 0 26 340
25 78 62 70 -3 0 5 0.00 0.0 0 11.1 21 180 M M 5 28 180
26 84 58 71 -2 0 6 0.02 0.0 0 9.7 21 320 M M 4 18 26 320
27 82 57 70 -2 0 5 0.00 0.0 0 9.6 21 340 M M 3 8 26 330
28 79 50 65 -7 0 0 0.00 0.0 0 7.8 20 330 M M 2 29 320
29 82 48 65 -7 0 0 0.00 0.0 0 4.6 13 160 M M 0 1 17 160
30 91 64 78 6 0 13 0.00 0.0 0 14.4 22 190 M M 1 3 31 170
31 83 61 72 0 0 7 0.04 0.0 0 14.9 29 180 M M 2 3 40 180
================================================================================
SM 2672 1945 0 301 3.75 T 292.7 M 57
================================================================================
AV 86.2 62.7 9.4 FASTST M M 2 MAX(MPH)
MISC ----> 43 10 67 10
================================================================================
NOTES:
# LAST OF SEVERAL OCCURRENCES
COLUMN 17 PEAK WIND IN M.P.H.
PRELIMINARY LOCAL CLIMATOLOGICAL DATA (WS FORM: F-6) , PAGE 2
STATION: ABERDEEN SD
MONTH: JULY
YEAR: 2022
LATITUDE: 45 27 N
LONGITUDE: 98 26 W
[TEMPERATURE DATA] [PRECIPITATION DATA] SYMBOLS USED IN COLUMN 16
AVERAGE MONTHLY: 74.5 TOTAL FOR MONTH: 3.75 1 = FOG OR MIST
DPTR FM NORMAL: 2.2 DPTR FM NORMAL: 0.66 2 = FOG REDUCING VISIBILITY
HIGHEST: 96 ON 18 GRTST 24HR 2.27 ON 3- 4 TO 1/4 MILE OR LESS
LOWEST: 48 ON 29 3 = THUNDER
SNOW, ICE PELLETS, HAIL 4 = ICE PELLETS
TOTAL MONTH: T 5 = HAIL
GRTST 24HR T ON 23-23 6 = FREEZING RAIN OR DRIZZLE
GRTST DEPTH: 0 7 = DUSTSTORM OR SANDSTORM:
VSBY 1/2 MILE OR LESS
8 = SMOKE OR HAZE
[NO. OF DAYS WITH] [WEATHER - DAYS WITH] 9 = BLOWING SNOW
X = TORNADO
MAX 32 OR BELOW: 0 0.01 INCH OR MORE: 11
MAX 90 OR ABOVE: 9 0.10 INCH OR MORE: 6
MIN 32 OR BELOW: 0 0.50 INCH OR MORE: 2
MIN 0 OR BELOW: 0 1.00 INCH OR MORE: 1
[HDD (BASE 65) ]
TOTAL THIS MO. 0 CLEAR (SCALE 0-3) 24
DPTR FM NORMAL -10 PTCLDY (SCALE 4-7) 7
TOTAL FM JUL 1 0 CLOUDY (SCALE 8-10) 0
DPTR FM NORMAL -2
[CDD (BASE 65) ]
TOTAL THIS MO. 301
DPTR FM NORMAL 65 [PRESSURE DATA]
TOTAL FM JAN 1 523 HIGHEST SLP 30.16 ON 9
DPTR FM NORMAL 125 LOWEST SLP 29.42 ON 19
[REMARKS]
#FINAL-07-22#