000
CXUS55 KABR 011100
CF6ABR
PRELIMINARY LOCAL CLIMATOLOGICAL DATA (WS FORM: F-6)
STATION: ABERDEEN SD
MONTH: JUNE
YEAR: 2021
LATITUDE: 45 27 N
LONGITUDE: 98 26 W
TEMPERATURE IN F: :PCPN: SNOW: WIND :SUNSHINE: SKY :PK WND
================================================================================
1 2 3 4 5 6A 6B 7 8 9 10 11 12 13 14 15 16 17 18
12Z AVG MX 2MIN
DY MAX MIN AVG DEP HDD CDD WTR SNW DPTH SPD SPD DIR MIN PSBL S-S WX SPD DR
================================================================================
1 87 45 66 2 0 1 0.00 0.0 0 9.9 25 240 M M 3 8 37 240
2 89 50 70 6 0 5 0.00 0.0 0 6.2 14 260 M M 1 20 240
3 95 48 72 8 0 7 0.00 0.0 0 6.9 15 240 M M 0 22 250
4 100 54 77 13 0 12 0.00 0.0 0 8.5 20 220 M M 0 27 240
5 104 58 81 16 0 16 0.00 0.0 0 11.6 24 190 M M 0 34 190
6 92 61 77 12 0 12 0.00 0.0 0 18.1 31 200 M M 0 40 180
7 99 52 76 10 0 11 0.00 0.0 0 13.8 24 150 M M 0 8 35 30
8 96 73 85 19 0 20 0.00 0.0 0 14.4 25 150 M M 2 36 170
9 96 70 83 17 0 18 0.01 0.0 0 11.4 24 220 M M 1 34 220
10 101 70 86 20 0 21 0.00 0.0 0 9.9 24 160 M M 1 33 140
11 86 51 69 2 0 4 0.45 0.0 0 16.3 35 290 M M 1 13 52 290
12 89 49 69 2 0 4 0.00 0.0 0 6.2 13 250 M M 0 19 210
13 93 61 77 10 0 12 0.00 0.0 0 9.1 17 30 M M 0 8 25 20
14 91 54 73 5 0 8 0.00 0.0 0 6.2 15 60 M M 0 19 60
15 91 54 73 5 0 8 0.00 0.0 0 8.9 17 100 M M 0 24 100
16 100 70 85 17 0 20 0.00 0.0 0 13.9 28 160 M M 0 39 160
17 89 60 75 7 0 10 0.00 0.0 0 7.3 16 40 M M 0 23 30
18 94 58 76 8 0 11 0.00 0.0 0 10.2 28 300 M M 0 42 310
19 85 50 68 -1 0 3 0.00 0.0 0 4.4 14 220 M M 2 8 19 220
20 76 57 67 -2 0 2 0.04 0.0 0 15.0 33 360 M M 5 49 20
21 74 44 59 -10 6 0 0.00 0.0 0 7.8 20 330 M M 2 25 20
22 85 46 66 -3 0 1 0.00 0.0 0 5.6 12 140 M M 0 17 120
23 100 52 76 6 0 11 0.00 0.0 0 9.8 21 190 M M 0 8 30 180
24 87 65 76 6 0 11 0.00 0.0 0 7.9 17 360 M M 0 23 20
25 83 62 73 3 0 8 T 0.0 0 4.9 12 10 M M 2 16 360
26 80 63 72 2 0 7 0.12 0.0 0 8.2 16 20 M M 8 18 22 20
27 83 62 73 3 0 8 0.16 0.0 0 4.4 28 300 M M 5 3 37 290
28 81 61 71 0 0 6 0.00 0.0 0 7.5 15 20 M M 4 20 30
29 85 53 69 -2 0 4 0.00 0.0 0 4.3 10 60 M M 2 1 17 350
30 90 56 73 2 0 8 0.00 0.0 0 4.8 14 90 M M 0 19 110
================================================================================
SM 2701 1709 6 269 0.78 0.0 273.4 M 39
================================================================================
AV 90.0 57.0 9.1 FASTST M M 1 MAX(MPH)
MISC ----> 35 290 52 290
================================================================================
NOTES:
# LAST OF SEVERAL OCCURRENCES
COLUMN 17 PEAK WIND IN M.P.H.
PRELIMINARY LOCAL CLIMATOLOGICAL DATA (WS FORM: F-6) , PAGE 2
STATION: ABERDEEN SD
MONTH: JUNE
YEAR: 2021
LATITUDE: 45 27 N
LONGITUDE: 98 26 W
[TEMPERATURE DATA] [PRECIPITATION DATA] SYMBOLS USED IN COLUMN 16
AVERAGE MONTHLY: 73.5 TOTAL FOR MONTH: 0.78 1 = FOG OR MIST
DPTR FM NORMAL: 5.9 DPTR FM NORMAL: -2.98 2 = FOG REDUCING VISIBILITY
HIGHEST: 104 ON 5 GRTST 24HR 0.45 ON 11-11 TO 1/4 MILE OR LESS
LOWEST: 44 ON 21 3 = THUNDER
SNOW, ICE PELLETS, HAIL 4 = ICE PELLETS
TOTAL MONTH: 0.0 INCH 5 = HAIL
GRTST 24HR 0.0 6 = FREEZING RAIN OR DRIZZLE
GRTST DEPTH: 0 7 = DUSTSTORM OR SANDSTORM:
VSBY 1/2 MILE OR LESS
8 = SMOKE OR HAZE
[NO. OF DAYS WITH] [WEATHER - DAYS WITH] 9 = BLOWING SNOW
X = TORNADO
MAX 32 OR BELOW: 0 0.01 INCH OR MORE: 5
MAX 90 OR ABOVE: 15 0.10 INCH OR MORE: 3
MIN 32 OR BELOW: 0 0.50 INCH OR MORE: 0
MIN 0 OR BELOW: 0 1.00 INCH OR MORE: 0
[HDD (BASE 65) ]
TOTAL THIS MO. 6 CLEAR (SCALE 0-3) 26
DPTR FM NORMAL -45 PTCLDY (SCALE 4-7) 4
TOTAL FM JUL 1 7345 CLOUDY (SCALE 8-10) 0
DPTR FM NORMAL -878
[CDD (BASE 65) ]
TOTAL THIS MO. 269
DPTR FM NORMAL 139 [PRESSURE DATA]
TOTAL FM JAN 1 320 HIGHEST SLP 30.16 ON 29
DPTR FM NORMAL 158 LOWEST SLP 29.41 ON 6
[REMARKS]
#FINAL-06-21#