406
CXUS51 KPHI 010815
CF6ACY
PRELIMINARY LOCAL CLIMATOLOGICAL DATA (WS FORM: F-6)
STATION: ATLANTIC CITY NJ
MONTH: SEPTEMBER
YEAR: 2020
LATITUDE: 39 27 N
LONGITUDE: 74 34 W
TEMPERATURE IN F: :PCPN: SNOW: WIND :SUNSHINE: SKY :PK WND
================================================================================
1 2 3 4 5 6A 6B 7 8 9 10 11 12 13 14 15 16 17 18
12Z AVG MX 2MIN
DY MAX MIN AVG DEP HDD CDD WTR SNW DPTH SPD SPD DIR MIN PSBL S-S WX SPD DR
================================================================================
1 82 68 75 3 0 10 0.03 0.0 0 7.6 16 110 M M 7 18 22 110
2 87 74 81 9 0 16 0.04 0.0 0 7.5 13 170 M M 6 1 20 160
3 90 74 82 11 0 17 0.04 0.0 0 8.0 15 170 M M 3 20 160
4 89 73 81 10 0 16 0.00 0.0 0 6.9 13 260 M M 3 18 280
5 81 61 71 0 0 6 0.00 0.0 0 6.6 13 10 M M 1 18 210
6 83 57 70 -1 0 5 0.00 0.0 0 3.8 14 200 M M 0 20 180
7 80 57 69 -1 0 4 0.00 0.0 0 3.4 14 120 M M 0 1 19 140
8 83 60 72 2 0 7 0.00 0.0 0 4.3 12 110 M M 1 18 100
9 77 69 73 3 0 8 0.68 0.0 0 6.4 16 50 M M 7 18 22 50
10 80 73 77 8 0 12 3.97 0.0 0 3.7 16 100 M M 8 18 20 110
11 79 69 74 5 0 9 0.23 0.0 0 7.8 20 40 M M 10 18 25 50
12 73 59 66 -3 0 1 0.00 0.0 0 11.4 20 70 M M 6 29 60
13 78 60 69 1 0 4 T 0.0 0 4.5 10 140 M M 8 14 160
14 77 58 68 0 0 3 0.00 0.0 0 9.2 18 350 M M 2 24 10
15 68 50 59 -9 6 0 0.00 0.0 0 6.5 13 30 M M 0 17 20
16 73 48 61 -6 4 0 0.00 0.0 0 2.6 13 190 M M 2 19 160
17 77 58 68 1 0 3 0.17 0.0 0 2.7 13 200 M M 5 1 16 190
18 71 54 63 -3 2 0 0.07 0.0 0 8.9 18 20 M M 9 1 23 360
19 65 44 55 -11 10 0 0.00 0.0 0 8.6 20 10 M M 0 28 10
20 65 43 54 -12 11 0 0.00 0.0 0 9.3 22 60 M M 1 30 60
21 65 41 53 -12 12 0 0.00 0.0 0 8.4 20 60 M M 2 30 60
22 73 41 57 -8 8 0 0.00 0.0 0 8.1 18 300 M M 0 24 320
23 80 49 65 1 0 0 0.00 0.0 0 8.6 21 300 M M 0 25 310
24 73 55 64 0 1 0 0.00 0.0 0 2.7 9 210 M M 0 13 200
25 73 54 64 0 1 0 0.00 0.0 0 3.2 9 220 M M 2 12 16 200
26 77 58 68 5 0 3 0.07 0.0 0 5.4 14 130 M M 6 12 19 140
27 79 67 73 10 0 8 0.08 0.0 0 4.9 13 70 M M 10 18 18 190
28 78 68 73 11 0 8 0.00 0.0 0 8.6 15 170 M M 3 24 170
29 76 68 72 10 0 7 0.09 0.0 0 10.9 20 170 M M 8 1 36 160
30 73 58 66 4 0 1 0.35 0.0 0 11.0 25 180 M M 4 1 42 180
================================================================================
SM 2305 1768 55 148 5.82 0.0 201.5 M 114
================================================================================
AV 76.8 58.9 6.7 FASTST M M 4 MAX(MPH)
MISC ----> 25 180 42 180
================================================================================
NOTES:
# LAST OF SEVERAL OCCURRENCES
COLUMN 17 PEAK WIND IN M.P.H.
PRELIMINARY LOCAL CLIMATOLOGICAL DATA (WS FORM: F-6) , PAGE 2
STATION: ATLANTIC CITY NJ
MONTH: SEPTEMBER
YEAR: 2020
LATITUDE: 39 27 N
LONGITUDE: 74 34 W
[TEMPERATURE DATA] [PRECIPITATION DATA] SYMBOLS USED IN COLUMN 16
AVERAGE MONTHLY: 67.9 TOTAL FOR MONTH: 5.82 1 = FOG OR MIST
DPTR FM NORMAL: 0.7 DPTR FM NORMAL: 2.67 2 = FOG REDUCING VISIBILITY
HIGHEST: 90 ON 3 GRTST 24HR 3.97 ON 10-10 TO 1/4 MILE OR LESS
LOWEST: 41 ON 22,21 3 = THUNDER
SNOW, ICE PELLETS, HAIL 4 = ICE PELLETS
TOTAL MONTH: 0.0 INCH 5 = HAIL
GRTST 24HR 0.0 6 = FREEZING RAIN OR DRIZZLE
GRTST DEPTH: 0 7 = DUSTSTORM OR SANDSTORM:
VSBY 1/2 MILE OR LESS
8 = SMOKE OR HAZE
[NO. OF DAYS WITH] [WEATHER - DAYS WITH] 9 = BLOWING SNOW
X = TORNADO
MAX 32 OR BELOW: 0 0.01 INCH OR MORE: 12
MAX 90 OR ABOVE: 1 0.10 INCH OR MORE: 5
MIN 32 OR BELOW: 0 0.50 INCH OR MORE: 2
MIN 0 OR BELOW: 0 1.00 INCH OR MORE: 1
[HDD (BASE 65) ]
TOTAL THIS MO. 55 CLEAR (SCALE 0-3) 16
DPTR FM NORMAL -4 PTCLDY (SCALE 4-7) 8
TOTAL FM JUL 1 55 CLOUDY (SCALE 8-10) 6
DPTR FM NORMAL -8
[CDD (BASE 65) ]
TOTAL THIS MO. 148
DPTR FM NORMAL 23 [PRESSURE DATA]
TOTAL FM JAN 1 1335 HIGHEST SLP 30.53 ON 21
DPTR FM NORMAL 301 LOWEST SLP 29.53 ON 30
[REMARKS]
#FINAL-09-20#