611
CXUS54 KLCH 010930
CF6AEX
PRELIMINARY LOCAL CLIMATOLOGICAL DATA (WS FORM: F-6)
STATION: ALEXANDRIA
MONTH: FEBRUARY
YEAR: 2021
LATITUDE: 31 19 N
LONGITUDE: 92 33 W
TEMPERATURE IN F: :PCPN: SNOW: WIND :SUNSHINE: SKY :PK WND
================================================================================
1 2 3 4 5 6A 6B 7 8 9 10 11 12 13 14 15 16 17 18
12Z AVG MX 2MIN
DY MAX MIN AVG DEP HDD CDD WTR SNW DPTH SPD SPD DIR MIN PSBL S-S WX SPD DR
================================================================================
1 56 36 46 -3 19 0 0.00 0.0 M 9.9 18 320 M M 1 31 330
2 53 30 42 -8 23 0 0.00 0.0 M 2.0 8 360 M M 0 1 12 350
3 59 30 45 -5 20 0 0.00 0.0 M 4.8 14 130 M M 0 1 18 120
4 70 46 58 8 7 0 0.03 M M 11.4 24 330 M M 6 1 34 320
5 54 41 48 -2 17 0 0.03 0.0 M 6.3 17 10 M M 5 23 360
6 51 43 47 -3 18 0 0.03 M M 7.7 24 330 M M 10 1 33 330
7 55 39 47 -3 18 0 0.00 0.0 M 7.4 15 350 M M 5 22 320
8 58 34 46 -4 19 0 0.00 0.0 M 5.2 16 120 M M 5 21 120
9 75 51 63 12 2 0 0.00 0.0 M 4.3 13 120 M M 8 12 16 120
10 61 52 57 6 8 0 0.10 0.0 M 3.5 10 60 M M 8 18 13 60
11 60 35 48 -3 17 0 1.28 M M 8.8 17 10 M M 10 1 23 40
12 35 31 33 -18 32 0 0.04 M M 11.4 17 360 M M 10 1 27 30
13 41 30 36 -15 29 0 0.00 0.0 M 11.4 17 10 M M 9 1 25 20
14 31 23 27 -25 38 0 0.02 M M 11.0 17 30 M M 10 16 24 40
15 25 16 21 -31 44 0 0.51 1.5 1 15.6 23 310 M M 9 148 33 330
16 32 11 22 -30 43 0 0.00 0.0 M 7.0 17 290 M M 3 21 300
17 32 26 29 -23 36 0 2.36 M M 7.9 17 100 M M 10 16 24 30
18 32 26 29 -24 36 0 0.00 0.0 M 10.8 18 330 M M 10 1 26 330
19 39 25 32 -21 33 0 0.00 0.0 M 6.8 14 340 M M 6 22 300
20 53 27 40 -13 25 0 0.00 0.0 M 3.6 12 140 M M 4 1 15 120
21 63 30 47 -6 18 0 T M M 7.0 18 130 M M 8 12 23 140
22 65 41 53 -1 12 0 0.01 M M 5.7 14 310 M M 2 1 20 320
23 74 34 54 0 11 0 0.00 0.0 M 5.6 14 190 M M 0 20 180
24 75 41 58 4 7 0 0.00 0.0 M 7.9 16 200 M M 6 1 23 190
25 70 60 65 11 0 0 T 0.0 M 4.4 12 80 M M 10 128 16 70
26 80 57 69 14 0 4 T 0.0 M 9.4 23 190 M M 5 1 30 200
27 79 63 71 16 0 6 0.01 0.0 M 10.4 21 170 M M 8 1 29 160
28 77 70 74 19 0 9 0.16 0.0 M 10.9 22 180 M M 10 1 30 190
================================================================================
SM 1555 1048 532 19 4.58 1.5 218.1 M 178
================================================================================
AV 55.5 37.4 7.8 FASTST M M 6 MAX(MPH)
MISC ----> # 24 330 34 320
================================================================================
NOTES:
# LAST OF SEVERAL OCCURRENCES
COLUMN 17 PEAK WIND IN M.P.H.
PRELIMINARY LOCAL CLIMATOLOGICAL DATA (WS FORM: F-6) , PAGE 2
STATION: ALEXANDRIA
MONTH: FEBRUARY
YEAR: 2021
LATITUDE: 31 19 N
LONGITUDE: 92 33 W
[TEMPERATURE DATA] [PRECIPITATION DATA] SYMBOLS USED IN COLUMN 16
AVERAGE MONTHLY: 46.5 TOTAL FOR MONTH: 4.58 1 = FOG OR MIST
DPTR FM NORMAL: -5.5 DPTR FM NORMAL: 0.12 2 = FOG REDUCING VISIBILITY
HIGHEST: 80 ON 26 GRTST 24HR 2.36 ON 17-17 TO 1/4 MILE OR LESS
LOWEST: 11 ON 16 3 = THUNDER
SNOW, ICE PELLETS, HAIL 4 = ICE PELLETS
TOTAL MONTH: 1.5 INCHES 5 = HAIL
GRTST 24HR 1.5 ON 15-15 6 = FREEZING RAIN OR DRIZZLE
GRTST DEPTH: 1 ON 15 7 = DUSTSTORM OR SANDSTORM:
VSBY 1/2 MILE OR LESS
8 = SMOKE OR HAZE
[NO. OF DAYS WITH] [WEATHER - DAYS WITH] 9 = BLOWING SNOW
X = TORNADO
MAX 32 OR BELOW: 5 0.01 INCH OR MORE: 12
MAX 90 OR ABOVE: 0 0.10 INCH OR MORE: 5
MIN 32 OR BELOW: 12 0.50 INCH OR MORE: 3
MIN 0 OR BELOW: 0 1.00 INCH OR MORE: 2
[HDD (BASE 65) ]
TOTAL THIS MO. 532 CLEAR (SCALE 0-3) 6
DPTR FM NORMAL 158 PTCLDY (SCALE 4-7) 11
TOTAL FM JUL 1 1719 CLOUDY (SCALE 8-10) 11
DPTR FM NORMAL 54
[CDD (BASE 65) ]
TOTAL THIS MO. 19
DPTR FM NORMAL 8 [PRESSURE DATA]
TOTAL FM JAN 1 20 HIGHEST SLP 30.52 ON 19
DPTR FM NORMAL 5 LOWEST SLP 29.74 ON 4
[REMARKS]
#FINAL-02-21#