000
CXUS54 KFWD 010832
CF6AFW
PRELIMINARY LOCAL CLIMATOLOGICAL DATA (WS FORM: F-6)
STATION: FORT WORTH ALLIANCE
MONTH: DECEMBER
YEAR: 2023
LATITUDE: 32 58 N
LONGITUDE: 97 19 W
TEMPERATURE IN F: :PCPN: SNOW: WIND :SUNSHINE: SKY :PK WND
================================================================================
1 2 3 4 5 6A 6B 7 8 9 10 11 12 13 14 15 16 17 18
12Z AVG MX 2MIN
DY MAX MIN AVG DEP HDD CDD WTR SNW DPTH SPD SPD DIR MIN PSBL S-S WX SPD DR
================================================================================
1 60 42 51 -1 14 0 0.00 M M 8.1 18 290 M M 4 25 260
2 68 39 54 3 11 0 0.00 M M 5.5 16 270 M M 6 1 24 260
3 73 38 56 5 9 0 0.00 M M 10.1 28 360 M M 1 37 360
4 62 38 50 -1 15 0 0.00 M M 4.8 10 340 M M 1 22 320
5 70 36 53 2 12 0 0.00 M M 4.3 13 30 M M 0 18 30
6 65 39 52 2 13 0 0.00 M M 7.3 15 170 M M 4 19 150
7 71 47 59 9 6 0 0.00 M M 16.4 28 190 M M 5 40 190
8 80 61 71 21 0 6 T M M 13.9 24 200 M M 2 30 200
9 64 40 52 2 13 0 0.00 M M 13.9 24 350 M M 2 1 32 340
10 53 34 44 -5 21 0 0.00 M M 8.9 15 270 M M 3 31 290
11 64 35 50 1 15 0 0.00 M M 6.5 12 160 M M 3 22 140
12 64 41 53 4 12 0 0.00 M M 7.4 17 170 M M 8 25 90
13 62 48 55 7 10 0 T M M 9.0 20 130 M M 9 27 110
14 62 44 53 5 12 0 0.00 M M 8.4 18 130 M M 7 27 80
15 59 41 50 2 15 0 0.47 M M 10.2 24 140 M M 8 1 34 170
16 58 39 49 1 16 0 0.00 M M 8.7 18 340 M M 0 31 260
17 70 36 53 5 12 0 0.00 M M 4.9 14 320 M M 1 19 330
18 62 40 51 3 14 0 0.00 M M 8.1 17 30 M M 2 22 20
19 60 37 49 2 16 0 0.00 M M 8.7 21 170 M M 7 26 160
20 65 47 56 9 9 0 0.00 M M 10.5 18 170 M M 8 23 150
21 61 56 59 12 6 0 0.96 M M 10.5 15 170 M M 10 1 23 130
22 68 57 63 16 2 0 0.03 M M 8.0 15 180 M M 9 1 20 170
23 65 60 63 16 2 0 0.70 M M 10.8 24 160 M M 10 13 29 150
24 68 45 57 10 8 0 1.28 M M 14.7 32 320 M M 9 1 43 320
25 49 35 42 -4 23 0 0.00 M M 12.4 28 320 M M 2 34 330
26 57 32 45 -1 20 0 0.00 M M 9.6 24 180 M M 2 32 190
27 50 35 43 -3 22 0 0.00 M M 10.9 23 330 M M 1 29 340
28 50 33 42 -4 23 0 0.00 M M 9.0 20 360 M M 6 25 290
29 56 31 44 -2 21 0 0.00 M M 10.2 21 280 M M 1 45 290
30 64 35 50 4 15 0 0.00 M M 4.9 13 170 M M 0 18 190
31 66 38 52 6 13 0 0.00 M M 7.2 20 10 M M 5 27 360
================================================================================
SM 1946 1279 400 6 3.44 M 283.8 M 136
================================================================================
AV 62.8 41.3 9.2 FASTST M M 4 MAX(MPH)
MISC ----> 32 320 45 290
================================================================================
NOTES:
# LAST OF SEVERAL OCCURRENCES
COLUMN 17 PEAK WIND IN M.P.H.
PRELIMINARY LOCAL CLIMATOLOGICAL DATA (WS FORM: F-6) , PAGE 2
STATION: FORT WORTH ALLIANCE
MONTH: DECEMBER
YEAR: 2023
LATITUDE: 32 58 N
LONGITUDE: 97 19 W
[TEMPERATURE DATA] [PRECIPITATION DATA] SYMBOLS USED IN COLUMN 16
AVERAGE MONTHLY: 52.0 TOTAL FOR MONTH: 3.44 1 = FOG OR MIST
DPTR FM NORMAL: 3.8 DPTR FM NORMAL: 0.96 2 = FOG REDUCING VISIBILITY
HIGHEST: 80 ON 8 GRTST 24HR 1.98 ON 23-24 TO 1/4 MILE OR LESS
LOWEST: 31 ON 29 3 = THUNDER
SNOW, ICE PELLETS, HAIL 4 = ICE PELLETS
TOTAL MONTH: M 5 = HAIL
GRTST 24HR M ON M 6 = FREEZING RAIN OR DRIZZLE
GRTST DEPTH: M ON M 7 = DUSTSTORM OR SANDSTORM:
VSBY 1/2 MILE OR LESS
8 = SMOKE OR HAZE
[NO. OF DAYS WITH] [WEATHER - DAYS WITH] 9 = BLOWING SNOW
X = TORNADO
MAX 32 OR BELOW: 0 0.01 INCH OR MORE: 5
MAX 90 OR ABOVE: 0 0.10 INCH OR MORE: 4
MIN 32 OR BELOW: 2 0.50 INCH OR MORE: 3
MIN 0 OR BELOW: 0 1.00 INCH OR MORE: 1
[HDD (BASE 65) ]
TOTAL THIS MO. 400 CLEAR (SCALE 0-3) 14
DPTR FM NORMAL -125 PTCLDY (SCALE 4-7) 12
TOTAL FM JUL 1 761 CLOUDY (SCALE 8-10) 5
DPTR FM NORMAL -122
[CDD (BASE 65) ]
TOTAL THIS MO. 6
DPTR FM NORMAL 0 [PRESSURE DATA]
TOTAL FM JAN 1 3526 HIGHEST SLP 30.50 ON 13
DPTR FM NORMAL 598 LOWEST SLP 29.62 ON 8
[REMARKS]
#FINAL-12-23#