000
CXUS55 KCAE 011500
CF6AGS
PRELIMINARY LOCAL CLIMATOLOGICAL DATA (WS FORM: F-6)
STATION: AUGUSTA BUSH FIELD GA
MONTH: JANUARY
YEAR: 2021
LATITUDE: 33 22 N
LONGITUDE: 81 58 W
TEMPERATURE IN F: :PCPN: SNOW: WIND :SUNSHINE: SKY :PK WND
================================================================================
1 2 3 4 5 6A 6B 7 8 9 10 11 12 13 14 15 16 17 18
12Z AVG MX 2MIN
DY MAX MIN AVG DEP HDD CDD WTR SNW DPTH SPD SPD DIR MIN PSBL S-S WX SPD DR
================================================================================
1 74 55 65 20 0 0 0.75 0.0 0 4.6 22 260 M M 10 12 26 260
2 69 55 62 17 3 0 1.21 0.0 0 3.5 12 220 M M 10 1 15 210
3 62 42 52 7 13 0 0.01 0.0 0 8.6 18 280 M M 3 1 23 290
4 62 34 48 3 17 0 0.00 0.0 0 2.4 10 320 M M 1 12 320
5 65 37 51 6 14 0 0.00 0.0 0 7.2 20 330 M M 3 26 330
6 58 29 44 -1 21 0 0.00 0.0 0 1.1 8 10 M M 0 12 70
7 56 28 42 -3 23 0 0.51 0.0 0 5.5 15 60 M M 4 1 18 70
8 46 40 43 -2 22 0 0.07 0.0 0 7.1 14 330 M M 10 1 18 330
9 51 31 41 -4 24 0 0.00 0.0 0 4.2 12 330 M M 5 1 15 280
10 56 28 42 -3 23 0 0.00 0.0 0 2.1 6 350 M M 0 1 10 70
11 54 33 44 -1 21 0 0.25 0.0 0 4.0 9 60 M M 7 1 12 10
12 52 44 48 3 17 0 0.06 0.0 0 6.9 13 300 M M 10 1 15 280
13 52 30 41 -4 24 0 T 0.0 0 2.6 13 160 M M 6 128 15 160
14 61 31 46 1 19 0 0.00 0.0 0 5.1 16 290 M M 1 1 20 280
15 56 29 43 -2 22 0 0.14 0.0 0 2.6 10 140 M M 6 12 12 140
16 51 30 41 -4 24 0 0.00 0.0 0 10.5 25 280 M M 1 33 280
17 54 28 41 -4 24 0 0.00 0.0 0 6.5 17 280 M M 0 1 23 280
18 58 30 44 -1 21 0 T 0.0 0 8.4 23 270 M M 1 1 30 270
19 66 26 46 1 19 0 0.00 0.0 0 3.5 15 260 M M 1 1 17 260
20 67 43 55 10 10 0 0.00 0.0 0 7.2 18 300 M M 3 24 300
21 60 42 51 5 14 0 T 0.0 0 5.3 15 230 M M 8 1 20 240
22 57 37 47 1 18 0 0.11 0.0 0 3.2 9 270 M M 6 12 12 260
23 63 31 47 1 18 0 0.00 0.0 0 2.3 13 40 M M 2 12 16 60
24 62 35 49 3 16 0 0.00 0.0 0 4.1 9 160 M M 8 13 120
25 78 53 66 20 0 1 0.00 0.0 0 5.7 20 200 M M 8 25 220
26 75 60 68 22 0 3 0.89 0.0 0 6.9 25 320 M M 8 13 30 320
27 61 55 58 12 7 0 0.23 0.0 M 7.4 23 300 M M 10 1 31 290
28 57 33 45 -1 20 0 0.00 0.0 M 10.9 25 310 M M 0 35 310
29 53 27 40 -6 25 0 0.00 0.0 0 1.8 8 320 M M 0 11 20
30 52 25 39 -7 26 0 0.00 0.0 0 2.7 9 100 M M 4 1 13 160
31 57 40 49 3 16 0 0.64 0.0 0 6.0 16 150 M M 10 1 23 150
================================================================================
SM 1845 1141 521 4 4.87 0.0 159.9 M 146
================================================================================
AV 59.5 36.8 5.2 FASTST M M 5 MAX(MPH)
MISC ----> # 25 320 35 310
================================================================================
NOTES:
# LAST OF SEVERAL OCCURRENCES
COLUMN 17 PEAK WIND IN M.P.H.
PRELIMINARY LOCAL CLIMATOLOGICAL DATA (WS FORM: F-6) , PAGE 2
STATION: AUGUSTA BUSH FIELD GA
MONTH: JANUARY
YEAR: 2021
LATITUDE: 33 22 N
LONGITUDE: 81 58 W
[TEMPERATURE DATA] [PRECIPITATION DATA] SYMBOLS USED IN COLUMN 16
AVERAGE MONTHLY: 48.2 TOTAL FOR MONTH: 4.87 1 = FOG OR MIST
DPTR FM NORMAL: 2.8 DPTR FM NORMAL: 0.96 2 = FOG REDUCING VISIBILITY
HIGHEST: 78 ON 25 GRTST 24HR 1.74 ON 1- 2 TO 1/4 MILE OR LESS
LOWEST: 25 ON 30 3 = THUNDER
SNOW, ICE PELLETS, HAIL 4 = ICE PELLETS
TOTAL MONTH: 0.0 INCH 5 = HAIL
GRTST 24HR 0.0 6 = FREEZING RAIN OR DRIZZLE
GRTST DEPTH: 0 7 = DUSTSTORM OR SANDSTORM:
VSBY 1/2 MILE OR LESS
8 = SMOKE OR HAZE
[NO. OF DAYS WITH] [WEATHER - DAYS WITH] 9 = BLOWING SNOW
X = TORNADO
MAX 32 OR BELOW: 0 0.01 INCH OR MORE: 12
MAX 90 OR ABOVE: 0 0.10 INCH OR MORE: 9
MIN 32 OR BELOW: 14 0.50 INCH OR MORE: 5
MIN 0 OR BELOW: 0 1.00 INCH OR MORE: 1
[HDD (BASE 65) ]
TOTAL THIS MO. 521 CLEAR (SCALE 0-3) 14
DPTR FM NORMAL -89 PTCLDY (SCALE 4-7) 10
TOTAL FM JUL 1 1262 CLOUDY (SCALE 8-10) 7
DPTR FM NORMAL -323
[CDD (BASE 65) ]
TOTAL THIS MO. 4
DPTR FM NORMAL 3 [PRESSURE DATA]
TOTAL FM JAN 1 4 HIGHEST SLP 30.41 ON 29
DPTR FM NORMAL 3 LOWEST SLP 29.69 ON 15
[REMARKS]
#FINAL-01-21#