000
CXUS55 KCYS 031236 CCA
CF6AIA
PRELIMINARY LOCAL CLIMATOLOGICAL DATA (WS FORM: F-6)...CORRECTED
STATION: ALLIANCE NEBRASKA AIRPORT
MONTH: FEBRUARY
YEAR: 2022
LATITUDE: 42 2 N
LONGITUDE: 102 48 W
TEMPERATURE IN F: :PCPN: SNOW: WIND :SUNSHINE: SKY :PK WND
================================================================================
1 2 3 4 5 6A 6B 7 8 9 10 11 12 13 14 15 16 17 18
12Z AVG MX 2MIN
DY MAX MIN AVG DEP HDD CDD WTR SNW DPTH SPD SPD DIR MIN PSBL S-S WX SPD DR
================================================================================
1 28 10 19 -6 46 0 0.00 M M 12.1 21 340 M M 6 27 300
2 10 -11 0 -25 65 0 T M M 8.9 16 80 M M 9 1 20 80
3 21 -10 6 -19 59 0 0.00 M M 10.5 17 190 M M 0 21 210
4 40 4 22 -3 43 0 0.00 M M 12.1 21 290 M M 2 27 260
5 50 21 36 11 29 0 0.00 M M 16.7 30 310 M M 0 41 290
6 43 18 31 6 34 0 T M M 14.1 28 330 M M 4 35 340
7 54 18 36 11 29 0 0.00 M M 14.3 25 270 M M 0 32 280
8 50 20 35 10 30 0 0.00 M M 16.3 37 310 M M 0 49 320
9 50 21 36 11 29 0 0.00 M M 14.6 30 300 M M 8 12 40 300
10 57 20 39 14 26 0 0.00 M M 14.6 31 270 M M 6 12 40 280
11 41 11 26 1 39 0 T M M 17.5 36 320 M M 6 18 48 310
12 42 8 25 0 40 0 0.00 M M 15.7 26 290 M M 6 36 290
13 58 11 35 9 30 0 0.00 M M 9.1 26 300 M M 0 34 310
14 55 11 33 7 32 0 0.00 M M 12.8 29 180 M M 0 36 180
15 61 19 40 14 25 0 0.00 M M 10.7 23 10 M M 0 33 10
16 30 11 21 -5 44 0 T M M 12.9 20 20 M M 10 128 25 30
17 34 -5 15 -11 50 0 0.00 M M 9.0 20 250 M M 4 1 24 260
18 47 19 33 6 32 0 0.00 M M 15.2 30 280 M M 4 39 280
19 59 23 41 14 24 0 0.00 M M 16.0 35 260 M M 1 44 270
20 61 30 46 19 19 0 0.00 M M 11.0 32 280 M M 0 42 280
21 40 -8 16 -11 49 0 T M M 21.5 30 360 M M 8 18 42 350
22 0 -10 -5 -33 70 0 T M M 16.7 26 360 M M 6 8 36 350
23 3 -8 -2 -30 67 0 T M M 10.0 20 140 M M 8 8 23 140
24 12 -10 1 -27 64 0 T M M 8.9 18 150 M M 6 18 23 160
25 26 -12 7 -22 58 0 0.00 M M 4.7 12 290 M M 1 16 270
26 34 -3 16 -13 49 0 0.00 M M 11.2 23 280 M M 0 29 270
27 54 5 30 0 35 0 0.00 M M 12.2 23 270 M M 0 30 290
28 61 20 41 11 24 0 0.00 M M 12.8 22 270 M M 0 31 280
================================================================================
SM 1121 223 1141 0 T M 362.1 M 95
================================================================================
AV 40.0 8.0 12.9 FASTST M M 3 MAX(MPH)
MISC ----> 37 310 49 320
================================================================================
NOTES:
# LAST OF SEVERAL OCCURRENCES
COLUMN 17 PEAK WIND IN M.P.H.
PRELIMINARY LOCAL CLIMATOLOGICAL DATA (WS FORM: F-6) , PAGE 2
STATION: ALLIANCE NEBRASKA AIRPORT
MONTH: FEBRUARY
YEAR: 2022
LATITUDE: 42 2 N
LONGITUDE: 102 48 W
[TEMPERATURE DATA] [PRECIPITATION DATA] SYMBOLS USED IN COLUMN 16
AVERAGE MONTHLY: 24.0 TOTAL FOR MONTH: T 1 = FOG OR MIST
DPTR FM NORMAL: -2.3 DPTR FM NORMAL: -0.28 2 = FOG REDUCING VISIBILITY
HIGHEST: 61 ON 28,20 GRTST 24HR T ON 2- 2 TO 1/4 MILE OR LESS
LOWEST: -12 ON 25 3 = THUNDER
SNOW, ICE PELLETS, HAIL 4 = ICE PELLETS
TOTAL MONTH: M 5 = HAIL
GRTST 24HR M ON M 6 = FREEZING RAIN OR DRIZZLE
GRTST DEPTH: M ON M 7 = DUSTSTORM OR SANDSTORM:
VSBY 1/2 MILE OR LESS
8 = SMOKE OR HAZE
[NO. OF DAYS WITH] [WEATHER - DAYS WITH] 9 = BLOWING SNOW
X = TORNADO
MAX 32 OR BELOW: 8 0.01 INCH OR MORE: 0
MAX 90 OR ABOVE: 0 0.10 INCH OR MORE: 0
MIN 32 OR BELOW: 28 0.50 INCH OR MORE: 0
MIN 0 OR BELOW: 9 1.00 INCH OR MORE: 0
[HDD (BASE 65) ]
TOTAL THIS MO. 1141 CLEAR (SCALE 0-3) 14
DPTR FM NORMAL 59 PTCLDY (SCALE 4-7) 10
TOTAL FM JUL 1 4760 CLOUDY (SCALE 8-10) 4
DPTR FM NORMAL -653
[CDD (BASE 65) ]
TOTAL THIS MO. 0
DPTR FM NORMAL 0 [PRESSURE DATA]
TOTAL FM JAN 1 0 HIGHEST SLP 30.74 ON 22
DPTR FM NORMAL 0 LOWEST SLP 29.55 ON 15
[REMARKS]
FEBRUARY 22...RECORD LOW HIGH 0 DEGREES (PREVIOUS 15 DEGREES IN 1960)
FEBRUARY 23...RECORD LOW HIGH 3 DEGREES (PREVIOUS 4 DEGREES IN 1965)
MONTHLY PRECIPITATION TRACE WAS LAST OF SEVERAL OCCURRENCES
#FINAL-02-22#