000
CXUS55 KCYS 011530
CLMAIA
CLIMATE REPORT
NATIONAL WEATHER SERVICE CHEYENNE WY
930 AM MDT SAT APR 01 2023
...................................
...THE ALLIANCE NEBRASKA AIRPORT CLIMATE SUMMARY FOR THE MONTH OF MARCH 2023...
CLIMATE NORMAL PERIOD 1991 TO 2020
CLIMATE RECORD PERIOD 1896 TO 2023
WEATHER OBSERVED NORMAL DEPART LAST YEAR`S
VALUE DATE(S) VALUE FROM VALUE DATE(S)
NORMAL
................................................................
TEMPERATURE (F)
RECORD
HIGH 84 03/29/1943
03/22/1910
LOW -25 03/05/1989
HIGHEST 70 03/15 MM MM 80
LOWEST 9 03/18 MM MM -12
AVG. MAXIMUM 43.4 51.2 -7.8 50.9
AVG. MINIMUM 19.2 21.6 -2.4 18.5
MEAN 31.3 36.4 -5.1 34.7
DAYS MAX >= 90 0 0.0 0.0 0
DAYS MAX <= 32 3 2.8 0.2 7
DAYS MIN <= 32 31 28.4 2.6 29
DAYS MIN <= 0 0 1.0 -1.0 5
PRECIPITATION (INCHES)
RECORD
MAXIMUM 2.39 1973
TOTALS 0.17 0.60 -0.43 0.08
DAYS >= .01 3 4.8 -1.8 MM
DAYS >= .10 1 1.8 -0.8 MM
DAYS >= .50 0 0.3 -0.3 MM
DAYS >= 1.00 0 0.0 0.0 MM
GREATEST
24 HR. TOTAL 0.12 03/31 TO 03/31 0.07 03/17 TO 03/17
DEGREE DAYS
HEATING TOTAL 1040 887 153 921
SINCE 7/1 6433 6300 133 MM
COOLING TOTAL 0 0 0 0
SINCE 1/1 0 0 0 MM
................................................................
WIND (MPH)
AVERAGE WIND SPEED 11.6
HIGHEST WIND SPEED/DIRECTION 41/280 DATE 03/21
HIGHEST GUST SPEED/DIRECTION 53/320 DATE 03/17
SKY COVER
POSSIBLE SUNSHINE (PERCENT) MM
AVERAGE SKY COVER 0.42
NUMBER OF DAYS FAIR 15
NUMBER OF DAYS PC 9
NUMBER OF DAYS CLOUDY 7
AVERAGE RH (PERCENT) 68
WEATHER CONDITIONS. NUMBER OF DAYS WITH
THUNDERSTORM 0 MIXED PRECIP 0
HEAVY RAIN 0 RAIN 0
LIGHT RAIN 1 FREEZING RAIN 0
LT FREEZING RAIN 0 HAIL 0
HEAVY SNOW 1 SNOW 3
LIGHT SNOW 11 SLEET 0
FOG 17 FOG W/VIS <= 1/4 MILE 1
HAZE 3
- INDICATES NEGATIVE NUMBERS.
R INDICATES RECORD WAS SET OR TIED.
MM INDICATES DATA IS MISSING.
T INDICATES TRACE AMOUNT.
$$