000
CXUS53 KGRB 121724
CF6AIG
PRELIMINARY LOCAL CLIMATOLOGICAL DATA (WS FORM: F-6)
STATION: ANTIGO AWOS
MONTH: DECEMBER
YEAR: 2020
LATITUDE: 45 9 N
LONGITUDE: 89 8 W
TEMPERATURE IN F: :PCPN: SNOW: WIND :SUNSHINE: SKY :PK WND
================================================================================
1 2 3 4 5 6A 6B 7 8 9 10 11 12 13 14 15 16 17 18
12Z AVG MX 2MIN
DY MAX MIN AVG DEP HDD CDD WTR SNW DPTH SPD SPD DIR MIN PSBL S-S WX SPD DR
================================================================================
1 34 15 25 3 40 0 M M M 7.0 12 10 M M 0 M M
2 44 14 29 7 36 0 M M M 8.2 20 280 M M 1 25 280
3 37 28 33 12 32 0 M M M 13.3 17 260 M M 8 23 300
4 36 22 29 8 36 0 M M M 7.7 12 10 M M 5 18 10
5 30 20 25 5 40 0 M M M 1.7 6 180 M M 6 M M
6 32 16 24 4 41 0 M M M 3.1 10 290 M M 7 1 M M
7 30 27 29 10 36 0 M M M 2.5 7 310 M M 10 M M
8 29 25 27 8 38 0 M M M 10.3 15 270 M M 10 1 22 260
9 46 24 35 17 30 0 M M M 5.6 13 290 M M 1 1 17 320
10 49 23 36 18 29 0 M M M 5.3 13 210 M M 0 20 10
11 35 26 31 13 34 0 M M M 11.1 15 40 M M 3 22 360
12 30 21 26 9 39 0 M M M 15.2 21 360 M M 8 28 30
13 22 19 21 4 44 0 M M M 7.6 16 260 M M 10 21 260
14 21 7 14 -2 51 0 M M M 9.8 16 300 M M 5 25 300
15 18 -1 9 -7 56 0 M M M 4.1 10 160 M M 6 M M
16 28 13 21 5 44 0 M M M 3.2 7 140 M M 8 1 M M
17 29 16 23 8 42 0 M M M 2.5 8 150 M M 9 M M
18 28 14 21 6 44 0 M M M 8.7 16 170 M M 6 1 22 160
19 32 25 29 14 36 0 0.03 M M 2.4 7 20 M M 10 1 M M
20 29 20 25 11 40 0 M M M 8.3 13 240 M M 8 22 230
21 32 22 27 13 38 0 M M M 7.7 16 350 M M 10 1 21 340
22 30 26 28 14 37 0 M M M 9.5 17 150 M M 9 24 150
23 42 27 35 21 30 0 M M M 12.9 21 220 M M 9 31 230
24 27 4 16 2 49 0 M M M 13.7 21 330 M M 10 29 330
25 17 4 11 -2 54 0 M M M 10.4 17 320 M M 9 22 330
26 24 13 19 6 46 0 M M M 6.2 13 320 M M 8 1 20 300
27 25 13 19 6 46 0 M M M 6.3 15 340 M M 7 22 340
28 22 11 17 4 48 0 M M M 11.4 18 270 M M 7 24 300
29 19 -7 6 -6 59 0 M M M 5.0 15 130 M M 3 17 130
30 24 19 22 10 43 0 M M M 12.7 22 280 M M 10 1 31 280
31 24 1 13 1 52 0 M M M 5.8 13 310 M M 5 1 17 300
================================================================================
SM 925 507 1290 0 0.03 M 238.9 M 208
================================================================================
AV 29.8 16.4 7.7 FASTST M M 7 MAX(MPH)
MISC ----> 22 280 31 230
================================================================================
NOTES:
# LAST OF SEVERAL OCCURRENCES
COLUMN 17 PEAK WIND IN M.P.H.
PRELIMINARY LOCAL CLIMATOLOGICAL DATA (WS FORM: F-6) , PAGE 2
STATION: ANTIGO AWOS
MONTH: DECEMBER
YEAR: 2020
LATITUDE: 45 9 N
LONGITUDE: 89 8 W
[TEMPERATURE DATA] [PRECIPITATION DATA] SYMBOLS USED IN COLUMN 16
AVERAGE MONTHLY: 23.1 TOTAL FOR MONTH: 0.03 1 = FOG OR MIST
DPTR FM NORMAL: 6.9 DPTR FM NORMAL: -1.03 2 = FOG REDUCING VISIBILITY
HIGHEST: 49 ON 10 GRTST 24HR 0.03 ON 19-19 TO 1/4 MILE OR LESS
LOWEST: -7 ON 29 3 = THUNDER
SNOW, ICE PELLETS, HAIL 4 = ICE PELLETS
TOTAL MONTH: M 5 = HAIL
GRTST 24HR M ON M 6 = FREEZING RAIN OR DRIZZLE
GRTST DEPTH: M ON M 7 = DUSTSTORM OR SANDSTORM:
VSBY 1/2 MILE OR LESS
8 = SMOKE OR HAZE
[NO. OF DAYS WITH] [WEATHER - DAYS WITH] 9 = BLOWING SNOW
X = TORNADO
MAX 32 OR BELOW: 23 0.01 INCH OR MORE: 1
MAX 90 OR ABOVE: 0 0.10 INCH OR MORE: 0
MIN 32 OR BELOW: 31 0.50 INCH OR MORE: 0
MIN 0 OR BELOW: 2 1.00 INCH OR MORE: 0
[HDD (BASE 65) ]
TOTAL THIS MO. 1290 CLEAR (SCALE 0-3) 4
DPTR FM NORMAL -223 PTCLDY (SCALE 4-7) 15
TOTAL FM JUL 1 3330 CLOUDY (SCALE 8-10) 12
DPTR FM NORMAL -283
[CDD (BASE 65) ]
TOTAL THIS MO. 0
DPTR FM NORMAL 0 [PRESSURE DATA]
TOTAL FM JAN 1 304 HIGHEST SLP M ON M
DPTR FM NORMAL 44 LOWEST SLP M ON M
[REMARKS]
#FINAL-12-20#