000
CXAK56 PAJK 032131
CF6AJN
PRELIMINARY LOCAL CLIMATOLOGICAL DATA (WS FORM: F-6)
STATION: JUNEAU
MONTH: AUGUST
YEAR: 2021
LATITUDE: 58 22 N
LONGITUDE: 134 35 W
TEMPERATURE IN F: :PCPN: SNOW: WIND :SUNSHINE: SKY :PK WND
================================================================================
1 2 3 4 5 6A 6B 7 8 9 10 11 12 13 14 15 16 17 18
12Z AVG MX 2MIN
DY MAX MIN AVG DEP HDD CDD WTR SNW DPTH SPD SPD DIR MIN PSBL S-S WX SPD DR
================================================================================
1 77 56 67 9 0 2 0.00 0.0 0 7.3 13 90 M M 4 15 240
2 69 57 63 5 2 0 T 0.0 0 7.9 18 120 M M 8 1 23 120
3 68 51 60 2 5 0 T 0.0 0 4.3 13 250 M M 9 14 240
4 65 56 61 3 4 0 0.17 0.0 0 4.1 15 80 M M 10 1 18 90
5 69 57 63 5 2 0 0.22 0.0 0 6.8 14 110 M M 9 1 16 100
6 60 56 58 0 7 0 0.58 0.0 0 6.8 14 90 M M 10 1 18 80
7 67 54 61 4 4 0 0.04 0.0 0 2.4 9 290 M M 9 1 10 230
8 62 55 59 2 6 0 0.82 0.0 0 9.5 23 120 M M 9 1 31 110
9 60 53 57 0 8 0 0.10 0.0 0 9.1 22 100 M M 10 1 27 100
10 60 53 57 0 8 0 0.22 0.0 0 11.4 25 120 M M 10 1 35 120
11 56 53 55 -2 10 0 0.35 0.0 0 13.6 23 110 M M 10 1 29 120
12 63 55 59 2 6 0 0.36 0.0 0 15.1 23 120 M M 10 1 32 120
13 64 54 59 2 6 0 1.56 0.0 0 12.0 30 120 M M 9 18 39 120
14 62 51 57 0 8 0 0.81 0.0 0 2.7 12 90 M M 10 1 13 90
15 57 49 53 -3 12 0 0.07 0.0 0 7.4 14 80 M M 9 1 17 100
16 62 51 57 1 8 0 T 0.0 0 2.4 8 290 M M 10 1 11 360
17 55 51 53 -3 12 0 0.53 0.0 0 11.5 23 110 M M 10 1 31 110
18 56 52 54 -2 11 0 0.46 0.0 0 10.1 20 100 M M 10 1 23 110
19 62 50 56 0 9 0 T 0.0 0 1.8 8 100 M M 10 1 9 110
20 62 46 54 -2 11 0 0.01 0.0 0 2.9 10 280 M M 9 1 13 350
21 64 46 55 0 10 0 T 0.0 0 3.6 10 240 M M 7 1 12 250
22 70 40 55 0 10 0 0.00 0.0 0 3.4 13 240 M M 2 2 14 240
23 71 42 57 2 8 0 T 0.0 0 5.5 16 90 M M 5 1 19 80
24 59 53 56 1 9 0 0.11 0.0 0 11.2 17 110 M M 10 1 22 110
25 61 54 58 3 7 0 0.04 0.0 0 10.0 17 80 M M 10 1 21 70
26 61 52 57 3 8 0 0.12 0.0 0 6.9 14 90 M M 10 1 16 90
27 59 53 56 2 9 0 0.41 0.0 0 10.1 25 120 M M 10 1 31 120
28 56 51 54 0 11 0 1.41 0.0 0 10.9 23 110 M M 10 1 27 130
29 53 50 52 -2 13 0 0.21 0.0 0 7.0 10 60 M M 10 1 14 80
30 64 47 56 2 9 0 0.02 0.0 0 2.8 10 230 M M 6 1 14 230
31 67 46 57 4 8 0 0.00 0.0 0 2.7 9 230 M M 4 1 10 230
================================================================================
SM 1941 1594 241 2 8.62 0.0 223.2 M 269
================================================================================
AV 62.6 51.4 7.2 FASTST M M 9 MAX(MPH)
MISC ----> 30 120 39 120
================================================================================
NOTES:
# LAST OF SEVERAL OCCURRENCES
COLUMN 17 PEAK WIND IN M.P.H.
PRELIMINARY LOCAL CLIMATOLOGICAL DATA (WS FORM: F-6) , PAGE 2
STATION: JUNEAU
MONTH: AUGUST
YEAR: 2021
LATITUDE: 58 22 N
LONGITUDE: 134 35 W
[TEMPERATURE DATA] [PRECIPITATION DATA] SYMBOLS USED IN COLUMN 16
AVERAGE MONTHLY: 57.0 TOTAL FOR MONTH: 8.62 1 = FOG OR MIST
DPTR FM NORMAL: 1.0 DPTR FM NORMAL: 2.21 2 = FOG REDUCING VISIBILITY
HIGHEST: 77 ON 1 GRTST 24HR 1.84 ON 12-13 TO 1/4 MILE OR LESS
LOWEST: 40 ON 22 3 = THUNDER
SNOW, ICE PELLETS, HAIL 4 = ICE PELLETS
TOTAL MONTH: 0.0 INCH 5 = HAIL
GRTST 24HR 0.0 6 = FREEZING RAIN OR DRIZZLE
GRTST DEPTH: 0 7 = DUSTSTORM OR SANDSTORM:
VSBY 1/2 MILE OR LESS
8 = SMOKE OR HAZE
[NO. OF DAYS WITH] [WEATHER - DAYS WITH] 9 = BLOWING SNOW
X = TORNADO
MAX 32 OR BELOW: 0 0.01 INCH OR MORE: 22
MAX 90 OR ABOVE: 0 0.10 INCH OR MORE: 17
MIN 32 OR BELOW: 0 0.50 INCH OR MORE: 6
MIN 0 OR BELOW: 0 1.00 INCH OR MORE: 2
[HDD (BASE 65) ]
TOTAL THIS MO. 241 CLEAR (SCALE 0-3) 1
DPTR FM NORMAL -39 PTCLDY (SCALE 4-7) 5
TOTAL FM JUL 1 426 CLOUDY (SCALE 8-10) 25
DPTR FM NORMAL -102
[CDD (BASE 65) ]
TOTAL THIS MO. 2
DPTR FM NORMAL 2 [PRESSURE DATA]
TOTAL FM JAN 1 6 HIGHEST SLP 30.32 ON 11
DPTR FM NORMAL 4 LOWEST SLP 29.51 ON 28
[REMARKS]
#FINAL-08-21#