000
CXAK56 PAJK 011410
CF6AJN
PRELIMINARY LOCAL CLIMATOLOGICAL DATA (WS FORM: F-6)
STATION: JUNEAU
MONTH: JANUARY
YEAR: 2024
LATITUDE: 58 22 N
LONGITUDE: 134 35 W
TEMPERATURE IN F: :PCPN: SNOW: WIND :SUNSHINE: SKY :PK WND
================================================================================
1 2 3 4 5 6A 6B 7 8 9 10 11 12 13 14 15 16 17 18
12Z AVG MX 2MIN
DY MAX MIN AVG DEP HDD CDD WTR SNW DPTH SPD SPD DIR MIN PSBL S-S WX SPD DR
================================================================================
1 34 31 33 4 32 0 0.10 0.9 T 1.2 6 100 M M 10 2 7 270
2 34 29 32 4 33 0 T T T 0.4 6 120 M M 9 12 6 100
3 33 30 32 4 33 0 0.27 1.6 T 1.2 7 90 M M 10 1 10 100
4 39 32 36 8 29 0 0.19 0.0 1 8.1 18 120 M M 10 1 24 130
5 38 32 35 7 30 0 0.03 0.0 0 3.0 13 100 M M 10 12 16 100
6 33 22 28 0 37 0 T 0.1 0 1.0 7 90 M M 6 1 9 80
7 31 20 26 -2 39 0 0.03 1.0 0 5.7 18 100 M M 7 16 26 100
8 33 23 28 0 37 0 0.05 1.8 2 6.9 20 100 M M 9 1 24 100
9 28 16 22 -6 43 0 T 0.0 2 2.2 15 110 M M 4 1 21 100
10 27 14 21 -7 44 0 0.00 0.0 2 13.6 21 100 M M 1 29 100
11 15 9 12 -16 53 0 0.00 0.0 1 12.7 21 60 M M 1 27 80
12 16 2 9 -19 56 0 0.02 1.0 2 4.6 10 90 M M 5 1 14 110
13 26 15 21 -7 44 0 0.36 13.4 3 10.6 18 90 M M 10 1 24 100
14 32 26 29 1 36 0 0.28 6.5 11 17.4 22 110 M M 10 16 29 120
15 34 31 33 5 32 0 1.06 8.4 12 12.5 23 120 M M 10 12 30 120
16 31 16 24 -4 41 0 0.00 0.0 13 2.9 8 120 M M 4 12 12 140
17 34 15 25 -3 40 0 0.00 0.0 11 5.1 26 90 M M 7 9 39 80
18 28 15 22 -6 43 0 0.00 0.0 11 12.2 29 120 M M 3 40 80
19 26 9 18 -10 47 0 0.00 0.0 10 1.4 9 70 M M 4 13 70
20 26 11 19 -9 46 0 T T 10 5.8 12 110 M M 9 15 110
21 26 21 24 -4 41 0 0.71 9.4 9 4.6 9 30 M M 10 1 12 60
22 26 21 24 -4 41 0 0.97 11.0 19 0.0 2 70 M M 10 12 3 140
23 29 25 27 -2 38 0 1.37 14.1 28 0.1 3 270 M M 10 1 5 250
24 34 28 31 2 34 0 0.31 0.8 36 1.8 8 110 M M 10 16 9 110
25 35 32 34 5 31 0 0.03 0.0 33 4.4 10 80 M M 10 16 14 100
26 43 33 38 9 27 0 0.31 0.0 31 12.7 31 110 M M 10 1 43 100
27 43 39 41 12 24 0 0.25 0.0 17 16.0 33 120 M M 9 1 46 110
28 46 40 43 14 22 0 0.85 0.0 10 21.6 28 130 M M 10 1 43 130
29 48 40 44 15 21 0 1.84 0.0 1 22.9 40 110 M M 10 1 57 120
30 44 32 38 9 27 0 0.21 T 0 6.9 28 110 M M 10 1 37 110
31 33 29 31 2 34 0 0.44 6.8 0 2.8 10 260 M M 10 1 13 250
================================================================================
SM 1005 738 1135 0 9.68 76.8 222.3 M 248
================================================================================
AV 32.4 23.8 7.2 FASTST M M 8 MAX(MPH)
MISC ----> 40 110 57 120
================================================================================
NOTES:
# LAST OF SEVERAL OCCURRENCES
COLUMN 17 PEAK WIND IN M.P.H.
PRELIMINARY LOCAL CLIMATOLOGICAL DATA (WS FORM: F-6) , PAGE 2
STATION: JUNEAU
MONTH: JANUARY
YEAR: 2024
LATITUDE: 58 22 N
LONGITUDE: 134 35 W
[TEMPERATURE DATA] [PRECIPITATION DATA] SYMBOLS USED IN COLUMN 16
AVERAGE MONTHLY: 28.1 TOTAL FOR MONTH: 9.68 1 = FOG OR MIST
DPTR FM NORMAL: -0.4 DPTR FM NORMAL: 3.66 2 = FOG REDUCING VISIBILITY
HIGHEST: 48 ON 29 GRTST 24HR 2.99 ON 25-26 TO 1/4 MILE OR LESS
LOWEST: 2 ON 12 3 = THUNDER
SNOW, ICE PELLETS, HAIL 4 = ICE PELLETS
TOTAL MONTH: 76.8 INCHES 5 = HAIL
GRTST 24HR 14.1 ON 23-23 6 = FREEZING RAIN OR DRIZZLE
GRTST DEPTH: 36 ON 24 7 = DUSTSTORM OR SANDSTORM:
VSBY 1/2 MILE OR LESS
8 = SMOKE OR HAZE
[NO. OF DAYS WITH] [WEATHER - DAYS WITH] 9 = BLOWING SNOW
X = TORNADO
MAX 32 OR BELOW: 14 0.01 INCH OR MORE: 21
MAX 90 OR ABOVE: 0 0.10 INCH OR MORE: 16
MIN 32 OR BELOW: 27 0.50 INCH OR MORE: 6
MIN 0 OR BELOW: 0 1.00 INCH OR MORE: 3
[HDD (BASE 65) ]
TOTAL THIS MO. 1135 CLEAR (SCALE 0-3) 3
DPTR FM NORMAL 2 PTCLDY (SCALE 4-7) 7
TOTAL FM JUL 1 4228 CLOUDY (SCALE 8-10) 21
DPTR FM NORMAL -603
[CDD (BASE 65) ]
TOTAL THIS MO. 0
DPTR FM NORMAL 0 [PRESSURE DATA]
TOTAL FM JAN 1 0 HIGHEST SLP M ON M
DPTR FM NORMAL 0 LOWEST SLP 28.83 ON 29
[REMARKS]
#FINAL-01-24#