891
CXUS55 KBOU 012358
CF6AKO
PRELIMINARY LOCAL CLIMATOLOGICAL DATA (WS FORM: F-6)
STATION: AKRON CO
MONTH: SEPTEMBER
YEAR: 2020
LATITUDE: 40 10 N
LONGITUDE: 103 13 W
TEMPERATURE IN F: :PCPN: SNOW: WIND :SUNSHINE: SKY :PK WND
================================================================================
1 2 3 4 5 6A 6B 7 8 9 10 11 12 13 14 15 16 17 18
12Z AVG MX 2MIN
DY MAX MIN AVG DEP HDD CDD WTR SNW DPTH SPD SPD DIR MIN PSBL S-S WX SPD DR
================================================================================
1 79 52 66 -3 0 1 0.01 M M 7.1 18 10 M M 0 1 23 10
2 90 48 69 0 0 4 0.00 M M 7.9 21 220 M M 0 28 230
3 79 51 65 -3 0 0 0.00 M M 11.3 28 300 M M 0 41 320
4 90 57 74 6 0 9 0.00 M M 9.8 17 100 M M 0 21 220
5 100 61 81 13 0 16 0.00 M M 12.1 21 210 M M 0 29 210
6 96 64 80 13 0 15 0.00 M M 14.6 24 340 M M 0 8 31 340
7 85 40 63 -4 2 0 0.56 M M 18.4 37 50 M M 1 13 51 50
8 42 31 37 -29 28 0 0.28 M M 19.0 29 40 M M 10 1 39 40
9 41 29 35 -31 30 0 0.02 M M 5.6 16 30 M M 10 1 22 40
10 53 33 43 -23 22 0 0.43 M M 5.8 13 110 M M 9 1 20 130
11 64 39 52 -13 13 0 0.00 M M 7.1 17 350 M M 5 22 350
12 76 44 60 -5 5 0 0.00 M M 10.9 23 330 M M 0 31 330
13 84 47 66 2 0 1 0.00 M M 8.8 15 140 M M 0 21 80
14 86 56 71 7 0 6 0.00 M M 12.3 18 150 M M 0 26 150
15 88 59 74 11 0 9 0.00 M M 9.2 18 270 M M 0 23 240
16 73 51 62 -1 3 0 0.00 M M 12.5 24 60 M M 0 8 33 40
17 86 51 69 7 0 4 0.00 M M 8.2 16 240 M M 0 8 23 240
18 83 45 64 2 1 0 0.00 M M 8.7 17 180 M M 0 18 25 170
19 88 53 71 9 0 6 0.00 M M 8.5 22 240 M M 0 30 240
20 82 54 68 7 0 3 0.00 M M 9.5 23 340 M M 0 30 340
21 86 50 68 8 0 3 0.00 M M 8.4 15 280 M M 0 23 180
22 87 56 72 12 0 7 0.00 M M 10.9 17 220 M M 0 24 200
23 86 58 72 12 0 7 0.00 M M 9.9 21 310 M M 0 27 310
24 88 54 71 12 0 6 0.00 M M 10.2 18 270 M M 0 22 280
25 86 55 71 12 0 6 0.00 M M 10.2 18 240 M M 0 25 230
26 83 55 69 11 0 4 0.00 M M 11.5 23 40 M M 0 8 30 50
27 55 38 47 -11 18 0 0.02 M M 11.9 24 20 M M 5 40 340
28 62 28 45 -12 20 0 0.00 M M 13.8 29 340 M M 1 37 340
29 81 40 61 4 4 0 0.00 M M 13.0 25 350 M M 0 32 350
30 71 45 58 2 7 0 0.00 M M 12.3 21 10 M M 0 26 10
================================================================================
SM 2350 1444 153 107 1.32 M 319.4 M 41
================================================================================
AV 78.3 48.1 10.6 FASTST M M 1 MAX(MPH)
MISC ----> 37 50 51 50
================================================================================
NOTES:
# LAST OF SEVERAL OCCURRENCES
COLUMN 17 PEAK WIND IN M.P.H.
PRELIMINARY LOCAL CLIMATOLOGICAL DATA (WS FORM: F-6) , PAGE 2
STATION: AKRON CO
MONTH: SEPTEMBER
YEAR: 2020
LATITUDE: 40 10 N
LONGITUDE: 103 13 W
[TEMPERATURE DATA] [PRECIPITATION DATA] SYMBOLS USED IN COLUMN 16
AVERAGE MONTHLY: 63.2 TOTAL FOR MONTH: 1.32 1 = FOG OR MIST
DPTR FM NORMAL: 0.2 DPTR FM NORMAL: 0.16 2 = FOG REDUCING VISIBILITY
HIGHEST: 100 ON 5 GRTST 24HR 0.73 ON 7- 8 TO 1/4 MILE OR LESS
LOWEST: 28 ON 28 3 = THUNDER
SNOW, ICE PELLETS, HAIL 4 = ICE PELLETS
TOTAL MONTH: M 5 = HAIL
GRTST 24HR M ON M 6 = FREEZING RAIN OR DRIZZLE
GRTST DEPTH: M ON M 7 = DUSTSTORM OR SANDSTORM:
VSBY 1/2 MILE OR LESS
8 = SMOKE OR HAZE
[NO. OF DAYS WITH] [WEATHER - DAYS WITH] 9 = BLOWING SNOW
X = TORNADO
MAX 32 OR BELOW: 0 0.01 INCH OR MORE: 6
MAX 90 OR ABOVE: 4 0.10 INCH OR MORE: 3
MIN 32 OR BELOW: 3 0.50 INCH OR MORE: 1
MIN 0 OR BELOW: 0 1.00 INCH OR MORE: 0
[HDD (BASE 65) ]
TOTAL THIS MO. 153 CLEAR (SCALE 0-3) 25
DPTR FM NORMAL 13 PTCLDY (SCALE 4-7) 2
TOTAL FM JUL 1 158 CLOUDY (SCALE 8-10) 3
DPTR FM NORMAL 0
[CDD (BASE 65) ]
TOTAL THIS MO. 107
DPTR FM NORMAL 29 [PRESSURE DATA]
TOTAL FM JAN 1 1083 HIGHEST SLP 30.52 ON 9
DPTR FM NORMAL 331 LOWEST SLP 29.59 ON 7
[REMARKS]
#FINAL-09-20#