662
CXUS54 KCRP 011310
CF6ALI
PRELIMINARY LOCAL CLIMATOLOGICAL DATA (WS FORM: F-6)
STATION: ALICE
MONTH: FEBRUARY
YEAR: 2021
LATITUDE: 27 44 N
LONGITUDE: 98 1 W
TEMPERATURE IN F: :PCPN: SNOW: WIND :SUNSHINE: SKY :PK WND
================================================================================
1 2 3 4 5 6A 6B 7 8 9 10 11 12 13 14 15 16 17 18
12Z AVG MX 2MIN
DY MAX MIN AVG DEP HDD CDD WTR SNW DPTH SPD SPD DIR MIN PSBL S-S WX SPD DR
================================================================================
1 72 42 57 -1 8 0 0.00 0.0 0 7.6 17 30 M M 0 22 50
2 74 35 55 -3 10 0 0.00 0.0 0 5.0 14 160 M M 0 18 160
3 81 44 63 4 2 0 0.00 0.0 0 10.1 22 130 M M 1 27 130
4 90 55 73 14 0 8 0.00 0.0 0 8.3 23 190 M M 0 12 29 190
5 68 57 63 4 2 0 0.00 0.0 0 10.4 22 50 M M 9 18 29 50
6 77 52 65 6 0 0 0.00 0.0 0 7.6 21 340 M M 6 18 24 330
7 77 39 58 -2 7 0 0.00 0.0 0 8.4 21 130 M M 0 24 130
8 79 49 64 4 1 0 0.00 0.0 0 8.4 18 140 M M 7 1 21 140
9 85 66 76 16 0 11 0.00 0.0 0 7.3 20 120 M M 8 18 26 120
10 70 49 60 0 5 0 T 0.0 0 10.6 18 20 M M 10 128 22 20
11 49 38 44 -16 21 0 0.04 0.0 0 14.4 21 20 M M 10 1 26 20
12 40 35 38 -23 27 0 T 0.0 0 13.4 23 20 M M 10 1 27 20
13 36 33 35 -26 30 0 0.02 0.0 0 11.8 17 20 M M 10 1 22 20
14 35 26 31 -30 34 0 0.09 T 0 14.6 26 360 M M 10 16 35 10
15 32 17 25 -36 40 0 T T 0 12.9 25 330 M M 7 1 33 330
16 M M M M M M M M M M M M M M 4 M M
17 M M M M M M M M M M M M M M M M M
18 48 33 41 -21 24 0 T 0.0 0 M M M M M M M M
19 54 26 40 -22 25 0 0.00 0.0 0 M M M M M M M M
20 67 24 46 -16 19 0 0.00 0.0 0 M M M M M M M M
21 83 41 62 -1 3 0 0.00 0.0 0 M M M M M M M M
22 80 50 65 2 0 0 0.00 0.0 0 M M M M M M M M
23 83 46 65 2 0 0 0.00 0.0 0 9.2 22 120 M M 6 2 29 120
24 92 65 79 16 0 14 0.00 0.0 0 9.6 22 120 M M 5 26 220
25 85 65 75 12 0 10 0.00 0.0 0 13.3 26 130 M M 8 18 35 130
26 85 66 76 12 0 11 0.00 0.0 0 7.9 15 150 M M 7 12 20 270
27 79 68 74 10 0 9 0.00 0.0 M 12.0 22 130 M M 8 1 26 120
28 89 69 79 15 0 14 0.00 0.0 0 11.1 20 170 M M 8 1 26 160
================================================================================
SM 1810 1190 258 77 0.15 T 213.9 M 134
================================================================================
AV 69.6 45.8 10.2 FASTST M M 6 MAX(MPH)
MISC ----> # 26 360 # 35 10
================================================================================
NOTES:
# LAST OF SEVERAL OCCURRENCES
COLUMN 17 PEAK WIND IN M.P.H.
PRELIMINARY LOCAL CLIMATOLOGICAL DATA (WS FORM: F-6) , PAGE 2
STATION: ALICE
MONTH: FEBRUARY
YEAR: 2021
LATITUDE: 27 44 N
LONGITUDE: 98 1 W
[TEMPERATURE DATA] [PRECIPITATION DATA] SYMBOLS USED IN COLUMN 16
AVERAGE MONTHLY: 57.7 TOTAL FOR MONTH: 0.15 1 = FOG OR MIST
DPTR FM NORMAL: -3.5 DPTR FM NORMAL: -1.49 2 = FOG REDUCING VISIBILITY
HIGHEST: 92 ON 24 GRTST 24HR 0.09 ON 14-14 TO 1/4 MILE OR LESS
LOWEST: 17 ON 15 3 = THUNDER
SNOW, ICE PELLETS, HAIL 4 = ICE PELLETS
TOTAL MONTH: T 5 = HAIL
GRTST 24HR T ON 14-14 6 = FREEZING RAIN OR DRIZZLE
GRTST DEPTH: 0 7 = DUSTSTORM OR SANDSTORM:
VSBY 1/2 MILE OR LESS
8 = SMOKE OR HAZE
[NO. OF DAYS WITH] [WEATHER - DAYS WITH] 9 = BLOWING SNOW
X = TORNADO
MAX 32 OR BELOW: 1 0.01 INCH OR MORE: 3
MAX 90 OR ABOVE: 2 0.10 INCH OR MORE: 0
MIN 32 OR BELOW: 4 0.50 INCH OR MORE: 0
MIN 0 OR BELOW: 0 1.00 INCH OR MORE: 0
[HDD (BASE 65) ]
TOTAL THIS MO. 258 CLEAR (SCALE 0-3) 5
DPTR FM NORMAL 93 PTCLDY (SCALE 4-7) 9
TOTAL FM JUL 1 764 CLOUDY (SCALE 8-10) 14
DPTR FM NORMAL -39
[CDD (BASE 65) ]
TOTAL THIS MO. 77
DPTR FM NORMAL 18 [PRESSURE DATA]
TOTAL FM JAN 1 128 HIGHEST SLP 30.60 ON 19
DPTR FM NORMAL 42 LOWEST SLP 29.68 ON 4
[REMARKS]
#FINAL-02-21#