000
CXUS53 KDMX 130321
CF6ALO
PRELIMINARY LOCAL CLIMATOLOGICAL DATA (WS FORM: F-6)
STATION: WATERLOO IA
MONTH: JULY
YEAR: 2022
LATITUDE: 42 32 N
LONGITUDE: 92 24 W
TEMPERATURE IN F: :PCPN: SNOW: WIND :SUNSHINE: SKY :PK WND
================================================================================
1 2 3 4 5 6A 6B 7 8 9 10 11 12 13 14 15 16 17 18
12Z AVG MX 2MIN
DY MAX MIN AVG DEP HDD CDD WTR SNW DPTH SPD SPD DIR MIN PSBL S-S WX SPD DR
================================================================================
1 83 61 72 -2 0 7 0.00 0.0 0 5.3 14 300 M M 1 20 330
2 87 56 72 -2 0 7 0.00 0.0 0 5.6 22 30 M M 1 28 30
3 88 58 73 -1 0 8 0.00 0.0 0 8.3 20 170 M M 0 1 26 160
4 92 70 81 6 0 16 0.88 0.0 0 9.5 23 170 M M 4 138 32 180
5 94 71 83 8 0 18 0.73 0.0 0 5.9 35 330 M M 2 13 52 310
6 84 70 77 2 0 12 0.00 0.0 0 5.7 13 70 M M 5 17 80
7 86 70 78 3 0 13 0.31 0.0 0 6.3 15 100 M M 7 138 17 90
8 83 68 76 1 0 11 0.27 0.0 0 9.2 20 80 M M 8 1 26 80
9 85 62 74 -1 0 9 0.00 0.0 0 3.6 10 80 M M 1 13 80
10 87 66 77 2 0 12 0.01 0.0 0 10.9 24 170 M M 2 3 33 190
11 85 69 77 2 0 12 0.30 0.0 0 12.0 24 250 M M 3 13 35 260
12 85 61 73 -2 0 8 0.00 0.0 0 8.1 16 300 M M 1 22 300
13 86 65 76 1 0 11 0.00 0.0 0 6.3 14 50 M M 2 17 320
14 86 66 76 1 0 11 0.00 0.0 0 10.7 20 140 M M 3 26 140
15 83 69 76 1 0 11 0.21 0.0 0 11.4 24 150 M M 6 13 33 170
16 80 66 73 -2 0 8 0.00 0.0 0 5.6 14 60 M M 5 12 16 50
17 87 67 77 2 0 12 0.00 0.0 0 3.7 12 10 M M 3 1 17 40
18 90 63 77 2 0 12 0.00 0.0 0 4.5 12 260 M M 0 17 270
19 92 69 81 6 0 16 0.00 0.0 0 12.5 29 180 M M 1 41 200
20 87 68 78 3 0 13 0.00 0.0 0 13.5 25 310 M M 0 38 280
21 88 61 75 1 0 10 0.00 0.0 0 8.4 22 300 M M 1 31 300
22 91 60 76 2 0 11 0.00 0.0 0 7.9 17 180 M M 0 23 170
23 92 74 83 9 0 18 0.06 0.0 0 8.7 40 210 M M 2 3 55 210
24 83 63 73 -1 0 8 0.39 0.0 0 10.0 21 330 M M 3 13 26 330
25 79 58 69 -5 0 4 0.00 0.0 0 3.8 12 270 M M 2 14 300
26 82 60 71 -3 0 6 0.00 0.0 0 5.1 13 170 M M 3 16 170
27 85 66 76 2 0 11 0.11 0.0 0 8.7 29 320 M M 3 13 38 310
28 79 60 70 -4 0 5 0.23 0.0 0 9.3 18 320 M M 2 1 28 310
29 81 57 69 -5 0 4 0.00 0.0 0 6.5 16 350 M M 1 23 300
30 84 54 69 -5 0 4 0.00 0.0 0 5.2 13 190 M M 1 1 20 180
31 86 63 75 1 0 10 0.00 0.0 0 11.1 23 160 M M 3 3 31 200
================================================================================
SM 2660 1991 0 318 3.50 0.0 243.3 M 76
================================================================================
AV 85.8 64.2 7.8 FASTST M M 2 MAX(MPH)
MISC ----> 40 210 55 210
================================================================================
NOTES:
# LAST OF SEVERAL OCCURRENCES
COLUMN 17 PEAK WIND IN M.P.H.
PRELIMINARY LOCAL CLIMATOLOGICAL DATA (WS FORM: F-6) , PAGE 2
STATION: WATERLOO IA
MONTH: JULY
YEAR: 2022
LATITUDE: 42 32 N
LONGITUDE: 92 24 W
[TEMPERATURE DATA] [PRECIPITATION DATA] SYMBOLS USED IN COLUMN 16
AVERAGE MONTHLY: 75.0 TOTAL FOR MONTH: 3.50 1 = FOG OR MIST
DPTR FM NORMAL: 0.5 DPTR FM NORMAL: -0.84 2 = FOG REDUCING VISIBILITY
HIGHEST: 94 ON 5 GRTST 24HR 0.88 ON 4- 4 TO 1/4 MILE OR LESS
LOWEST: 54 ON 30 3 = THUNDER
SNOW, ICE PELLETS, HAIL 4 = ICE PELLETS
TOTAL MONTH: 0.0 INCH 5 = HAIL
GRTST 24HR 0.0 6 = FREEZING RAIN OR DRIZZLE
GRTST DEPTH: 0 7 = DUSTSTORM OR SANDSTORM:
VSBY 1/2 MILE OR LESS
8 = SMOKE OR HAZE
[NO. OF DAYS WITH] [WEATHER - DAYS WITH] 9 = BLOWING SNOW
X = TORNADO
MAX 32 OR BELOW: 0 0.01 INCH OR MORE: 11
MAX 90 OR ABOVE: 6 0.10 INCH OR MORE: 9
MIN 32 OR BELOW: 0 0.50 INCH OR MORE: 2
MIN 0 OR BELOW: 0 1.00 INCH OR MORE: 0
[HDD (BASE 65) ]
TOTAL THIS MO. 0 CLEAR (SCALE 0-3) 22
DPTR FM NORMAL -3 PTCLDY (SCALE 4-7) 9
TOTAL FM JUL 1 0 CLOUDY (SCALE 8-10) 0
DPTR FM NORMAL 0
[CDD (BASE 65) ]
TOTAL THIS MO. 318
DPTR FM NORMAL 21 [PRESSURE DATA]
TOTAL FM JAN 1 651 HIGHEST SLP 30.21 ON 9
DPTR FM NORMAL 70 LOWEST SLP 29.61 ON 19
[REMARKS]
#FINAL-07-22#