000
CXUS56 KPDT 020532
CF6ALW
PRELIMINARY LOCAL CLIMATOLOGICAL DATA (WS FORM: F-6)
STATION: WALLA WALLA WA
MONTH: JULY
YEAR: 2020
LATITUDE: 46 5 N
LONGITUDE: 118 17 W
TEMPERATURE IN F: :PCPN: SNOW: WIND :SUNSHINE: SKY :PK WND
================================================================================
1 2 3 4 5 6A 6B 7 8 9 10 11 12 13 14 15 16 17 18
12Z AVG MX 2MIN
DY MAX MIN AVG DEP HDD CDD WTR SNW DPTH SPD SPD DIR MIN PSBL S-S WX SPD DR
================================================================================
1 72 54 63 -8 2 0 0.00 M M 16.1 24 190 M M 8 31 180
2 79 53 66 -5 0 1 0.00 M M 10.3 21 210 M M 3 27 170
3 84 50 67 -5 0 2 0.00 M M 7.3 14 160 M M 0 22 170
4 82 57 70 -2 0 5 0.00 M M 8.0 15 240 M M 0 22 230
5 83 56 70 -2 0 5 0.00 M M 6.6 13 150 M M 0 16 200
6 86 56 71 -2 0 6 T M M 8.2 24 180 M M 1 3 30 180
7 78 57 68 -5 0 3 T M M 14.9 23 190 M M 4 30 210
8 80 57 69 -4 0 4 0.00 M M 9.1 20 170 M M 2 22 170
9 85 57 71 -3 0 6 0.05 M M 8.1 20 130 M M 2 24 140
10 85 59 72 -2 0 7 0.00 M M 8.5 16 190 M M 1 22 200
11 92 56 74 0 0 9 0.00 M M 8.7 22 220 M M 0 27 220
12 81 60 71 -4 0 6 0.00 M M 9.9 18 190 M M 1 26 210
13 80 55 68 -7 0 3 0.00 M M 6.6 12 70 M M 1 17 290
14 88 51 70 -5 0 5 0.00 M M 5.7 14 280 M M 0 18 310
15 90 56 73 -2 0 8 0.00 M M 6.9 15 230 M M 0 19 250
16 94 64 79 3 0 14 0.00 M M 8.6 15 240 M M 0 22 240
17 86 63 75 -1 0 10 0.00 M M 10.8 20 190 M M 0 26 210
18 89 59 74 -2 0 9 0.00 M M 5.7 13 240 M M 0 16 240
19 95 60 78 2 0 13 0.00 M M 5.8 14 260 M M 0 18 260
20 97 63 80 4 0 15 0.00 M M 6.1 16 280 M M 0 20 290
21 100 65 83 6 0 18 0.00 M M 6.8 15 220 M M 0 20 220
22 96 70 83 6 0 18 0.00 M M 9.9 16 250 M M 0 22 250
23 89 66 78 1 0 13 0.00 M M 9.7 16 210 M M 0 21 180
24 84 59 72 -5 0 7 0.00 M M 11.2 21 210 M M 0 8 26 220
25 84 56 70 -7 0 5 0.00 M M 7.3 13 200 M M 0 16 160
26 95 55 75 -2 0 10 0.00 M M 5.9 14 230 M M 0 19 350
27 97 60 79 2 0 14 0.00 M M 5.6 10 80 M M 0 17 230
28 100 73 87 10 0 22 T M M 7.0 14 180 M M 0 17 230
29 103 69 86 9 0 21 0.00 M M 5.5 18 80 M M 0 24 100
30 108 70 89 12 0 24 0.00 M M 6.2 17 20 M M 0 21 20
31 103 76 90 13 0 25 0.00 M M 10.9 18 160 M M 0 27 220
================================================================================
SM 2765 1862 2 308 0.05 M 257.9 M 23
================================================================================
AV 89.2 60.1 8.3 FASTST M M 1 MAX(MPH)
MISC ----> # 24 190 # 31 180
================================================================================
NOTES:
# LAST OF SEVERAL OCCURRENCES
COLUMN 17 PEAK WIND IN M.P.H.
PRELIMINARY LOCAL CLIMATOLOGICAL DATA (WS FORM: F-6) , PAGE 2
STATION: WALLA WALLA WA
MONTH: JULY
YEAR: 2020
LATITUDE: 46 5 N
LONGITUDE: 118 17 W
[TEMPERATURE DATA] [PRECIPITATION DATA] SYMBOLS USED IN COLUMN 16
AVERAGE MONTHLY: 74.6 TOTAL FOR MONTH: 0.05 1 = FOG OR MIST
DPTR FM NORMAL: -0.4 DPTR FM NORMAL: -0.54 2 = FOG REDUCING VISIBILITY
HIGHEST: 108 ON 30 GRTST 24HR 0.05 ON 9- 9 TO 1/4 MILE OR LESS
LOWEST: 50 ON 3 3 = THUNDER
SNOW, ICE PELLETS, HAIL 4 = ICE PELLETS
TOTAL MONTH: M 5 = HAIL
GRTST 24HR M ON M 6 = FREEZING RAIN OR DRIZZLE
GRTST DEPTH: M ON M 7 = DUSTSTORM OR SANDSTORM:
VSBY 1/2 MILE OR LESS
8 = SMOKE OR HAZE
[NO. OF DAYS WITH] [WEATHER - DAYS WITH] 9 = BLOWING SNOW
X = TORNADO
MAX 32 OR BELOW: 0 0.01 INCH OR MORE: 1
MAX 90 OR ABOVE: 13 0.10 INCH OR MORE: 0
MIN 32 OR BELOW: 0 0.50 INCH OR MORE: 0
MIN 0 OR BELOW: 0 1.00 INCH OR MORE: 0
[HDD (BASE 65) ]
TOTAL THIS MO. 2 CLEAR (SCALE 0-3) 29
DPTR FM NORMAL -4 PTCLDY (SCALE 4-7) 1
TOTAL FM JUL 1 2 CLOUDY (SCALE 8-10) 1
DPTR FM NORMAL -4
[CDD (BASE 65) ]
TOTAL THIS MO. 308
DPTR FM NORMAL -9 [PRESSURE DATA]
TOTAL FM JAN 1 436 HIGHEST SLP 30.14 ON 10
DPTR FM NORMAL -23 LOWEST SLP 29.63 ON 22
[REMARKS]
#FINAL-07-20#