000
CXUS54 KAMA 010710
CF6AMA
PRELIMINARY LOCAL CLIMATOLOGICAL DATA (WS FORM: F-6)
STATION: AMARILLO
MONTH: JULY
YEAR: 2023
LATITUDE: 35 13 N
LONGITUDE: 101 42 W
TEMPERATURE IN F: :PCPN: SNOW: WIND :SUNSHINE: SKY :PK WND
================================================================================
1 2 3 4 5 6A 6B 7 8 9 10 11 12 13 14 15 16 17 18
12Z AVG MX 2MIN
DY MAX MIN AVG DEP HDD CDD WTR SNW DPTH SPD SPD DIR MIN PSBL S-S WX SPD DR
================================================================================
1 84 59 72 -7 0 7 0.14 0.0 0 8.7 26 330 M M 4 13 37 330
2 90 63 77 -2 0 12 0.25 0.0 0 8.3 37 330 M M 1 13 53 330
3 90 60 75 -4 0 10 0.00 0.0 0 9.1 16 220 M M 0 22 210
4 93 65 79 0 0 14 0.00 0.0 0 11.8 20 190 M M 0 31 210
5 92 68 80 1 0 15 T 0.0 0 12.8 39 150 M M 1 3 54 150
6 87 63 75 -4 0 10 0.03 0.0 0 17.3 47 150 M M 1 3 59 140
7 92 65 79 0 0 14 0.12 0.0 0 18.5 33 180 M M 2 13 46 180
8 89 64 77 -2 0 12 0.01 0.0 0 12.6 25 210 M M 2 3 33 210
9 78 62 70 -10 0 5 0.00 0.0 0 10.9 28 10 M M 6 38 360
10 93 64 79 -1 0 14 0.00 0.0 0 10.2 17 230 M M 4 1 27 240
11 102 65 84 4 0 19 0.00 0.0 0 9.5 20 210 M M 0 27 210
12 103 76 90 10 0 25 0.00 0.0 0 12.1 21 180 M M 0 29 180
13 97 74 86 6 0 21 T 0.0 0 9.1 30 140 M M 1 3 40 130
14 95 68 82 2 0 17 0.23 0.0 0 13.0 22 200 M M 2 13 28 180
15 87 67 77 -3 0 12 0.10 0.0 0 11.1 20 180 M M 4 3 26 210
16 92 65 79 -1 0 14 T 0.0 0 10.0 33 180 M M 0 42 190
17 100 69 85 5 0 20 0.00 0.0 0 14.7 24 180 M M 0 35 180
18 105 73 89 9 0 24 0.00 0.0 0 20.2 32 210 M M 0 42 220
19 104 74 89 9 0 24 0.00 0.0 0 13.9 23 40 M M 0 33 40
20 96 73 85 5 0 20 T 0.0 0 8.6 22 120 M M 1 28 120
21 84 66 75 -5 0 10 0.00 0.0 0 11.7 29 50 M M 2 37 50
22 92 62 77 -3 0 12 0.00 0.0 0 7.7 15 220 M M 1 21 160
23 99 70 85 5 0 20 0.00 0.0 0 12.4 21 240 M M 1 3 30 240
24 103 66 85 5 0 20 0.00 0.0 0 16.5 30 180 M M 0 37 170
25 102 73 88 8 0 23 0.00 0.0 0 19.6 31 180 M M 0 45 210
26 101 71 86 6 0 21 0.00 0.0 0 17.1 26 200 M M 0 36 210
27 101 72 87 7 0 22 0.00 0.0 0 14.4 24 180 M M 0 34 180
28 100 70 85 5 0 20 0.00 0.0 0 12.3 22 170 M M 0 32 200
29 99 74 87 7 0 22 0.00 0.0 0 10.9 22 160 M M 1 29 200
30 99 70 85 5 0 20 0.00 0.0 0 10.4 22 200 M M 0 30 180
31 99 67 83 3 0 18 0.00 0.0 0 12.0 23 200 M M 0 37 170
================================================================================
SM 2948 2098 0 517 0.88 0.0 387.4 M 34
================================================================================
AV 95.1 67.7 12.5 FASTST M M 1 MAX(MPH)
MISC ----> 47 150 59 140
================================================================================
NOTES:
# LAST OF SEVERAL OCCURRENCES
COLUMN 17 PEAK WIND IN M.P.H.
PRELIMINARY LOCAL CLIMATOLOGICAL DATA (WS FORM: F-6) , PAGE 2
STATION: AMARILLO
MONTH: JULY
YEAR: 2023
LATITUDE: 35 13 N
LONGITUDE: 101 42 W
[TEMPERATURE DATA] [PRECIPITATION DATA] SYMBOLS USED IN COLUMN 16
AVERAGE MONTHLY: 81.4 TOTAL FOR MONTH: 0.88 1 = FOG OR MIST
DPTR FM NORMAL: 1.8 DPTR FM NORMAL: -1.94 2 = FOG REDUCING VISIBILITY
HIGHEST: 105 ON 18 GRTST 24HR 0.83 ON 30- 1 TO 1/4 MILE OR LESS
LOWEST: 59 ON 1 3 = THUNDER
SNOW, ICE PELLETS, HAIL 4 = ICE PELLETS
TOTAL MONTH: 0.0 INCH 5 = HAIL
GRTST 24HR 0.0 6 = FREEZING RAIN OR DRIZZLE
GRTST DEPTH: 0 7 = DUSTSTORM OR SANDSTORM:
VSBY 1/2 MILE OR LESS
8 = SMOKE OR HAZE
[NO. OF DAYS WITH] [WEATHER - DAYS WITH] 9 = BLOWING SNOW
X = TORNADO
MAX 32 OR BELOW: 0 0.01 INCH OR MORE: 7
MAX 90 OR ABOVE: 25 0.10 INCH OR MORE: 5
MIN 32 OR BELOW: 0 0.50 INCH OR MORE: 0
MIN 0 OR BELOW: 0 1.00 INCH OR MORE: 0
[HDD (BASE 65) ]
TOTAL THIS MO. 0 CLEAR (SCALE 0-3) 27
DPTR FM NORMAL 0 PTCLDY (SCALE 4-7) 4
TOTAL FM JUL 1 0 CLOUDY (SCALE 8-10) 0
DPTR FM NORMAL 0
[CDD (BASE 65) ]
TOTAL THIS MO. 517
DPTR FM NORMAL 63 [PRESSURE DATA]
TOTAL FM JAN 1 889 HIGHEST SLP M ON M
DPTR FM NORMAL -61 LOWEST SLP 29.66 ON 7
[REMARKS]
#FINAL-07-23#