000
CXUS52 KJAX 011318
CLMAMG
CLIMATE REPORT
NATIONAL WEATHER SERVICE JACKSONVILLE FL
918 AM EDT FRI SEP 01 2023
...................................
...THE ALMA CLIMATE SUMMARY FOR THE MONTH OF AUGUST 2023...
CLIMATE NORMAL PERIOD: 1991 TO 2020
CLIMATE RECORD PERIOD: 1938 TO 2023
WEATHER OBSERVED NORMAL DEPART LAST YEAR`S
VALUE DATE(S) VALUE FROM VALUE DATE(S)
NORMAL
................................................................
TEMPERATURE (F)
RECORD
HIGH 105 08/18/1995
LOW 57 08/25/1957
HIGHEST 101 08/14 98 3 97 08/01
08/04
LOWEST 69 08/24 65 4 66 08/15
AVG. MAXIMUM 94.6 92.0 2.6 92.7
AVG. MINIMUM 74.3 71.5 2.8 72.5
MEAN 84.5 81.7 2.8 82.6
DAYS MAX >= 90 28 23.2 4.8 27
DAYS MIN <= 32 0 0.0 0.0 0
PRECIPITATION (INCHES)
RECORD
MAXIMUM 13.17 1949
MINIMUM 0.77 1995
TOTALS 15.06 5.37 9.69 4.09
DAILY AVG. 0.49 0.17 0.32 0.13
DAYS >= .01 12 11.8 0.2 13
DAYS >= .10 8 7.8 0.2 7
DAYS >= .50 5 3.6 1.4 2
DAYS >= 1.00 4 1.6 2.4 1
GREATEST
24 HR. TOTAL 6.10 08/29 TO 08/30
SNOWFALL (INCHES)
RECORDS
TOTAL T 1953
TOTALS 0.0 0.0 0.0 0.0
DEGREE DAYS
HEATING TOTAL 0 0 0 0
SINCE 7/1 0 0 0 MM
COOLING TOTAL 610 519 91 553
SINCE 1/1 2234 1962 272 MM
................................................................
WIND (MPH)
AVERAGE WIND SPEED 3.5
HIGHEST WIND SPEED/DIRECTION 38/320 DATE 08/08
HIGHEST GUST SPEED/DIRECTION 59/310 DATE 08/08
SKY COVER
AVERAGE SKY COVER 0.22
AVERAGE RH (PERCENT) 75
WEATHER CONDITIONS. NUMBER OF DAYS WITH
THUNDERSTORM 16 MIXED PRECIP 0
HEAVY RAIN 10 RAIN 10
LIGHT RAIN 13 FREEZING RAIN 0
LT FREEZING RAIN 0 HAIL 0
HEAVY SNOW 0 SNOW 0
LIGHT SNOW 0 SLEET 0
FOG 22 FOG W/VIS <= 1/4 MILE 1
HAZE 0
- INDICATES NEGATIVE NUMBERS.
R INDICATES RECORD WAS SET OR TIED.
MM INDICATES DATA IS MISSING.
T INDICATES TRACE AMOUNT.
$$