000
CXUS53 KDMX 030246
CF6AMW
PRELIMINARY LOCAL CLIMATOLOGICAL DATA (WS FORM: F-6)
STATION: AMES IA
MONTH: JUNE
YEAR: 2021
LATITUDE: 41 59 N
LONGITUDE: 93 37 W
TEMPERATURE IN F: :PCPN: SNOW: WIND :SUNSHINE: SKY :PK WND
================================================================================
1 2 3 4 5 6A 6B 7 8 9 10 11 12 13 14 15 16 17 18
12Z AVG MX 2MIN
DY MAX MIN AVG DEP HDD CDD WTR SNW DPTH SPD SPD DIR MIN PSBL S-S WX SPD DR
================================================================================
1 78 53 66 -1 0 1 0.00 0.0 0 7.4 16 160 M M 2 26 150
2 83 50 67 0 0 2 0.00 0.0 0 4.0 10 230 M M 1 1 17 180
3 89 58 74 6 0 9 0.00 0.0 0 10.9 22 240 M M 1 30 250
4 90 62 76 8 0 11 0.00 0.0 0 11.4 20 180 M M 0 28 170
5 93 64 79 11 0 14 0.00 0.0 0 12.2 23 210 M M 1 36 180
6 87 66 77 9 0 12 0.00 0.0 0 11.5 26 180 M M 2 36 170
7 90 64 77 8 0 12 0.00 0.0 0 7.2 16 180 M M 2 1 22 180
8 92 63 78 9 0 13 0.00 0.0 0 5.6 17 130 M M 1 24 90
9 93 64 79 10 0 14 0.00 0.0 0 3.8 13 140 M M 2 20 150
10 95 67 81 11 0 16 0.00 0.0 0 5.4 14 190 M M 2 20 180
11 91 66 79 9 0 14 T 0.0 0 8.0 37 330 M M 1 3 47 340
12 90 58 74 4 0 9 0.00 0.0 0 10.8 21 10 M M 0 29 350
13 95 54 75 5 0 10 0.00 0.0 0 4.9 15 260 M M 0 19 260
14 90 64 77 6 0 12 0.00 0.0 0 5.8 13 50 M M 0 20 40
15 91 54 73 2 0 8 0.00 0.0 0 5.0 15 40 M M 0 23 360
16 91 60 76 5 0 11 0.00 0.0 0 10.2 26 180 M M 1 36 180
17 101 68 85 14 0 20 0.14 0.0 0 11.5 24 210 M M 1 13 33 220
18 91 68 80 9 0 15 T 0.0 0 5.0 15 50 M M 0 21 310
19 91 63 77 5 0 12 0.00 0.0 0 7.1 16 330 M M 0 24 330
20 86 63 75 3 0 10 0.60 0.0 0 13.0 32 300 M M 5 13 45 330
21 73 48 61 -11 4 0 0.00 0.0 0 13.8 28 320 M M 0 36 350
22 83 45 64 -8 1 0 0.59 0.0 0 7.7 23 220 M M 4 13 31 210
23 87 61 74 2 0 9 0.12 0.0 0 12.9 22 220 M M 2 1 29 210
24 86 69 78 6 0 13 0.38 0.0 0 8.0 26 250 M M 2 13 36 240
25 86 67 77 5 0 12 0.00 0.0 0 6.0 21 50 M M 5 12 28 60
26 80 66 73 0 0 8 0.14 0.0 0 11.3 20 300 M M 9 1 29 290
27 82 63 73 0 0 8 0.00 0.0 0 4.4 10 150 M M 3 14 150
28 84 65 75 2 0 10 0.00 0.0 0 4.2 15 150 M M 2 1 22 140
29 83 68 76 3 0 11 T 0.0 0 5.1 16 210 M M 5 21 180
30 88 63 76 3 0 11 0.00 0.0 0 3.6 13 30 M M 3 1 18 10
================================================================================
SM 2639 1844 5 307 1.97 0.0 237.7 M 57
================================================================================
AV 88.0 61.5 7.9 FASTST M M 2 MAX(MPH)
MISC ----> 37 330 47 340
================================================================================
NOTES:
# LAST OF SEVERAL OCCURRENCES
COLUMN 17 PEAK WIND IN M.P.H.
PRELIMINARY LOCAL CLIMATOLOGICAL DATA (WS FORM: F-6) , PAGE 2
STATION: AMES IA
MONTH: JUNE
YEAR: 2021
LATITUDE: 41 59 N
LONGITUDE: 93 37 W
[TEMPERATURE DATA] [PRECIPITATION DATA] SYMBOLS USED IN COLUMN 16
AVERAGE MONTHLY: 74.7 TOTAL FOR MONTH: 1.97 1 = FOG OR MIST
DPTR FM NORMAL: 4.1 DPTR FM NORMAL: -3.25 2 = FOG REDUCING VISIBILITY
HIGHEST: 101 ON 17 GRTST 24HR 0.71 ON 22-23 TO 1/4 MILE OR LESS
LOWEST: 45 ON 22 3 = THUNDER
SNOW, ICE PELLETS, HAIL 4 = ICE PELLETS
TOTAL MONTH: 0.0 INCH 5 = HAIL
GRTST 24HR 0.0 6 = FREEZING RAIN OR DRIZZLE
GRTST DEPTH: 0 7 = DUSTSTORM OR SANDSTORM:
VSBY 1/2 MILE OR LESS
8 = SMOKE OR HAZE
[NO. OF DAYS WITH] [WEATHER - DAYS WITH] 9 = BLOWING SNOW
X = TORNADO
MAX 32 OR BELOW: 0 0.01 INCH OR MORE: 6
MAX 90 OR ABOVE: 15 0.10 INCH OR MORE: 6
MIN 32 OR BELOW: 0 0.50 INCH OR MORE: 2
MIN 0 OR BELOW: 0 1.00 INCH OR MORE: 0
[HDD (BASE 65) ]
TOTAL THIS MO. 5 CLEAR (SCALE 0-3) 24
DPTR FM NORMAL -16 PTCLDY (SCALE 4-7) 5
TOTAL FM JUL 1 6647 CLOUDY (SCALE 8-10) 1
DPTR FM NORMAL -99
[CDD (BASE 65) ]
TOTAL THIS MO. 307
DPTR FM NORMAL 120 [PRESSURE DATA]
TOTAL FM JAN 1 393 HIGHEST SLP 30.17 ON 1
DPTR FM NORMAL 150 LOWEST SLP 29.49 ON 20
[REMARKS]
#FINAL-06-21#