000
CXUS52 KGSP 011439
CF6AND
PRELIMINARY LOCAL CLIMATOLOGICAL DATA (WS FORM: F-6)
STATION: ANDERSON SC
MONTH: MARCH
YEAR: 2022
LATITUDE: 34 30 N
LONGITUDE: 82 43 W
TEMPERATURE IN F: :PCPN: SNOW: WIND :SUNSHINE: SKY :PK WND
================================================================================
1 2 3 4 5 6A 6B 7 8 9 10 11 12 13 14 15 16 17 18
12Z AVG MX 2MIN
DY MAX MIN AVG DEP HDD CDD WTR SNW DPTH SPD SPD DIR MIN PSBL S-S WX SPD DR
================================================================================
1 68 35 52 2 13 0 0.00 M M 4.2 14 190 M M 0 17 230
2 78 45 62 12 3 0 0.00 M M 7.6 20 230 M M 0 24 210
3 81 43 62 12 3 0 0.00 M M 5.8 18 240 M M 0 22 210
4 68 46 57 7 8 0 0.00 M M 7.4 21 70 M M 0 28 70
5 71 47 59 8 6 0 0.00 M M 2.5 12 150 M M 3 1 14 160
6 79 54 67 16 0 2 0.00 M M 7.3 21 210 M M 4 12 29 210
7 79 57 68 17 0 3 0.11 M M 11.8 32 220 M M 7 1 42 230
8 64 52 58 7 7 0 0.89 M M 5.6 15 70 M M 9 13 18 70
9 64 51 58 6 7 0 0.71 M M 5.5 22 300 M M 8 13 32 300
10 55 43 49 -3 16 0 0.01 M M 8.5 21 70 M M 9 1 26 70
11 60 43 52 0 13 0 0.01 M M 3.4 9 150 M M 10 1 12 20
12 53 28 41 -11 24 0 0.96 M M 14.0 33 280 M M 4 13 47 280
13 54 21 38 -15 27 0 0.00 M M 5.4 16 220 M M 0 20 210
14 66 29 48 -5 17 0 0.00 M M 3.3 16 180 M M 0 22 140
15 67 42 55 2 10 0 T M M 3.2 8 80 M M 5 15 90
16 58 53 56 3 9 0 1.23 M M 8.8 21 60 M M 10 13 24 50
17 74 51 63 9 2 0 T M M 4.8 12 210 M M 4 1 18 260
18 67 47 57 3 8 0 0.35 M M 3.1 23 120 M M 4 13 30 120
19 70 51 61 7 4 0 T M M 13.0 24 240 M M 5 1 30 220
20 71 42 57 3 8 0 0.00 M M 8.1 22 310 M M 0 28 310
21 71 37 54 -1 11 0 0.00 M M 3.6 13 110 M M 0 16 100
22 74 45 60 5 5 0 0.00 M M 6.1 16 180 M M 2 25 160
23 76 60 68 13 0 3 0.35 M M 13.3 23 190 M M 6 1 33 200
24 69 53 61 6 4 0 0.00 M M 10.0 22 240 M M 1 29 240
25 65 38 52 -4 13 0 0.00 M M 10.2 28 270 M M 1 37 280
26 66 43 55 -1 10 0 0.00 M M 16.2 35 290 M M 0 45 280
27 67 41 54 -2 11 0 0.00 M M 10.9 22 260 M M 0 30 250
28 71 44 58 2 7 0 0.00 M M 8.3 21 250 M M 1 25 250
29 67 43 55 -2 10 0 0.00 M M 5.5 13 110 M M 3 16 110
30 75 49 62 5 3 0 0.00 M M 9.4 22 160 M M 5 1 28 170
31 76 59 68 11 0 3 0.74 M M 16.1 26 230 M M 5 18 32 220
================================================================================
SM 2124 1392 259 11 5.36 M 242.9 M 106
================================================================================
AV 68.5 44.9 7.8 FASTST M M 3 MAX(MPH)
MISC ----> 35 290 47 280
================================================================================
NOTES:
# LAST OF SEVERAL OCCURRENCES
COLUMN 17 PEAK WIND IN M.P.H.
PRELIMINARY LOCAL CLIMATOLOGICAL DATA (WS FORM: F-6) , PAGE 2
STATION: ANDERSON SC
MONTH: MARCH
YEAR: 2022
LATITUDE: 34 30 N
LONGITUDE: 82 43 W
[TEMPERATURE DATA] [PRECIPITATION DATA] SYMBOLS USED IN COLUMN 16
AVERAGE MONTHLY: 56.7 TOTAL FOR MONTH: 5.36 1 = FOG OR MIST
DPTR FM NORMAL: 3.4 DPTR FM NORMAL: 1.04 2 = FOG REDUCING VISIBILITY
HIGHEST: 81 ON 3 GRTST 24HR 1.60 ON 8- 9 TO 1/4 MILE OR LESS
LOWEST: 21 ON 13 3 = THUNDER
SNOW, ICE PELLETS, HAIL 4 = ICE PELLETS
TOTAL MONTH: M 5 = HAIL
GRTST 24HR M ON M 6 = FREEZING RAIN OR DRIZZLE
GRTST DEPTH: M ON M 7 = DUSTSTORM OR SANDSTORM:
VSBY 1/2 MILE OR LESS
8 = SMOKE OR HAZE
[NO. OF DAYS WITH] [WEATHER - DAYS WITH] 9 = BLOWING SNOW
X = TORNADO
MAX 32 OR BELOW: 0 0.01 INCH OR MORE: 10
MAX 90 OR ABOVE: 0 0.10 INCH OR MORE: 8
MIN 32 OR BELOW: 3 0.50 INCH OR MORE: 5
MIN 0 OR BELOW: 0 1.00 INCH OR MORE: 1
[HDD (BASE 65) ]
TOTAL THIS MO. 259 CLEAR (SCALE 0-3) 15
DPTR FM NORMAL -110 PTCLDY (SCALE 4-7) 12
TOTAL FM JUL 1 2269 CLOUDY (SCALE 8-10) 4
DPTR FM NORMAL -455
[CDD (BASE 65) ]
TOTAL THIS MO. 11
DPTR FM NORMAL 3 [PRESSURE DATA]
TOTAL FM JAN 1 14 HIGHEST SLP 30.48 ON 14
DPTR FM NORMAL 5 LOWEST SLP 29.44 ON 12
[REMARKS]
#FINAL-03-22#