000
CXUS53 KAPX 010730
CF6ANJ
PRELIMINARY LOCAL CLIMATOLOGICAL DATA (WS FORM: F-6)
STATION: SAULT STE MARIE MI
MONTH: JULY
YEAR: 2023
LATITUDE: 46 28 N
LONGITUDE: 84 21 W
TEMPERATURE IN F: :PCPN: SNOW: WIND :SUNSHINE: SKY :PK WND
================================================================================
1 2 3 4 5 6A 6B 7 8 9 10 11 12 13 14 15 16 17 18
12Z AVG MX 2MIN
DY MAX MIN AVG DEP HDD CDD WTR SNW DPTH SPD SPD DIR MIN PSBL S-S WX SPD DR
================================================================================
1 79 54 67 3 0 2 T 0.0 0 3.6 14 190 M M 3 123 23 240
2 79 53 66 1 0 1 0.00 0.0 0 5.1 9 300 M M 3 12 13 310
3 84 54 69 4 0 4 0.00 0.0 0 2.8 9 330 M M 0 13 310
4 87 57 72 7 0 7 0.00 0.0 0 4.7 15 200 M M 0 18 21 200
5 81 59 70 5 0 5 0.40 0.0 0 5.0 20 290 M M 4 13 31 280
6 71 51 61 -4 4 0 0.00 0.0 0 8.2 21 310 M M 3 1 31 300
7 76 51 64 -1 1 0 0.00 0.0 0 5.6 13 260 M M 0 19 270
8 76 54 65 0 0 0 0.00 0.0 0 3.8 14 290 M M 2 17 290
9 75 52 64 -2 1 0 0.00 0.0 0 4.6 14 230 M M 2 20 230
10 80 59 70 4 0 5 0.74 0.0 0 5.8 25 290 M M 5 13 43 290
11 65 52 59 -7 6 0 0.02 0.0 0 9.2 17 290 M M 2 1 27 290
12 73 53 63 -3 2 0 0.00 0.0 0 2.9 8 210 M M 0 13 330
13 77 53 65 -1 0 0 0.00 0.0 0 4.5 12 310 M M 1 1 20 280
14 74 54 64 -2 1 0 0.01 0.0 0 3.8 15 150 M M 5 1 22 150
15 79 62 71 5 0 6 0.21 0.0 M 5.5 13 270 M M 6 1 23 290
16 77 58 68 2 0 3 0.15 0.0 0 4.0 12 280 M M 7 1 19 280
17 68 54 61 -5 4 0 T 0.0 0 7.2 14 290 M M 7 1 23 320
18 71 52 62 -4 3 0 0.14 0.0 0 3.6 14 210 M M 7 1 19 220
19 76 55 66 0 0 1 T 0.0 0 3.0 10 340 M M 4 1 14 300
20 68 60 64 -2 1 0 1.13 0.0 M 4.4 9 290 M M 9 1 14 310
21 74 57 66 0 0 1 0.00 0.0 0 7.9 15 310 M M 0 23 300
22 81 53 67 0 0 2 0.00 0.0 0 2.8 9 300 M M 0 8 12 260
23 78 57 68 1 0 3 0.52 0.0 0 2.4 15 100 M M 3 13 33 120
24 76 57 67 0 0 2 0.00 0.0 0 4.3 13 290 M M 0 1 18 300
25 80 55 68 1 0 3 T 0.0 0 3.5 9 220 M M 2 18 16 250
26 75 62 69 2 0 4 0.28 0.0 0 3.4 12 20 M M 4 138 17 10
27 83 60 72 5 0 7 0.37 0.0 0 4.6 15 280 M M 3 123 26 280
28 79 61 70 3 0 5 0.04 0.0 0 6.3 16 310 M M 2 13 24 310
29 73 60 67 0 0 2 0.00 0.0 0 7.2 17 310 M M 1 27 320
30 74 57 66 -1 0 1 0.00 0.0 0 7.3 16 310 M M 1 25 330
31 74 55 65 -2 0 0 0.00 0.0 0 4.0 13 300 M M 1 1 17 270
================================================================================
SM 2363 1731 23 64 4.01 0.0 151.0 M 87
================================================================================
AV 76.2 55.8 4.9 FASTST M M 3 MAX(MPH)
MISC ----> 25 290 43 290
================================================================================
NOTES:
# LAST OF SEVERAL OCCURRENCES
COLUMN 17 PEAK WIND IN M.P.H.
PRELIMINARY LOCAL CLIMATOLOGICAL DATA (WS FORM: F-6) , PAGE 2
STATION: SAULT STE MARIE MI
MONTH: JULY
YEAR: 2023
LATITUDE: 46 28 N
LONGITUDE: 84 21 W
[TEMPERATURE DATA] [PRECIPITATION DATA] SYMBOLS USED IN COLUMN 16
AVERAGE MONTHLY: 66.0 TOTAL FOR MONTH: 4.01 1 = FOG OR MIST
DPTR FM NORMAL: 0.0 DPTR FM NORMAL: 0.94 2 = FOG REDUCING VISIBILITY
HIGHEST: 87 ON 4 GRTST 24HR 1.13 ON 19-20 TO 1/4 MILE OR LESS
LOWEST: 51 ON 7, 6 3 = THUNDER
SNOW, ICE PELLETS, HAIL 4 = ICE PELLETS
TOTAL MONTH: 0.0 INCH 5 = HAIL
GRTST 24HR 0.0 6 = FREEZING RAIN OR DRIZZLE
GRTST DEPTH: 0 7 = DUSTSTORM OR SANDSTORM:
VSBY 1/2 MILE OR LESS
8 = SMOKE OR HAZE
[NO. OF DAYS WITH] [WEATHER - DAYS WITH] 9 = BLOWING SNOW
X = TORNADO
MAX 32 OR BELOW: 0 0.01 INCH OR MORE: 12
MAX 90 OR ABOVE: 0 0.10 INCH OR MORE: 9
MIN 32 OR BELOW: 0 0.50 INCH OR MORE: 3
MIN 0 OR BELOW: 0 1.00 INCH OR MORE: 1
[HDD (BASE 65) ]
TOTAL THIS MO. 23 CLEAR (SCALE 0-3) 19
DPTR FM NORMAL -37 PTCLDY (SCALE 4-7) 11
TOTAL FM JUL 1 23 CLOUDY (SCALE 8-10) 1
DPTR FM NORMAL -37
[CDD (BASE 65) ]
TOTAL THIS MO. 64
DPTR FM NORMAL -27 [PRESSURE DATA]
TOTAL FM JAN 1 161 HIGHEST SLP 30.15 ON 31
DPTR FM NORMAL 30 LOWEST SLP 29.67 ON 10
[REMARKS]
#FINAL-07-23#