468
CXUS52 KMFL 011130
CF6APF
PRELIMINARY LOCAL CLIMATOLOGICAL DATA (WS FORM: F-6)
STATION: NAPLES
MONTH: FEBRUARY
YEAR: 2021
LATITUDE: 26 8 N
LONGITUDE: 81 46 W
TEMPERATURE IN F: :PCPN: SNOW: WIND :SUNSHINE: SKY :PK WND
================================================================================
1 2 3 4 5 6A 6B 7 8 9 10 11 12 13 14 15 16 17 18
12Z AVG MX 2MIN
DY MAX MIN AVG DEP HDD CDD WTR SNW DPTH SPD SPD DIR MIN PSBL S-S WX SPD DR
================================================================================
1 70 57 64 -1 1 0 0.28 0.0 M 17.9 30 290 M M 7 18 40 300
2 60 55 58 -7 7 0 0.00 0.0 0 17.9 28 300 M M 5 39 300
3 62 48 55 -10 10 0 0.00 M 0 8.1 17 290 M M 1 23 290
4 66 41 54 -12 11 0 0.00 0.0 M 4.3 12 220 M M 0 15 230
5 77 50 64 -2 1 0 0.00 0.0 M 7.2 18 190 M M 0 23 190
6 82 60 71 5 0 6 T 0.0 M 9.5 23 180 M M 6 1 30 190
7 78 67 73 7 0 8 0.02 0.0 M 9.8 21 200 M M 6 18 30 210
8 82 67 75 9 0 10 0.00 M M 5.8 12 80 M M 5 18 16 260
9 85 66 76 10 0 11 0.00 M M 5.5 15 140 M M 4 128 21 160
10 86 65 76 10 0 11 0.00 M M 5.7 13 110 M M 3 1 20 190
11 84 68 76 10 0 11 0.00 0.0 M 8.4 18 140 M M 3 1 32 110
12 85 67 76 10 0 11 0.00 M M 7.9 17 210 M M 3 12 24 180
13 84 71 78 11 0 13 T M M 8.6 18 160 M M 7 1 24 140
14 84 70 77 10 0 12 0.54 M M 9.6 22 170 M M 3 13 29 170
15 85 70 78 11 0 13 0.00 M M 11.6 22 180 M M 5 1 28 190
16 76 67 72 5 0 7 0.15 0.0 0 10.5 20 320 M M 8 1 25 310
17 83 63 73 6 0 8 T 0.0 0 6.3 15 200 M M 5 18 18 200
18 86 72 79 12 0 14 0.00 0.0 M 9.5 21 150 M M 2 1 26 130
19 84 62 73 5 0 8 T 0.0 M 11.3 25 310 M M 5 18 32 310
20 74 55 65 -3 0 0 0.00 0.0 M 10.0 17 40 M M 1 25 30
21 80 54 67 -1 0 2 0.00 0.0 M 14.3 25 80 M M 1 33 60
22 84 60 72 4 0 7 0.00 0.0 M 9.3 20 150 M M 1 24 120
23 78 67 73 5 0 8 T 0.0 M 6.0 17 300 M M 4 1 20 290
24 80 64 72 4 0 7 0.00 0.0 0 6.5 14 290 M M 3 16 300
25 85 58 72 4 0 7 0.00 0.0 0 5.3 14 40 M M 0 8 18 30
26 84 63 74 6 0 9 0.00 0.0 0 7.3 15 220 M M 2 8 23 110
27 88 67 78 10 0 13 0.00 0.0 0 9.8 21 150 M M 2 26 130
28 88 68 78 10 0 13 0.00 0.0 0 11.1 23 120 M M 2 29 120
================================================================================
SM 2240 1742 30 209 0.99 0.0 255.0 M 94
================================================================================
AV 80.0 62.2 9.1 FASTST M M 3 MAX(MPH)
MISC ----> 30 290 40 300
================================================================================
NOTES:
# LAST OF SEVERAL OCCURRENCES
COLUMN 17 PEAK WIND IN M.P.H.
PRELIMINARY LOCAL CLIMATOLOGICAL DATA (WS FORM: F-6) , PAGE 2
STATION: NAPLES
MONTH: FEBRUARY
YEAR: 2021
LATITUDE: 26 8 N
LONGITUDE: 81 46 W
[TEMPERATURE DATA] [PRECIPITATION DATA] SYMBOLS USED IN COLUMN 16
AVERAGE MONTHLY: 71.1 TOTAL FOR MONTH: 0.99 1 = FOG OR MIST
DPTR FM NORMAL: 4.2 DPTR FM NORMAL: -1.11 2 = FOG REDUCING VISIBILITY
HIGHEST: 88 ON 28,27 GRTST 24HR 0.54 ON 13-14 TO 1/4 MILE OR LESS
LOWEST: 41 ON 4 3 = THUNDER
SNOW, ICE PELLETS, HAIL 4 = ICE PELLETS
TOTAL MONTH: 0.0 INCH 5 = HAIL
GRTST 24HR 0.0 6 = FREEZING RAIN OR DRIZZLE
GRTST DEPTH: 0 7 = DUSTSTORM OR SANDSTORM:
VSBY 1/2 MILE OR LESS
8 = SMOKE OR HAZE
[NO. OF DAYS WITH] [WEATHER - DAYS WITH] 9 = BLOWING SNOW
X = TORNADO
MAX 32 OR BELOW: 0 0.01 INCH OR MORE: 4
MAX 90 OR ABOVE: 0 0.10 INCH OR MORE: 3
MIN 32 OR BELOW: 0 0.50 INCH OR MORE: 1
MIN 0 OR BELOW: 0 1.00 INCH OR MORE: 0
[HDD (BASE 65) ]
TOTAL THIS MO. 30 CLEAR (SCALE 0-3) 13
DPTR FM NORMAL -23 PTCLDY (SCALE 4-7) 15
TOTAL FM JUL 1 170 CLOUDY (SCALE 8-10) 0
DPTR FM NORMAL -59
[CDD (BASE 65) ]
TOTAL THIS MO. 209
DPTR FM NORMAL 104 [PRESSURE DATA]
TOTAL FM JAN 1 276 HIGHEST SLP 30.26 ON 21
DPTR FM NORMAL 83 LOWEST SLP 29.84 ON 1
[REMARKS]
#FINAL-02-21#