344
CXUS54 KEWX 011010
CF6AQO
PRELIMINARY LOCAL CLIMATOLOGICAL DATA (WS FORM: F-6)
STATION: Llano Municipal Airport
MONTH: SEPTEMBER
YEAR: 2020
LATITUDE: 30 47 N
LONGITUDE: 98 40 W
TEMPERATURE IN F: :PCPN: SNOW: WIND :SUNSHINE: SKY :PK WND
================================================================================
1 2 3 4 5 6A 6B 7 8 9 10 11 12 13 14 15 16 17 18
12Z AVG MX 2MIN
DY MAX MIN AVG DEP HDD CDD WTR SNW DPTH SPD SPD DIR MIN PSBL S-S WX SPD DR
================================================================================
1 97 81 89 M 0 24 0.00 M M 8.8 17 200 M M 7 3 24 200
2 84 70 77 M 0 12 0.54 M M 7.0 17 50 M M 7 13 20 90
3 90 72 81 M 0 16 0.01 M M 3.7 13 90 M M 7 138 21 90
4 82 72 77 M 0 12 0.23 M M 2.5 9 110 M M 7 13 13 99
5 90 70 80 M 0 15 0.22 M M 3.7 14 40 M M 7 13 21 150
6 93 70 82 M 0 17 0.01 M M 1.6 9 180 M M 4 13 0
7 97 68 83 M 0 18 0.00 M M 4.3 13 180 M M 3 1 17 180
8 90 70 80 M 0 15 0.01 M M 7.2 16 130 M M 5 3 23 130
9 77 55 66 M 0 1 2.52 M M 9.2 16 320 M M 10 13 24 350
10 63 54 59 M 6 0 0.05 M M 8.6 13 330 M M 10 1 18 350
11 77 57 67 M 0 2 0.00 M M 4.7 8 320 M M 9 1 M M
12 91 66 79 M 0 14 0.00 M M 1.7 6 60 M M 3 M M
13 90 70 80 M 0 15 0.00 M M 5.8 14 60 M M 4 22 60
14 88 68 78 M 0 13 0.00 M M 6.1 12 50 M M 6 20 360
15 88 68 78 M 0 13 0.00 M M 3.8 10 350 M M 7 15 20
16 88 68 78 M 0 13 0.00 M M 2.8 10 50 M M 3 M M
17 84 68 76 M 0 11 0.03 M M 3.4 16 360 M M 7 13 23 360
18 86 66 76 M 0 11 0.00 M M 5.6 12 20 M M 6 20 20
19 82 63 73 M 0 8 0.00 M M 6.1 12 40 M M 6 1 17 99
20 82 54 68 M 0 3 0.05 M M 5.0 15 20 M M 4 1 16 10
21 77 66 72 M 0 7 0.03 M M 7.3 14 40 M M 10 1 15 30
22 75 66 71 M 0 6 0.00 M M 7.9 13 10 M M 10 1 15 10
23 75 61 68 M 0 3 0.00 M M 5.9 12 350 M M 9 1 16 350
24 82 59 71 M 0 6 0.00 M M 2.2 7 320 M M 6 12 0
25 90 57 74 M 0 9 0.00 M M 2.8 8 110 M M 2 12 M M
26 88 61 75 M 0 10 0.00 M M 5.5 13 180 M M 3 21 180
27 95 72 84 M 0 19 0.00 M M 8.2 16 180 M M 4 24 200
28 79 55 67 M 0 2 0.00 M M 11.1 21 20 M M 8 30 20
29 81 43 62 M 3 0 0.00 M M 4.4 10 10 M M 3 17 310
30 88 43 66 M 0 1 0.00 M M 3.6 10 160 M M 3 15 130
================================================================================
SM 2549 1913 9 296 3.70 M 160.5 M 180
================================================================================
AV 85.0 63.8 5.4 FASTST M M 6 MAX(MPH)
MISC ----> # 21 20 # 30 20
================================================================================
NOTES:
# LAST OF SEVERAL OCCURRENCES
COLUMN 17 PEAK WIND IN M.P.H.
PRELIMINARY LOCAL CLIMATOLOGICAL DATA (WS FORM: F-6) , PAGE 2
STATION: Llano Municipal Airport
MONTH: SEPTEMBER
YEAR: 2020
LATITUDE: 30 47 N
LONGITUDE: 98 40 W
[TEMPERATURE DATA] [PRECIPITATION DATA] SYMBOLS USED IN COLUMN 16
AVERAGE MONTHLY: 74.4 TOTAL FOR MONTH: 3.70 1 = FOG OR MIST
DPTR FM NORMAL: M DPTR FM NORMAL: M 2 = FOG REDUCING VISIBILITY
HIGHEST: 97 ON 7, 1 GRTST 24HR 2.52 ON 9- 9 TO 1/4 MILE OR LESS
LOWEST: 43 ON 30,29 3 = THUNDER
SNOW, ICE PELLETS, HAIL 4 = ICE PELLETS
TOTAL MONTH: M 5 = HAIL
GRTST 24HR M ON M 6 = FREEZING RAIN OR DRIZZLE
GRTST DEPTH: M ON M 7 = DUSTSTORM OR SANDSTORM:
VSBY 1/2 MILE OR LESS
8 = SMOKE OR HAZE
[NO. OF DAYS WITH] [WEATHER - DAYS WITH] 9 = BLOWING SNOW
X = TORNADO
MAX 32 OR BELOW: 0 0.01 INCH OR MORE: 11
MAX 90 OR ABOVE: 10 0.10 INCH OR MORE: 4
MIN 32 OR BELOW: 0 0.50 INCH OR MORE: 2
MIN 0 OR BELOW: 0 1.00 INCH OR MORE: 1
[HDD (BASE 65) ]
TOTAL THIS MO. 9 CLEAR (SCALE 0-3) 7
DPTR FM NORMAL M PTCLDY (SCALE 4-7) 17
TOTAL FM JUL 1 9 CLOUDY (SCALE 8-10) 6
DPTR FM NORMAL M
[CDD (BASE 65) ]
TOTAL THIS MO. 296
DPTR FM NORMAL M [PRESSURE DATA]
TOTAL FM JAN 1 2699 HIGHEST SLP M ON M
DPTR FM NORMAL M LOWEST SLP M ON M
[REMARKS]
#FINAL-09-20#