000
CXUS54 KHGX 011410
CF6ARM
PRELIMINARY LOCAL CLIMATOLOGICAL DATA (WS FORM: F-6)
STATION: Wharton
MONTH: OCTOBER
YEAR: 2021
LATITUDE: 29 15 N
LONGITUDE: 96 9 W
TEMPERATURE IN F: :PCPN: SNOW: WIND :SUNSHINE: SKY :PK WND
================================================================================
1 2 3 4 5 6A 6B 7 8 9 10 11 12 13 14 15 16 17 18
12Z AVG MX 2MIN
DY MAX MIN AVG DEP HDD CDD WTR SNW DPTH SPD SPD DIR MIN PSBL S-S WX SPD DR
================================================================================
1 M M M M M M M 0.0 0 M M M M M M M M
2 M M M M M M 0.00 0.0 0 M M M M M M M M
3 M M M M M M M 0.0 0 M M M M M M M M
4 M M M M M M M M M M M M M M M M M
5 84 62 73 M 0 8 0.00 0.0 0 3.3 10 10 M M 0 8 M M
6 83 60 72 M 0 7 0.00 0.0 0 1.4 6 350 M M 0 1 M M
7 89 61 75 M 0 10 0.00 0.0 0 2.2 7 270 M M 0 1 M M
8 87 59 73 M 0 8 0.00 0.0 0 2.7 12 150 M M 1 1 M M
9 87 61 74 M 0 9 0.00 0.0 0 4.3 12 160 M M 4 12 17 160
10 88 70 79 M 0 14 0.00 0.0 0 12.1 22 150 M M 7 1 28 170
11 84 69 77 M 0 12 0.29 0.0 0 5.6 15 230 M M 6 22 170
12 88 73 81 M 0 16 0.00 0.0 0 8.8 18 150 M M 5 1 22 160
13 89 73 81 M 0 16 0.00 0.0 0 9.9 18 170 M M 4 24 170
14 82 71 77 M 0 12 0.91 0.0 0 6.2 15 140 M M 5 123 24 160
15 89 69 79 M 0 14 0.02 0.0 0 5.6 20 360 M M 6 12 25 350
16 74 52 63 M 2 0 0.00 0.0 0 11.7 17 40 M M 0 28 20
17 74 48 61 M 4 0 0.00 0.0 0 3.6 12 70 M M 0 17 70
18 78 47 63 M 2 0 0.00 0.0 0 2.4 7 130 M M 0 M M
19 83 56 70 M 0 5 0.00 0.0 0 4.4 12 140 M M 3 17 140
20 86 64 75 M 0 10 0.00 0.0 0 2.3 6 120 M M 3 18 M M
21 86 62 74 M 0 9 0.00 0.0 0 1.4 6 80 M M 6 12 M M
22 85 63 74 M 0 9 0.00 0.0 0 2.3 8 140 M M 6 12 M M
23 82 66 74 M 0 9 0.14 0.0 0 5.4 20 160 M M 4 1238 25 160
24 87 66 77 M 0 12 0.00 0.0 0 4.2 10 190 M M 4 12 M M
25 89 70 80 M 0 15 0.00 0.0 0 1.8 6 160 M M 6 12 M M
26 83 69 76 M 0 11 0.00 0.0 0 8.0 17 150 M M 7 12 21 150
27 79 59 69 M 0 4 1.22 0.0 0 9.5 28 330 M M 5 13 35 330
28 78 55 67 M 0 2 0.00 0.0 0 14.1 27 310 M M 0 41 310
29 74 49 62 M 3 0 0.00 0.0 0 12.4 24 320 M M 0 32 320
30 76 41 59 M 6 0 0.00 0.0 0 3.2 8 360 M M 0 M M
31 82 46 64 M 1 0 0.00 0.0 0 2.7 8 170 M M 0 M M
================================================================================
SM 2246 1641 18 212 2.58 0.0 151.5 M 82
================================================================================
AV 83.2 60.8 5.6 FASTST M M 3 MAX(MPH)
MISC ----> 28 330 41 310
================================================================================
NOTES:
# LAST OF SEVERAL OCCURRENCES
COLUMN 17 PEAK WIND IN M.P.H.
PRELIMINARY LOCAL CLIMATOLOGICAL DATA (WS FORM: F-6) , PAGE 2
STATION: Wharton
MONTH: OCTOBER
YEAR: 2021
LATITUDE: 29 15 N
LONGITUDE: 96 9 W
[TEMPERATURE DATA] [PRECIPITATION DATA] SYMBOLS USED IN COLUMN 16
AVERAGE MONTHLY: 72.0 TOTAL FOR MONTH: 2.58 1 = FOG OR MIST
DPTR FM NORMAL: 0.0 DPTR FM NORMAL: M 2 = FOG REDUCING VISIBILITY
HIGHEST: 89 ON 25,15 GRTST 24HR 1.22 ON 27-27 TO 1/4 MILE OR LESS
LOWEST: 41 ON 30 3 = THUNDER
SNOW, ICE PELLETS, HAIL 4 = ICE PELLETS
TOTAL MONTH: 0.0 INCH 5 = HAIL
GRTST 24HR 0.0 6 = FREEZING RAIN OR DRIZZLE
GRTST DEPTH: 0 7 = DUSTSTORM OR SANDSTORM:
VSBY 1/2 MILE OR LESS
8 = SMOKE OR HAZE
[NO. OF DAYS WITH] [WEATHER - DAYS WITH] 9 = BLOWING SNOW
X = TORNADO
MAX 32 OR BELOW: 0 0.01 INCH OR MORE: 5
MAX 90 OR ABOVE: 0 0.10 INCH OR MORE: 4
MIN 32 OR BELOW: 0 0.50 INCH OR MORE: 2
MIN 0 OR BELOW: 0 1.00 INCH OR MORE: 1
[HDD (BASE 65) ]
TOTAL THIS MO. 18 CLEAR (SCALE 0-3) 12
DPTR FM NORMAL M PTCLDY (SCALE 4-7) 15
TOTAL FM JUL 1 18 CLOUDY (SCALE 8-10) 4
DPTR FM NORMAL M
[CDD (BASE 65) ]
TOTAL THIS MO. 212
DPTR FM NORMAL M [PRESSURE DATA]
TOTAL FM JAN 1 2666 HIGHEST SLP M ON M
DPTR FM NORMAL M LOWEST SLP M ON M
[REMARKS]
#FINAL-10-21#