000
CXUS55 KGJT 011010
CF6ASE
PRELIMINARY LOCAL CLIMATOLOGICAL DATA (WS FORM: F-6)
STATION: ASPEN CO
MONTH: NOVEMBER
YEAR: 2020
LATITUDE: 39 13 N
LONGITUDE: 106 52 W
TEMPERATURE IN F: :PCPN: SNOW: WIND :SUNSHINE: SKY :PK WND
================================================================================
1 2 3 4 5 6A 6B 7 8 9 10 11 12 13 14 15 16 17 18
12Z AVG MX 2MIN
DY MAX MIN AVG DEP HDD CDD WTR SNW DPTH SPD SPD DIR MIN PSBL S-S WX SPD DR
================================================================================
1 60 24 42 6 23 0 0.00 M M 6.3 12 210 M M 0 15 360
2 64 24 44 8 21 0 0.00 M M 5.4 12 210 M M 0 15 330
3 62 29 46 11 19 0 0.00 M M 6.5 12 210 M M 1 15 330
4 62 28 45 10 20 0 0.00 M M 6.2 14 320 M M 1 21 340
5 65 30 48 14 17 0 0.00 M M 6.2 12 330 M M 0 14 360
6 62 29 46 12 19 0 0.00 M M 8.1 22 170 M M 0 28 170
7 56 37 47 14 18 0 0.18 M M 10.0 23 270 M M 7 3 31 250
8 41 27 34 1 31 0 0.17 M M 5.5 18 360 M M 9 1 26 350
9 31 21 26 -6 39 0 0.06 M M 3.3 12 350 M M 9 18 20 320
10 30 16 23 -9 42 0 T M M 4.4 15 320 M M 8 1 19 320
11 39 8 24 -7 41 0 0.00 M M 5.8 16 270 M M 2 26 270
12 37 14 26 -5 39 0 0.01 M M 5.4 18 330 M M 4 1 29 340
13 47 11 29 -1 36 0 T M M 7.4 24 180 M M 2 33 150
14 37 14 26 -4 39 0 0.03 M M 10.4 32 350 M M 6 1289 53 340
15 40 17 29 -1 36 0 0.00 M M 3.5 10 170 M M 9 16 180
16 54 24 39 10 26 0 0.00 M M 6.3 12 190 M M 2 16 210
17 60 22 41 13 24 0 0.00 M M 5.0 15 180 M M 0 19 170
18 62 35 49 21 16 0 0.00 M M 7.8 25 190 M M 2 42 230
19 57 29 43 15 22 0 0.00 M M 7.2 21 250 M M 1 34 230
20 51 27 39 12 26 0 0.00 M M 6.0 23 180 M M 5 30 180
21 50 25 38 11 27 0 0.00 M M 6.6 25 180 M M 6 32 170
22 49 16 33 7 32 0 T M M 5.7 22 180 M M 2 30 190
23 53 29 41 15 24 0 0.04 M M 5.4 26 180 M M 8 18 33 180
24 33 21 27 2 38 0 0.25 M M 3.5 10 360 M M 10 18 16 360
25 37 8 23 -2 42 0 0.00 M M 4.6 12 220 M M 0 14 220
26 36 13 25 1 40 0 T M M 4.2 12 340 M M 6 21 340
27 35 8 22 -2 43 0 T M M 5.0 10 210 M M 2 18 14 220
28 40 8 24 0 41 0 0.00 M M 5.8 10 210 M M 0 14 200
29 40 10 25 2 40 0 0.00 M M 6.2 13 220 M M 0 16 220
30 40 8 24 1 41 0 0.00 M M 6.1 12 220 M M 0 15 250
================================================================================
SM 1430 612 922 0 0.74 M 179.8 M 102
================================================================================
AV 47.7 20.4 6.0 FASTST M M 3 MAX(MPH)
MISC ----> 32 350 53 340
================================================================================
NOTES:
# LAST OF SEVERAL OCCURRENCES
COLUMN 17 PEAK WIND IN M.P.H.
PRELIMINARY LOCAL CLIMATOLOGICAL DATA (WS FORM: F-6) , PAGE 2
STATION: ASPEN CO
MONTH: NOVEMBER
YEAR: 2020
LATITUDE: 39 13 N
LONGITUDE: 106 52 W
[TEMPERATURE DATA] [PRECIPITATION DATA] SYMBOLS USED IN COLUMN 16
AVERAGE MONTHLY: 34.0 TOTAL FOR MONTH: 0.74 1 = FOG OR MIST
DPTR FM NORMAL: 4.7 DPTR FM NORMAL: -0.63 2 = FOG REDUCING VISIBILITY
HIGHEST: 65 ON 5 GRTST 24HR 0.28 ON 23-24 TO 1/4 MILE OR LESS
LOWEST: 8 ON 30,28 3 = THUNDER
SNOW, ICE PELLETS, HAIL 4 = ICE PELLETS
TOTAL MONTH: M 5 = HAIL
GRTST 24HR M ON M 6 = FREEZING RAIN OR DRIZZLE
GRTST DEPTH: M ON M 7 = DUSTSTORM OR SANDSTORM:
VSBY 1/2 MILE OR LESS
8 = SMOKE OR HAZE
[NO. OF DAYS WITH] [WEATHER - DAYS WITH] 9 = BLOWING SNOW
X = TORNADO
MAX 32 OR BELOW: 2 0.01 INCH OR MORE: 7
MAX 90 OR ABOVE: 0 0.10 INCH OR MORE: 3
MIN 32 OR BELOW: 28 0.50 INCH OR MORE: 0
MIN 0 OR BELOW: 0 1.00 INCH OR MORE: 0
[HDD (BASE 65) ]
TOTAL THIS MO. 922 CLEAR (SCALE 0-3) 18
DPTR FM NORMAL -149 PTCLDY (SCALE 4-7) 7
TOTAL FM JUL 1 1824 CLOUDY (SCALE 8-10) 5
DPTR FM NORMAL -502
[CDD (BASE 65) ]
TOTAL THIS MO. 0
DPTR FM NORMAL 0 [PRESSURE DATA]
TOTAL FM JAN 1 135 HIGHEST SLP 30.59 ON 1
DPTR FM NORMAL 96 LOWEST SLP 29.17 ON 7
[REMARKS]
#FINAL-11-20#