213
CXUS52 KFFC 011010
CF6ATL
PRELIMINARY LOCAL CLIMATOLOGICAL DATA (WS FORM: F-6)
STATION: ATLANTA
MONTH: MARCH
YEAR: 2021
LATITUDE: 33 39 N
LONGITUDE: 84 26 W
TEMPERATURE IN F: :PCPN: SNOW: WIND :SUNSHINE: SKY :PK WND
================================================================================
1 2 3 4 5 6A 6B 7 8 9 10 11 12 13 14 15 16 17 18
12Z AVG MX 2MIN
DY MAX MIN AVG DEP HDD CDD WTR SNW DPTH SPD SPD DIR MIN PSBL S-S WX SPD DR
================================================================================
1 69 48 59 9 6 0 0.10 M M 11.1 32 310 M M 9 18 43 320
2 49 41 45 -6 20 0 0.11 0.0 0 10.9 23 330 M M 10 32 320
3 65 39 52 1 13 0 0.20 0.0 0 9.6 16 320 M M 4 1 21 80
4 70 44 57 6 8 0 0.00 0.0 0 11.5 24 320 M M 0 30 320
5 67 42 55 3 10 0 0.00 0.0 0 9.6 22 330 M M 5 27 330
6 54 40 47 -5 18 0 0.00 0.0 M 8.3 18 80 M M 7 24 80
7 61 35 48 -4 17 0 0.00 0.0 0 8.8 20 340 M M 1 25 350
8 70 37 54 2 11 0 0.00 0.0 M 3.7 12 340 M M 1 12 360
9 70 40 55 2 10 0 0.00 0.0 0 5.0 13 230 M M 4 8 19 240
10 74 46 60 7 5 0 0.00 0.0 M 5.9 15 190 M M 4 22 180
11 74 53 64 11 1 0 0.00 0.0 0 5.0 12 160 M M 5 8 17 170
12 79 52 66 13 0 1 0.00 0.0 M 5.3 13 290 M M 6 15 290
13 80 57 69 15 0 4 0.00 0.0 M 5.8 13 20 M M 7 17 310
14 81 56 69 15 0 4 0.00 0.0 M 5.6 14 70 M M 6 20 30
15 70 60 65 11 0 0 T 0.0 M 11.9 22 80 M M 8 27 80
16 63 47 55 1 10 0 0.22 M M 10.0 23 80 M M 10 1 28 70
17 59 49 54 -1 11 0 0.07 0.0 M 8.0 15 100 M M 10 12 22 120
18 74 48 61 6 4 0 0.61 0.0 M 14.4 26 280 M M 8 13 39 260
19 60 45 53 -2 12 0 0.01 0.0 0 12.8 26 80 M M 9 32 320
20 58 41 50 -5 15 0 0.00 0.0 M 15.0 25 80 M M 2 32 80
21 67 47 57 1 8 0 0.00 0.0 M 13.1 23 70 M M 7 28 60
22 71 52 62 6 3 0 0.00 0.0 0 10.8 22 70 M M 5 28 60
23 69 56 63 7 2 0 T 0.0 M 8.2 26 140 M M 9 8 36 140
24 75 60 68 12 0 3 T 0.0 M 7.2 23 160 M M 9 36 140
25 77 62 70 13 0 5 0.65 0.0 0 12.2 31 190 M M 9 138 42 200
26 76 64 70 13 0 5 0.67 0.0 0 5.5 16 280 M M 9 13 27 310
27 82 64 73 16 0 8 T 0.0 0 8.0 18 220 M M 8 12 28 210
28 73 53 63 6 2 0 0.06 0.0 M 12.7 25 330 M M 9 33 240
29 69 41 55 -3 10 0 0.00 0.0 M 7.1 21 350 M M 1 31 350
30 75 49 62 4 3 0 0.08 0.0 M 8.3 15 150 M M 6 22 140
31 71 45 58 0 7 0 0.99 0.0 M 9.5 36 330 M M 10 13 46 320
================================================================================
SM 2152 1513 206 30 3.77 0.0 280.8 M 198
================================================================================
AV 69.4 48.8 9.1 FASTST M M 6 MAX(MPH)
MISC ----> 36 330 46 320
================================================================================
NOTES:
# LAST OF SEVERAL OCCURRENCES
COLUMN 17 PEAK WIND IN M.P.H.
PRELIMINARY LOCAL CLIMATOLOGICAL DATA (WS FORM: F-6) , PAGE 2
STATION: ATLANTA
MONTH: MARCH
YEAR: 2021
LATITUDE: 33 39 N
LONGITUDE: 84 26 W
[TEMPERATURE DATA] [PRECIPITATION DATA] SYMBOLS USED IN COLUMN 16
AVERAGE MONTHLY: 59.1 TOTAL FOR MONTH: 3.77 1 = FOG OR MIST
DPTR FM NORMAL: 4.8 DPTR FM NORMAL: -1.04 2 = FOG REDUCING VISIBILITY
HIGHEST: 82 ON 27 GRTST 24HR 1.26 ON 25-26 TO 1/4 MILE OR LESS
LOWEST: 35 ON 7 3 = THUNDER
SNOW, ICE PELLETS, HAIL 4 = ICE PELLETS
TOTAL MONTH: 0.0 INCH 5 = HAIL
GRTST 24HR 0.0 6 = FREEZING RAIN OR DRIZZLE
GRTST DEPTH: 0 7 = DUSTSTORM OR SANDSTORM:
VSBY 1/2 MILE OR LESS
8 = SMOKE OR HAZE
[NO. OF DAYS WITH] [WEATHER - DAYS WITH] 9 = BLOWING SNOW
X = TORNADO
MAX 32 OR BELOW: 0 0.01 INCH OR MORE: 12
MAX 90 OR ABOVE: 0 0.10 INCH OR MORE: 8
MIN 32 OR BELOW: 0 0.50 INCH OR MORE: 4
MIN 0 OR BELOW: 0 1.00 INCH OR MORE: 0
[HDD (BASE 65) ]
TOTAL THIS MO. 206 CLEAR (SCALE 0-3) 5
DPTR FM NORMAL -136 PTCLDY (SCALE 4-7) 14
TOTAL FM JUL 1 2072 CLOUDY (SCALE 8-10) 12
DPTR FM NORMAL -525
[CDD (BASE 65) ]
TOTAL THIS MO. 30
DPTR FM NORMAL 18 [PRESSURE DATA]
TOTAL FM JAN 1 32 HIGHEST SLP 30.58 ON 8
DPTR FM NORMAL 19 LOWEST SLP 29.65 ON 18
[REMARKS]
#FINAL-03-21#