000
CXUS54 KMAF 011210
CF6ATS
PRELIMINARY LOCAL CLIMATOLOGICAL DATA (WS FORM: F-6)
STATION: ARTESIA
MONTH: FEBRUARY
YEAR: 2023
LATITUDE: 32 54 N
LONGITUDE: 104 30 W
TEMPERATURE IN F: :PCPN: SNOW: WIND :SUNSHINE: SKY :PK WND
================================================================================
1 2 3 4 5 6A 6B 7 8 9 10 11 12 13 14 15 16 17 18
12Z AVG MX 2MIN
DY MAX MIN AVG DEP HDD CDD WTR SNW DPTH SPD SPD DIR MIN PSBL S-S WX SPD DR
================================================================================
1 37 27 32 M 33 0 0.00 M M 5.8 12 150 M M 7 12 15 180
2 54 23 39 M 26 0 0.00 M M 4.9 12 270 M M 4 12 17 340
3 61 25 43 M 22 0 0.00 M M 7.2 17 150 M M 0 25 150
4 66 28 47 M 18 0 0.00 M M 5.5 16 270 M M 0 18 270
5 77 30 54 M 11 0 0.00 M M 9.4 30 240 M M 0 38 240
6 75 41 58 M 7 0 0.00 M M 13.5 33 240 M M 0 46 240
7 46 36 41 M 24 0 0.00 M M 16.5 21 320 M M 7 26 340
8 59 30 45 M 20 0 0.00 M M 8.2 13 260 M M 2 M M
9 52 30 41 M 24 0 0.03 M M 16.2 32 10 M M 3 41 10
10 46 21 34 M 31 0 0.00 M M 6.0 10 340 M M 0 M M
11 57 19 38 M 27 0 0.00 M M 8.5 21 150 M M 0 25 150
12 63 30 47 M 18 0 0.00 M M 4.0 12 160 M M 1 M M
13 57 34 46 M 19 0 0.00 M M 9.7 28 280 M M 2 45 170
14 59 39 49 M 16 0 0.00 M M 27.7 48 250 M M 0 61 250
15 57 34 46 M 19 0 0.00 M M 16.5 39 240 M M 2 52 240
16 41 19 30 M 35 0 0.00 M M 8.6 16 360 M M 2 23 10
17 48 16 32 M 33 0 0.00 M M 8.0 15 150 M M 0 18 160
18 66 30 48 M 17 0 0.00 M M 12.0 20 220 M M 2 26 220
19 64 39 52 M 13 0 0.00 M M 17.2 31 250 M M 2 41 250
20 73 54 64 M 1 0 0.00 M M 20.8 33 260 M M 0 41 250
21 68 52 60 M 5 0 0.00 M M 15.7 37 260 M M 0 40 260
22 68 48 58 M 7 0 0.00 M M 30.4 49 230 M M 1 8 61 230
23 68 37 53 M 12 0 0.00 M M 12.8 25 220 M M 0 33 220
24 59 28 44 M 21 0 0.00 M M 7.4 15 160 M M 0 17 160
25 61 32 47 M 18 0 0.00 M M 6.8 14 160 M M 0 18 160
26 81 41 61 M 4 0 0.00 M M 21.6 51 230 M M 1 18 67 220
27 72 28 50 M 15 0 0.00 M M 10.0 29 250 M M 0 30 360
28 72 43 58 M 7 0 0.00 M M 16.0 31 230 M M 0 40 220
================================================================================
SM 1707 914 503 0 0.03 M 346.9 M 36
================================================================================
AV 61.0 32.6 12.4 FASTST M M 1 MAX(MPH)
MISC ----> 51 230 67 220
================================================================================
NOTES:
# LAST OF SEVERAL OCCURRENCES
COLUMN 17 PEAK WIND IN M.P.H.
PRELIMINARY LOCAL CLIMATOLOGICAL DATA (WS FORM: F-6) , PAGE 2
STATION: ARTESIA
MONTH: FEBRUARY
YEAR: 2023
LATITUDE: 32 54 N
LONGITUDE: 104 30 W
[TEMPERATURE DATA] [PRECIPITATION DATA] SYMBOLS USED IN COLUMN 16
AVERAGE MONTHLY: 46.8 TOTAL FOR MONTH: 0.03 1 = FOG OR MIST
DPTR FM NORMAL: 0.0 DPTR FM NORMAL: 0.03 2 = FOG REDUCING VISIBILITY
HIGHEST: 81 ON 26 GRTST 24HR 0.03 ON 9- 9 TO 1/4 MILE OR LESS
LOWEST: 16 ON 17 3 = THUNDER
SNOW, ICE PELLETS, HAIL 4 = ICE PELLETS
TOTAL MONTH: M 5 = HAIL
GRTST 24HR M ON M 6 = FREEZING RAIN OR DRIZZLE
GRTST DEPTH: M ON M 7 = DUSTSTORM OR SANDSTORM:
VSBY 1/2 MILE OR LESS
8 = SMOKE OR HAZE
[NO. OF DAYS WITH] [WEATHER - DAYS WITH] 9 = BLOWING SNOW
X = TORNADO
MAX 32 OR BELOW: 0 0.01 INCH OR MORE: 1
MAX 90 OR ABOVE: 0 0.10 INCH OR MORE: 0
MIN 32 OR BELOW: 16 0.50 INCH OR MORE: 0
MIN 0 OR BELOW: 0 1.00 INCH OR MORE: 0
[HDD (BASE 65) ]
TOTAL THIS MO. 503 CLEAR (SCALE 0-3) 25
DPTR FM NORMAL M PTCLDY (SCALE 4-7) 3
TOTAL FM JUL 1 2383 CLOUDY (SCALE 8-10) 0
DPTR FM NORMAL M
[CDD (BASE 65) ]
TOTAL THIS MO. 0
DPTR FM NORMAL M [PRESSURE DATA]
TOTAL FM JAN 1 0 HIGHEST SLP M ON M
DPTR FM NORMAL M LOWEST SLP M ON M
[REMARKS]
#FINAL-02-23#