000
CXUS54 KEWX 011357
CLMATT
CLIMATE REPORT
NATIONAL WEATHER SERVICE AUSTIN/SAN ANTONIO
745 AM CDT FRI SEP 01 2023
...................................
...THE AUSTIN CAMP MABRY CLIMATE SUMMARY FOR THE MONTH OF AUGUST 2023...
CLIMATE NORMAL PERIOD: 1991 TO 2020
CLIMATE RECORD PERIOD: 1897 TO 2023
WEATHER OBSERVED NORMAL DEPART LAST YEAR`S
VALUE DATE(S) VALUE FROM VALUE DATE(S)
NORMAL
................................................................
TEMPERATURE (F)
HIGHEST 110 08/17 106 08/03
08/04
LOWEST 70 08/30 71 08/31
AVG. MAXIMUM 104.9 97.8 7.1 99.6
AVG. MINIMUM 77.3 75.1 2.2 76.3
MEAN 91.1 86.5 4.6 88.0
DAYS MAX >= 90 31 30
DAYS MAX <= 32 0 0
DAYS MIN <= 32 0 0
DAYS MIN <= 0 0 0
PRECIPITATION (INCHES)
TOTALS 0.11 2.74 -2.63 5.72
DAILY AVG. 0.00 0.09 -0.09 0.18
DAYS >= .01 1 8
DAYS >= .10 1 6
DAYS >= .50 0 3
DAYS >= 1.00 0 1
GREATEST
24 HR. TOTAL 0.11 08/22 TO 08/22
SNOWFALL (INCHES)
TOTALS 0.0 0.0 0.0 0.0
SINCE 7/1 0.0
DEGREE DAYS
HEATING TOTAL 0 0 0 0
SINCE 7/1 0 0 0 MM
COOLING TOTAL 819 665 154 718
SINCE 1/1 2986 2500 486 MM
................................................................
WIND (MPH)
AVERAGE WIND SPEED 5.1
HIGHEST WIND SPEED/DIRECTION 18/150 DATE 08/08
18/350 08/27
HIGHEST GUST SPEED/DIRECTION 37/360 DATE 08/27
SKY COVER
POSSIBLE SUNSHINE (PERCENT) MM
AVERAGE SKY COVER 0.07
NUMBER OF DAYS FAIR 31
NUMBER OF DAYS PC 0
NUMBER OF DAYS CLOUDY 0
AVERAGE RH (PERCENT) 52
WEATHER CONDITIONS. NUMBER OF DAYS WITH
THUNDERSTORM 2 MIXED PRECIP 0
HEAVY RAIN 0 RAIN 0
LIGHT RAIN 3 FREEZING RAIN 0
LT FREEZING RAIN 0 HAIL 0
HEAVY SNOW 0 SNOW 0
LIGHT SNOW 0 SLEET 0
FOG 1 FOG W/VIS <= 1/4 MILE 0
HAZE 0
- INDICATES NEGATIVE NUMBERS.
R INDICATES RECORD WAS SET OR TIED.
MM INDICATES DATA IS MISSING.
T INDICATES TRACE AMOUNT.
&&
MONTHLY CLIMATE SUMMARY:
AUGUST 2023 WAS 2ND WARMEST AND 12TH DRIEST AUGUST ON RECORD.
SEA LEVEL PRESSURE DATA:
HIGHEST SLP 30.12 ON 15TH
LOWEST SLP 29.68 ON 9TH
PRELIMINARY LOCAL CLIMATOLOGICAL DATA (WS FORM: F-6)
STATION: AUSTIN CAMP MABRY
MONTH: AUGUST
YEAR: 2023
LATITUDE: 30 17 N
LONGITUDE: 97 42 W
TEMPERATURE IN F: :PCPN: SNOW: WIND :SUNSHINE: SKY :PK WND
================================================================================
1 2 3 4 5 6A 6B 7 8 9 10 11 12 13 14 15 16 17 18
12Z AVG MX 2MIN
DY MAX MIN AVG DEP HDD CDD WTR SNW DPTH SPD SPD DIR MIN PSBL S-S WX SPD DR
================================================================================
1 106 78 92 5 0 27 T 0.0 0 4.0 14 140 M M 1 22 110
2 105 79 92 5 0 27 0.00 0.0 0 5.2 14 150 M M 0 27 150
3 104 78 91 4 0 26 0.00 0.0 0 6.4 13 140 M M 1 23 150
4 105 79 92 5 0 27 0.00 0.0 0 6.3 13 160 M M 1 26 150
5 106 78 92 5 0 27 0.00 0.0 0 6.5 15 150 M M 0 27 150
6 105 78 92 5 0 27 0.00 0.0 0 6.5 14 150 M M 0 24 150
7 106 78 92 5 0 27 0.00 0.0 0 6.6 14 170 M M 0 27 150
8 106 78 92 5 0 27 0.00 0.0 0 7.2 18 150 M M 1 31 160
9 108 77 93 6 0 28 0.00 0.0 0 8.6 14 160 M M 1 30 160
10 107 78 93 6 0 28 0.00 0.0 0 7.7 14 160 M M 1 28 140
11 108 79 94 7 0 29 0.00 0.0 0 8.2 15 150 M M 2 29 140
12 106 80 93 6 0 28 0.00 0.0 0 8.4 15 150 M M 2 29 160
13 106 79 93 6 0 28 0.00 0.0 0 7.2 14 150 M M 3 25 150
14 106 77 92 5 0 27 0.00 0.0 0 4.0 10 180 M M 1 20 200
15 102 80 91 4 0 26 0.00 0.0 0 4.6 12 20 M M 0 22 10
16 104 73 89 2 0 24 0.00 0.0 0 2.9 9 100 M M 0 16 80
17 110 77 94 7 0 29 0.00 0.0 0 4.1 13 110 M M 0 22 170
18 106 77 92 5 0 27 0.00 0.0 0 4.6 13 120 M M 0 22 140
19 104 75 90 4 0 25 0.00 0.0 0 4.2 10 110 M M 0 19 150
20 107 78 93 7 0 28 0.00 0.0 0 2.0 13 130 M M 1 21 120
21 105 80 93 7 0 28 0.00 0.0 0 4.6 16 130 M M 1 27 120
22 99 78 89 3 0 24 0.11 0.0 0 4.6 14 120 M M 1 13 27 140
23 101 78 90 4 0 25 0.00 0.0 0 6.3 13 130 M M 2 23 140
24 105 79 92 6 0 27 0.00 0.0 0 2.7 10 130 M M 1 16 120
25 107 80 94 8 0 29 0.00 0.0 0 3.5 13 150 M M 0 23 160
26 107 77 92 7 0 27 0.00 0.0 0 3.3 12 140 M M 0 19 130
27 109 77 93 8 0 28 T 0.0 0 2.8 18 350 M M 1 3 37 360
28 100 75 88 3 0 23 0.00 0.0 0 4.2 14 10 M M 2 22 360
29 99 76 88 3 0 23 0.00 0.0 0 4.0 13 10 M M 1 25 350
30 101 70 86 1 0 21 0.00 0.0 0 3.4 13 20 M M 1 21 20
31 102 71 87 3 0 22 0.00 0.0 0 3.3 9 130 M M 0 17 80
================================================================================
SM 3252 2397 0 819 0.11 0.0 157.9 M 25
================================================================================
AV104.9 77.3 5.1 FASTST M M 1 MAX(MPH)
MISC ----> # 18 150 37 360
================================================================================
NOTES:
# LAST OF SEVERAL OCCURRENCES
COLUMN 17 PEAK WIND IN M.P.H.
SYMBOLS USED IN COLUMN 16
1 = FOG OR MIST
2 = FOG REDUCING VISIBILITY TO 1/4 MILE OR LESS
3 = THUNDER
4 = ICE PELLETS
5 = HAIL
6 = FREEZING RAIN OR DRIZZLE
7 = DUSTSTORM OR SANDSTORM: VSBY 1/2 MILE OR LESS
8 = SMOKE OR HAZE
9 = BLOWING SNOW
X = TORNADO
$$