000
CXUS54 KEWX 011845
CLMATT
CLIMATE REPORT
NATIONAL WEATHER SERVICE AUSTIN/SAN ANTONIO
145 PM CDT SAT APR 01 2023
...................................
...THE AUSTIN CAMP MABRY CLIMATE SUMMARY FOR THE MONTH OF MARCH 2023...
CLIMATE NORMAL PERIOD: 1991 TO 2020
CLIMATE RECORD PERIOD: 1897 TO 2023
WEATHER OBSERVED NORMAL DEPART LAST YEAR`S
VALUE DATE(S) VALUE FROM VALUE DATE(S)
NORMAL
................................................................
TEMPERATURE (F)
HIGHEST 90 03/11 91 03/26
03/31
LOWEST 39 03/19 28 03/12
AVG. MAXIMUM 76.6 73.3 3.3 76.2
AVG. MINIMUM 55.0 52.2 2.8 48.5
MEAN 65.8 62.8 3.0 62.3
DAYS MAX >= 90 2 1
DAYS MAX <= 32 0 0
DAYS MIN <= 32 0 1
DAYS MIN <= 0 0 0
PRECIPITATION (INCHES)
TOTALS 1.64 2.88 -1.24 0.99
DAILY AVG. 0.05 0.09 -0.04 0.03
DAYS >= .01 7 6
DAYS >= .10 3 2
DAYS >= .50 1 1
DAYS >= 1.00 1 0
GREATEST
24 HR. TOTAL 1.09 03/02 TO 03/02
SNOWFALL (INCHES)
TOTALS 0.0 0.0 0.0 0.0
SINCE 7/1 0.0
DEGREE DAYS
HEATING TOTAL 83 143 -60 145
SINCE 7/1 1259 1404 -145 MM
COOLING TOTAL 115 73 42 70
SINCE 1/1 187 107 80 MM
................................................................
WIND (MPH)
AVERAGE WIND SPEED 5.7
HIGHEST WIND SPEED/DIRECTION 25/280 DATE 03/02
HIGHEST GUST SPEED/DIRECTION 54/280 DATE 03/02
SKY COVER
POSSIBLE SUNSHINE (PERCENT) MM
AVERAGE SKY COVER 0.53
NUMBER OF DAYS FAIR 9
NUMBER OF DAYS PC 13
NUMBER OF DAYS CLOUDY 9
AVERAGE RH (PERCENT) 64
WEATHER CONDITIONS. NUMBER OF DAYS WITH
THUNDERSTORM 2 MIXED PRECIP 0
HEAVY RAIN 2 RAIN 2
LIGHT RAIN 9 FREEZING RAIN 0
LT FREEZING RAIN 0 HAIL 0
HEAVY SNOW 0 SNOW 0
LIGHT SNOW 0 SLEET 0
FOG 11 FOG W/VIS <= 1/4 MILE 2
HAZE 5
- INDICATES NEGATIVE NUMBERS.
R INDICATES RECORD WAS SET OR TIED.
MM INDICATES DATA IS MISSING.
T INDICATES TRACE AMOUNT.
&&
MONTHLY CLIMATE SUMMARY:
MARCH 2023 WAS TIED FOR THE 9TH WARMEST AND TIED FOR THE 50TH
DRIEST MARCH ON RECORD.
SEA LEVEL PRESSURE DATA:
HIGHEST SLP 30.59 ON THE 19TH
LOWEST SLP 29.28 ON THE 2ND
PRELIMINARY LOCAL CLIMATOLOGICAL DATA (WS FORM: F-6)
STATION: AUSTIN CAMP MABRY
MONTH: MARCH
YEAR: 2023
LATITUDE: 30 17 N
LONGITUDE: 97 42 W
TEMPERATURE IN F: :PCPN: SNOW: WIND :SUNSHINE: SKY :PK WND
================================================================================
1 2 3 4 5 6A 6B 7 8 9 10 11 12 13 14 15 16 17 18
12Z AVG MX 2MIN
DY MAX MIN AVG DEP HDD CDD WTR SNW DPTH SPD SPD DIR MIN PSBL S-S WX SPD DR
================================================================================
1 85 70 78 19 0 13 T 0.0 0 5.6 15 140 M M 7 18 23 130
2 82 54 68 9 0 3 1.09 0.0 0 8.1 25 280 M M 7 1238 54 280
3 74 50 62 2 3 0 0.00 0.0 0 4.5 14 290 M M 0 24 300
4 82 45 64 4 1 0 0.00 0.0 0 3.8 12 190 M M 0 20 190
5 80 53 67 7 0 2 0.00 0.0 0 5.6 13 140 M M 2 19 150
6 81 59 70 10 0 5 0.00 0.0 0 3.9 10 230 M M 6 1 20 220
7 82 66 74 14 0 9 T 0.0 0 5.3 12 160 M M 8 18 23 160
8 82 62 72 11 0 7 0.00 0.0 0 4.7 10 150 M M 7 19 160
9 86 60 73 12 0 8 T 0.0 0 5.1 12 150 M M 7 8 23 180
10 76 56 66 5 0 1 0.00 0.0 0 5.5 12 360 M M 6 8 21 20
11 90 62 76 14 0 11 0.00 0.0 0 6.3 14 210 M M 3 1 26 230
12 76 57 67 5 0 2 0.00 0.0 0 7.5 14 30 M M 2 28 350
13 69 50 60 -2 5 0 0.00 0.0 0 6.1 13 20 M M 1 27 60
14 69 49 59 -3 6 0 0.00 0.0 0 3.9 10 90 M M 5 19 80
15 76 49 63 1 2 0 0.00 0.0 0 7.0 15 150 M M 6 27 150
16 81 53 67 4 0 2 0.14 0.0 0 6.9 22 360 M M 8 13 39 360
17 59 41 50 -13 15 0 0.06 0.0 0 8.9 17 350 M M 6 35 350
18 54 45 50 -13 15 0 T 0.0 0 3.5 15 20 M M 8 28 10
19 61 39 50 -14 15 0 0.00 0.0 0 3.5 9 130 M M 1 15 160
20 57 40 49 -15 16 0 0.02 0.0 0 5.2 15 150 M M 8 1 28 160
21 69 52 61 -3 4 0 0.22 0.0 0 5.3 12 170 M M 10 12 24 190
22 80 68 74 10 0 9 0.00 0.0 0 7.9 15 150 M M 10 1 28 150
23 84 71 78 14 0 13 0.00 0.0 0 8.3 20 160 M M 9 34 170
24 87 58 73 8 0 8 0.07 0.0 0 4.6 15 170 M M 5 1 30 160
25 83 51 67 2 0 2 0.00 0.0 0 4.2 12 360 M M 0 23 360
26 82 52 67 2 0 2 0.00 0.0 0 2.7 12 140 M M 2 21 130
27 80 58 69 4 0 4 0.00 0.0 0 5.4 12 360 M M 5 21 10
28 70 58 64 -2 1 0 0.00 0.0 0 8.3 18 360 M M 4 37 20
29 74 55 65 -1 0 0 0.00 0.0 0 6.0 12 140 M M 9 22 150
30 75 60 68 2 0 3 0.04 0.0 0 6.7 16 150 M M 9 1 32 150
31 90 61 76 10 0 11 0.00 0.0 0 6.1 15 220 M M 4 31 200
================================================================================
SM 2376 1704 83 115 1.64 0.0 176.4 M 165
================================================================================
AV 76.6 55.0 5.7 FASTST M M 5 MAX(MPH)
MISC ----> 25 280 54 280
================================================================================
NOTES:
# LAST OF SEVERAL OCCURRENCES
COLUMN 17 PEAK WIND IN M.P.H.
SYMBOLS USED IN COLUMN 16
1 = FOG OR MIST
2 = FOG REDUCING VISIBILITY TO 1/4 MILE OR LESS
3 = THUNDER
4 = ICE PELLETS
5 = HAIL
6 = FREEZING RAIN OR DRIZZLE
7 = DUSTSTORM OR SANDSTORM: VSBY 1/2 MILE OR LESS
8 = SMOKE OR HAZE
9 = BLOWING SNOW
X = TORNADO
$$