000
CXUS54 KEWX 151341
CF6AUS
PRELIMINARY LOCAL CLIMATOLOGICAL DATA (WS FORM: F-6)
STATION: AUSTIN BERGSTROM
MONTH: FEBRUARY
YEAR: 2021
LATITUDE: 30 13 N
LONGITUDE: 97 40 W
TEMPERATURE IN F: :PCPN: SNOW: WIND :SUNSHINE: SKY :PK WND
================================================================================
1 2 3 4 5 6A 6B 7 8 9 10 11 12 13 14 15 16 17 18
12Z AVG MX 2MIN
DY MAX MIN AVG DEP HDD CDD WTR SNW DPTH SPD SPD DIR MIN PSBL S-S WX SPD DR
================================================================================
1 66 34 50 0 15 0 0.00 0.0 0 6.3 17 30 M M 1 23 30
2 68 34 51 1 14 0 0.00 0.0 0 4.5 15 170 M M 4 24 150
3 77 34 56 6 9 0 0.00 0.0 0 9.3 23 180 M M 2 1 33 180
4 86 55 71 21 0 6 0.00 0.0 0 14.1 25 10 M M 6 32 200
5 59 45 52 2 13 0 0.02 0.0 0 7.9 21 10 M M 6 26 10
6 77 46 62 11 3 0 T 0.0 0 7.3 26 350 M M 6 1 37 360
7 71 35 53 2 12 0 0.00 0.0 0 8.3 18 180 M M 1 29 150
8 77 43 60 9 5 0 0.00 0.0 0 5.2 20 180 M M 6 1 25 190
9 64 48 56 5 9 0 T 0.0 0 9.3 16 50 M M 10 18 20 50
10 48 37 43 -8 22 0 0.07 0.0 0 14.5 23 360 M M 10 18 30 360
11 38 32 35 -16 30 0 0.48 0.0 0 16.8 25 10 M M 10 16 34 360
12 34 30 32 -20 33 0 T 0.0 0 17.6 25 10 M M 10 16 32 350
13 32 28 30 -22 35 0 T T 0 16.5 24 360 M M 10 16 30 20
14 31 14 23 -29 42 0 0.11 0.3 0 18.6 28 350 M M 10 1469 38 360
15 23 9 16 -36 49 0 0.34 6.1 6 13.3 25 340 M M 5 9 36 330
16 27 6 17 -35 48 0 0.01 0.0 5 5.8 14 40 M M 6 16 17 40
17 32 23 28 -24 37 0 0.74 0.0 4 12.5 24 360 M M 10 16 29 360
18 32 27 30 -23 35 0 T 0.1 3 13.8 23 360 M M 8 1 27 360
19 45 20 33 -20 32 0 0.00 0.0 2 3.2 10 360 M M 1 17 310
20 63 21 42 -11 23 0 0.00 0.0 T 7.4 20 180 M M 0 1 25 190
21 76 33 55 2 10 0 0.00 0.0 0 9.0 24 200 M M 5 1 36 200
22 76 34 55 2 10 0 0.00 0.0 0 4.1 13 10 M M 1 16 10
23 79 35 57 3 8 0 0.00 0.0 0 10.6 25 170 M M 1 34 180
24 83 64 74 20 0 9 0.00 0.0 0 8.5 18 30 M M 8 25 180
25 66 52 59 5 6 0 0.06 0.0 0 11.0 18 20 M M 10 1 22 20
26 61 49 55 1 10 0 0.01 0.0 0 4.3 15 340 M M 10 1 19 330
27 80 57 69 14 0 4 T 0.0 0 8.6 25 150 M M 10 12 35 150
28 78 60 69 14 0 4 T 0.0 0 10.0 22 20 M M 10 28 160
================================================================================
SM 1649 1005 510 23 1.84 6.5 278.3 M 177
================================================================================
AV 58.9 35.9 9.9 FASTST M M 6 MAX(MPH)
MISC ----> 28 350 38 360
================================================================================
NOTES:
# LAST OF SEVERAL OCCURRENCES
COLUMN 17 PEAK WIND IN M.P.H.
PRELIMINARY LOCAL CLIMATOLOGICAL DATA (WS FORM: F-6) , PAGE 2
STATION: AUSTIN BERGSTROM
MONTH: FEBRUARY
YEAR: 2021
LATITUDE: 30 13 N
LONGITUDE: 97 40 W
[TEMPERATURE DATA] [PRECIPITATION DATA] SYMBOLS USED IN COLUMN 16
AVERAGE MONTHLY: 47.4 TOTAL FOR MONTH: 1.84 1 = FOG OR MIST
DPTR FM NORMAL: -4.7 DPTR FM NORMAL: -0.47 2 = FOG REDUCING VISIBILITY
HIGHEST: 86 ON 4 GRTST 24HR 0.75 ON 16-17 TO 1/4 MILE OR LESS
LOWEST: 6 ON 16 3 = THUNDER
SNOW, ICE PELLETS, HAIL 4 = ICE PELLETS
TOTAL MONTH: 6.5 INCHES 5 = HAIL
GRTST 24HR 6.1 ON 15-15 6 = FREEZING RAIN OR DRIZZLE
GRTST DEPTH: 6 ON 15 7 = DUSTSTORM OR SANDSTORM:
VSBY 1/2 MILE OR LESS
8 = SMOKE OR HAZE
[NO. OF DAYS WITH] [WEATHER - DAYS WITH] 9 = BLOWING SNOW
X = TORNADO
MAX 32 OR BELOW: 6 0.01 INCH OR MORE: 9
MAX 90 OR ABOVE: 0 0.10 INCH OR MORE: 4
MIN 32 OR BELOW: 10 0.50 INCH OR MORE: 1
MIN 0 OR BELOW: 0 1.00 INCH OR MORE: 0
[HDD (BASE 65) ]
TOTAL THIS MO. 510 CLEAR (SCALE 0-3) 7
DPTR FM NORMAL 137 PTCLDY (SCALE 4-7) 9
TOTAL FM JUL 1 1469 CLOUDY (SCALE 8-10) 12
DPTR FM NORMAL -145
[CDD (BASE 65) ]
TOTAL THIS MO. 23
DPTR FM NORMAL 12 [PRESSURE DATA]
TOTAL FM JAN 1 25 HIGHEST SLP 30.61 ON 19
DPTR FM NORMAL 12 LOWEST SLP 29.72 ON 4
[REMARKS]
#FINAL-02-21#