000
CXUS53 KGRB 020017
CLSAUW
CLIMATE REPORT
NATIONAL WEATHER SERVICE GREEN BAY
717 PM CDT WED SEP 01 2021
...................................
...THE WAUSAU WI CLIMATE SUMMARY FOR THE SEASON, FROM
6/1/2021 TO 8/31/2021...
CLIMATE NORMAL PERIOD: 1991 TO 2020
CLIMATE RECORD PERIOD: 1896 TO 2021
WEATHER OBSERVED NORMAL DEPART LAST YEAR`S
VALUE DATE(S) VALUE FROM VALUE DATE(S)
NORMAL
................................................................
TEMPERATURE (F)
RECORD
HIGH 107 07/13/1936
LOW 29 06/01/1897
HIGHEST 95 06/05 94 1 91 06/02
06/08
LOWEST 48 06/01 40 8 41 06/14
AVG. MAXIMUM 82.8 78.2 4.6 79.8
AVG. MINIMUM 61.2 56.7 4.5 58.5
MEAN 72.0 67.4 4.6 69.1
DAYS MAX >= 90 8 4.7 3.3 5
DAYS MAX <= 32 0 0.0 0.0 0
DAYS MIN <= 32 0 0.0 0.0 0
DAYS MIN <= 0 0 0.0 0.0 0
PRECIPITATION (INCHES)
RECORD
MAXIMUM 20.60 1995
MINIMUM 5.58 1976
TOTALS 25.36 12.60 12.76 15.52
DAILY AVG. 0.28 0.14 0.14 0.17
DAYS >= .01 33 34.9 -1.9 34
DAYS >= .10 29 21.7 7.3 19
DAYS >= .50 22 8.4 13.6 10
DAYS >= 1.00 8 3.3 4.7 4
SNOWFALL (INCHES)
RECORDS
TOTAL 0.0 MM
24 HR TOTAL MM
TOTALS 0.0 0.0 0.0 0.0
SINCE 7/1 0.0 0.0 0.0 MM
DAYS >= TRACE 0 0.0 0.0 0
DAYS >= 1.0 0 0.0 0.0 0
GREATEST
SNOW DEPTH 0 0 MM
24 HR TOTAL MM
DEGREE DAYS
HEATING TOTAL 16 139 -123 78
SINCE 7/1 3 64 -61 29
COOLING TOTAL 684 363 321 484
SINCE 1/1 727 385 342 511
FREEZE DATES
RECORD
EARLIEST 08/30/1915
LATEST 06/12/1903
EARLIEST MM
LATEST 05/12
................................................................
WIND (MPH)
AVERAGE WIND SPEED 6.1
RESULTANT WIND SPEED/DIRECTION 1/210
HIGHEST WIND SPEED/DIRECTION 38/330 DATE 07/28
HIGHEST GUST SPEED/DIRECTION 64/360 DATE 07/28
SKY COVER
POSSIBLE SUNSHINE (PERCENT) MM
AVERAGE SKY COVER 0.28
NUMBER OF DAYS FAIR 58
NUMBER OF DAYS PC 28
NUMBER OF DAYS CLOUDY 6
AVERAGE RH (PERCENT) 66
WEATHER CONDITIONS. NUMBER OF DAYS WITH
THUNDERSTORM 26 MIXED PRECIP 0
HEAVY RAIN 26 RAIN 20
LIGHT RAIN 38 FREEZING RAIN 0
LT FREEZING RAIN 0 HAIL 0
HEAVY SNOW 0 SNOW 0
LIGHT SNOW 0 SLEET 0
FOG 45 FOG W/VIS <= 1/4 MILE 9
HAZE 28
- INDICATES NEGATIVE NUMBERS.
R INDICATES RECORD WAS SET OR TIED.
MM INDICATES DATA IS MISSING.
T INDICATES TRACE AMOUNT.
$$