000
CXUS53 KGRB 030051
CLSAUW
CLIMATE REPORT
NATIONAL WEATHER SERVICE GREEN BAY
751 PM CDT FRI SEP 02 2022
...................................
...THE WAUSAU WI CLIMATE SUMMARY FOR THE SEASON, FROM
6/1/2022 TO 8/31/2022...
CLIMATE NORMAL PERIOD: 1991 TO 2020
CLIMATE RECORD PERIOD: 1896 TO 2022
WEATHER OBSERVED NORMAL DEPART LAST YEAR`S
VALUE DATE(S) VALUE FROM VALUE DATE(S)
NORMAL
................................................................
TEMPERATURE (F)
RECORD
HIGH 107 07/13/1936
LOW 29 06/01/1897
HIGHEST 96 06/14 94 2 95 06/05
06/08
LOWEST 43 06/04 40 3 48 06/01
AVG. MAXIMUM 80.4 78.2 2.2 82.8
AVG. MINIMUM 59.7 56.7 3.0 61.2
MEAN 70.1 67.4 2.7 72.0
DAYS MAX >= 90 5 4.7 0.3 8
DAYS MAX <= 32 0 0.0 0.0 0
DAYS MIN <= 32 0 0.0 0.0 0
DAYS MIN <= 0 0 0.0 0.0 0
PRECIPITATION (INCHES)
RECORD
MAXIMUM 25.36 2021
MINIMUM 5.58 1976
TOTALS 12.24 12.60 -0.36 25.36
DAILY AVG. 0.13 0.14 -0.00 0.28
DAYS >= .01 33 34.9 -1.9 33
DAYS >= .10 22 21.7 0.3 29
DAYS >= .50 9 8.4 0.6 22
DAYS >= 1.00 4 3.3 0.7 8
SNOWFALL (INCHES)
RECORDS
TOTAL 0.0 MM
24 HR TOTAL MM
TOTALS 0.0 0.0 0.0 0.0
SINCE 7/1 0.0 0.0 0.0 0.0
DAYS >= TRACE 0 0.0 0.0 0
DAYS >= 1.0 0 0.0 0.0 0
GREATEST
SNOW DEPTH 0 0 MM
24 HR TOTAL MM
DEGREE DAYS
HEATING TOTAL 36 139 -103 16
SINCE 7/1 7 64 -57 3
COOLING TOTAL 522 363 159 684
SINCE 1/1 599 385 214 727
FREEZE DATES
RECORD
EARLIEST 08/30/1915
LATEST 06/12/1903
EARLIEST MM
LATEST 05/04
................................................................
WIND (MPH)
AVERAGE WIND SPEED 7.0
RESULTANT WIND SPEED/DIRECTION 2/230
HIGHEST WIND SPEED/DIRECTION 40/270 DATE 06/15
HIGHEST GUST SPEED/DIRECTION 69/250 DATE 06/15
SKY COVER
POSSIBLE SUNSHINE (PERCENT) MM
AVERAGE SKY COVER 0.34
NUMBER OF DAYS FAIR 51
NUMBER OF DAYS PC 30
NUMBER OF DAYS CLOUDY 10
AVERAGE RH (PERCENT) 63
WEATHER CONDITIONS. NUMBER OF DAYS WITH
THUNDERSTORM 20 MIXED PRECIP 0
HEAVY RAIN 17 RAIN 18
LIGHT RAIN 39 FREEZING RAIN 0
LT FREEZING RAIN 0 HAIL 0
HEAVY SNOW 0 SNOW 0
LIGHT SNOW 0 SLEET 0
FOG 36 FOG W/VIS <= 1/4 MILE 5
HAZE 22
- INDICATES NEGATIVE NUMBERS.
R INDICATES RECORD WAS SET OR TIED.
MM INDICATES DATA IS MISSING.
T INDICATES TRACE AMOUNT.
$$