000
CXUS51 KBGM 010835
CLSAVP
CLIMATE REPORT
NATIONAL WEATHER SERVICE BINGHAMTON, NY
435 AM EDT FRI SEP 01 2023
...................................
...THE AVOCA PA CLIMATE SUMMARY FOR THE SEASON, FROM
6/1/2023 TO 8/31/2023...
CLIMATE NORMAL PERIOD 1991 TO 2020
CLIMATE RECORD PERIOD 1901 TO 2023
WEATHER OBSERVED NORMAL DEPART LAST YEAR`S
VALUE DATE(S) VALUE FROM VALUE DATE(S)
NORMAL
................................................................
TEMPERATURE (F)
RECORD
HIGH 101 07/16/1988
07/03/1966
LOW 34 06/11/1972
HIGHEST 95 06/02 80 15 98 08/04
LOWEST 41 06/08 59 -18 44 06/20
AVG. MAXIMUM 80.5 82.3 -1.8 84.7
AVG. MINIMUM 60.7 60.6 0.1 61.8
MEAN 70.6 71.5 -0.9 73.2
DAYS MAX >= 90 4 9.9 -5.9 18
DAYS MAX <= 32 0 0.0 0.0 0
DAYS MIN <= 32 0 0.0 0.0 0
DAYS MIN <= 0 0 0.0 0.0 0
PRECIPITATION (INCHES)
RECORD
MAXIMUM 19.72 2018
MINIMUM 5.56 1995
TOTALS 16.15 11.26 4.89 8.60
DAILY AVG. 0.18 0.12 0.06 0.09
DAYS >= .01 38 35.1 2.9 29
DAYS >= .10 30 21.9 8.1 19
DAYS >= .50 14 7.1 6.9 5
DAYS >= 1.00 5 2.1 2.9 2
GREATEST
24 HR. TOTAL 1.71 07/09 TO 07/09 1.42 08/30 TO 08/30
SNOWFALL (INCHES)
RECORDS
TOTAL T 2022
24 HR TOTAL T 07/01/2022 TO 07/01/2022
TOTALS 0.0 0.0 0.0 T
SINCE 7/1 0.0 0.0 0.0 T
DAYS >= TRACE 0 0.0 0.0 1
DAYS >= 1.0 0 0.0 0.0 0
GREATEST
24 HR TOTAL 0.0 T 07/01 TO 07/01
DEGREE DAYS
HEATING TOTAL 44 43 1 16
SINCE 7/1 1 6 -5 0
COOLING TOTAL 588 640 -52 797
SINCE 1/1 635 699 -64 876
FREEZE DATES
RECORD
EARLIEST 09/21/1956
LATEST 05/25/1956
EARLIEST MM
LATEST 05/18
................................................................
WIND (MPH)
AVERAGE WIND SPEED 4.9
RESULTANT WIND SPEED/DIRECTION 0/360
HIGHEST WIND SPEED/DIRECTION 31/250 DATE 07/17
HIGHEST GUST SPEED/DIRECTION 43/250 DATE 07/17
SKY COVER
POSSIBLE SUNSHINE (PERCENT) MM
AVERAGE SKY COVER 0.46
NUMBER OF DAYS FAIR 34
NUMBER OF DAYS PC 42
NUMBER OF DAYS CLOUDY 16
AVERAGE RH (PERCENT) 71
WEATHER CONDITIONS. NUMBER OF DAYS WITH
THUNDERSTORM 29 MIXED PRECIP 0
HEAVY RAIN 25 RAIN 26
LIGHT RAIN 45 FREEZING RAIN 0
LT FREEZING RAIN 0 HAIL 0
HEAVY SNOW 0 SNOW 0
LIGHT SNOW 0 SLEET 0
FOG 65 FOG W/VIS <= 1/4 MILE 8
HAZE 23
- INDICATES NEGATIVE NUMBERS.
R INDICATES RECORD WAS SET OR TIED.
MM INDICATES DATA IS MISSING.
T INDICATES TRACE AMOUNT.
&&
14TH MOST PRECIPITATION FOR JUNE TO AUGUST
$$
TAC