000
CXUS53 KLBF 011510
CF6BBW
PRELIMINARY LOCAL CLIMATOLOGICAL DATA (WS FORM: F-6)
STATION: BROKEN BOW
MONTH: JANUARY
YEAR: 2024
LATITUDE: 41 26 N
LONGITUDE: 99 39 W
TEMPERATURE IN F: :PCPN: SNOW: WIND :SUNSHINE: SKY :PK WND
================================================================================
1 2 3 4 5 6A 6B 7 8 9 10 11 12 13 14 15 16 17 18
12Z AVG MX 2MIN
DY MAX MIN AVG DEP HDD CDD WTR SNW DPTH SPD SPD DIR MIN PSBL S-S WX SPD DR
================================================================================
1 38 8 23 -4 42 0 0.00 M M 6.2 18 180 M M 4 12 23 180
2 41 20 31 4 34 0 0.00 M M 4.8 16 340 M M 0 1 21 340
3 37 17 27 0 38 0 0.00 M M 5.9 14 30 M M 2 1 17 350
4 32 24 28 1 37 0 0.00 M M 11.1 17 150 M M 10 12 23 160
5 33 29 31 4 34 0 0.06 M M 5.7 15 160 M M 10 1 18 160
6 35 4 20 -7 45 0 T M M 10.8 28 330 M M 7 18 38 330
7 31 2 17 -10 48 0 0.00 M M 7.0 22 110 M M 3 1 29 110
8 31 15 23 -4 42 0 0.02 M M 21.4 35 340 M M 10 1268 49 340
9 27 9 18 -9 47 0 T M M 11.4 32 340 M M 4 1 43 340
10 41 14 28 1 37 0 T M M 8.2 29 300 M M 2 1 35 300
11 23 3 13 -14 52 0 0.01 M M 17.9 29 350 M M 8 12 39 340
12 4 -8 -2 -29 67 0 T M M 19.8 28 340 M M 6 189 37 340
13 -3 -17 -10 -37 75 0 T M M 18.6 35 330 M M 4 8 47 330
14 -2 -18 -10 -37 75 0 0.00 M M 11.2 22 330 M M 1 27 330
15 -1 -8 -4 -31 69 0 T M M 16.4 29 310 M M 5 8 37 320
16 16 -11 3 -23 62 0 0.00 M M 8.3 20 290 M M 0 26 290
17 27 6 17 -9 48 0 0.00 M M 4.2 14 270 M M 4 18 270
18 19 1 10 -16 55 0 0.02 M M 12.7 35 330 M M 4 129 46 350
19 12 -8 2 -24 63 0 0.00 M M 11.6 21 300 M M 0 28 330
20 11 -14 -1 -27 66 0 0.00 M M 10.0 22 160 M M 0 29 160
21 29 5 17 -9 48 0 0.00 M M 13.6 23 190 M M 0 30 190
22 42 18 30 4 35 0 0.00 M M 2.7 12 130 M M 1 12 12 130
23 31 27 29 3 36 0 0.00 M M 6.0 14 180 M M 10 12 16 180
24 33 28 31 5 34 0 0.00 M M 8.5 14 230 M M 10 12 17 240
25 45 23 34 8 31 0 0.00 M M 1.6 7 350 M M 2 1 8 360
26 44 18 31 5 34 0 0.00 M M 3.3 12 350 M M 2 12 14 350
27 47 20 34 8 31 0 0.00 M M 2.7 10 340 M M 0 13 310
28 51 18 35 9 30 0 0.00 M M 3.0 13 310 M M 0 16 300
29 56 34 45 19 20 0 0.00 M M 7.0 17 320 M M 0 23 330
30 57 32 45 19 20 0 0.00 M M 3.1 13 310 M M 0 15 310
31 64 29 47 21 18 0 0.00 M M 2.4 9 180 M M 0 12 220
================================================================================
SM 951 320 1373 0 0.11 M 277.1 M 109
================================================================================
AV 30.7 10.3 8.9 FASTST M M 4 MAX(MPH)
MISC ----> # 35 340 49 340
================================================================================
NOTES:
# LAST OF SEVERAL OCCURRENCES
COLUMN 17 PEAK WIND IN M.P.H.
PRELIMINARY LOCAL CLIMATOLOGICAL DATA (WS FORM: F-6) , PAGE 2
STATION: BROKEN BOW
MONTH: JANUARY
YEAR: 2024
LATITUDE: 41 26 N
LONGITUDE: 99 39 W
[TEMPERATURE DATA] [PRECIPITATION DATA] SYMBOLS USED IN COLUMN 16
AVERAGE MONTHLY: 20.5 TOTAL FOR MONTH: 0.11 1 = FOG OR MIST
DPTR FM NORMAL: -6.0 DPTR FM NORMAL: -0.24 2 = FOG REDUCING VISIBILITY
HIGHEST: 64 ON 31 GRTST 24HR 0.08 ON 12-12 TO 1/4 MILE OR LESS
LOWEST: -18 ON 14 3 = THUNDER
SNOW, ICE PELLETS, HAIL 4 = ICE PELLETS
TOTAL MONTH: M 5 = HAIL
GRTST 24HR M ON M 6 = FREEZING RAIN OR DRIZZLE
GRTST DEPTH: M ON M 7 = DUSTSTORM OR SANDSTORM:
VSBY 1/2 MILE OR LESS
8 = SMOKE OR HAZE
[NO. OF DAYS WITH] [WEATHER - DAYS WITH] 9 = BLOWING SNOW
X = TORNADO
MAX 32 OR BELOW: 16 0.01 INCH OR MORE: 4
MAX 90 OR ABOVE: 0 0.10 INCH OR MORE: 0
MIN 32 OR BELOW: 30 0.50 INCH OR MORE: 0
MIN 0 OR BELOW: 7 1.00 INCH OR MORE: 0
[HDD (BASE 65) ]
TOTAL THIS MO. 1373 CLEAR (SCALE 0-3) 17
DPTR FM NORMAL 181 PTCLDY (SCALE 4-7) 9
TOTAL FM JUL 1 3567 CLOUDY (SCALE 8-10) 5
DPTR FM NORMAL -159
[CDD (BASE 65) ]
TOTAL THIS MO. 0
DPTR FM NORMAL 0 [PRESSURE DATA]
TOTAL FM JAN 1 0 HIGHEST SLP 30.70 ON 19
DPTR FM NORMAL 0 LOWEST SLP 29.41 ON 10
[REMARKS]
#FINAL-01-24#