000
CXAK56 PAFC 011434
CF6BET
PRELIMINARY LOCAL CLIMATOLOGICAL DATA (WS FORM: F-6)
STATION: BETHEL
MONTH: AUGUST
YEAR: 2021
LATITUDE: 60 46 N
LONGITUDE: 161 48 W
TEMPERATURE IN F: :PCPN: SNOW: WIND :SUNSHINE: SKY :PK WND
================================================================================
1 2 3 4 5 6A 6B 7 8 9 10 11 12 13 14 15 16 17 18
12Z AVG MX 2MIN
DY MAX MIN AVG DEP HDD CDD WTR SNW DPTH SPD SPD DIR MIN PSBL S-S WX SPD DR
================================================================================
1 70 55 63 8 2 0 0.17 M M 16.5 25 160 M M 9 1 30 160
2 77 54 66 11 0 1 T M M 10.7 22 150 M M 3 27 150
3 79 52 66 11 0 1 0.00 M M 4.3 10 270 M M 0 M M
4 71 51 61 6 4 0 0.00 M M 10.3 26 210 M M 2 1 32 210
5 55 50 53 -2 12 0 0.61 M M 10.2 15 300 M M 10 1 20 300
6 60 48 54 -1 11 0 T M M 9.5 15 260 M M 8 20 270
7 64 42 53 -2 12 0 0.04 M M 8.0 16 170 M M 6 1 24 120
8 62 51 57 2 8 0 0.39 M M 8.1 15 230 M M 7 1 18 250
9 64 44 54 -1 11 0 T M M 6.5 16 30 M M 5 12 20 30
10 58 47 53 -2 12 0 0.00 M M 12.1 22 220 M M 8 26 220
11 58 41 50 -5 15 0 T M M 6.7 14 330 M M 9 12 18 310
12 56 45 51 -3 14 0 0.01 M M 9.2 17 320 M M 8 1 22 300
13 52 42 47 -7 18 0 T M M 7.9 15 290 M M 10 18 280
14 54 46 50 -4 15 0 0.02 M M 14.3 24 200 M M 10 1 32 220
15 53 48 51 -3 14 0 0.09 M M 16.8 23 230 M M 10 1 33 210
16 54 49 52 -2 13 0 0.00 M M 11.1 28 200 M M 10 8 34 200
17 55 44 50 -4 15 0 0.00 M M 8.0 16 340 M M 8 1 21 340
18 61 38 50 -4 15 0 0.01 M M 5.6 14 220 M M 3 1 17 220
19 56 47 52 -2 13 0 0.26 M M 17.5 29 230 M M 10 18 34 220
20 57 44 51 -3 14 0 T M M 7.4 16 240 M M 8 21 240
21 60 39 50 -4 15 0 0.04 M M 6.5 13 70 M M 4 16 80
22 59 50 55 1 10 0 0.40 M M 10.3 23 180 M M 10 1 30 180
23 62 48 55 2 10 0 0.09 M M 5.8 13 160 M M 10 1 14 160
24 61 52 57 4 8 0 0.03 M M 5.8 12 290 M M 10 1 14 290
25 55 42 49 -4 16 0 0.01 M M 9.0 15 290 M M 6 18 20 310
26 53 40 47 -6 18 0 0.13 M M 11.0 23 320 M M 8 18 28 320
27 52 39 46 -7 19 0 0.00 M M 10.7 20 310 M M 5 128 23 320
28 53 38 46 -6 19 0 0.06 M M 9.9 17 200 M M 8 128 22 190
29 56 47 52 0 13 0 T M M 8.0 14 170 M M 10 1 18 180
30 56 47 52 0 13 0 0.02 M M 3.8 8 340 M M 10 18 10 320
31 60 49 55 3 10 0 0.04 M M 2.7 7 80 M M 10 1 9 90
================================================================================
SM 1843 1429 369 2 2.42 M 284.2 M 235
================================================================================
AV 59.5 46.1 9.2 FASTST M M 8 MAX(MPH)
MISC ----> 29 230 # 34 200
================================================================================
NOTES:
# LAST OF SEVERAL OCCURRENCES
COLUMN 17 PEAK WIND IN M.P.H.
PRELIMINARY LOCAL CLIMATOLOGICAL DATA (WS FORM: F-6) , PAGE 2
STATION: BETHEL
MONTH: AUGUST
YEAR: 2021
LATITUDE: 60 46 N
LONGITUDE: 161 48 W
[TEMPERATURE DATA] [PRECIPITATION DATA] SYMBOLS USED IN COLUMN 16
AVERAGE MONTHLY: 52.8 TOTAL FOR MONTH: 2.42 1 = FOG OR MIST
DPTR FM NORMAL: -1.1 DPTR FM NORMAL: -0.94 2 = FOG REDUCING VISIBILITY
HIGHEST: 79 ON 3 GRTST 24HR 0.61 ON 5- 5 TO 1/4 MILE OR LESS
LOWEST: 38 ON 28,18 3 = THUNDER
SNOW, ICE PELLETS, HAIL 4 = ICE PELLETS
TOTAL MONTH: M 5 = HAIL
GRTST 24HR M ON M 6 = FREEZING RAIN OR DRIZZLE
GRTST DEPTH: M ON M 7 = DUSTSTORM OR SANDSTORM:
VSBY 1/2 MILE OR LESS
8 = SMOKE OR HAZE
[NO. OF DAYS WITH] [WEATHER - DAYS WITH] 9 = BLOWING SNOW
X = TORNADO
MAX 32 OR BELOW: 0 0.01 INCH OR MORE: 18
MAX 90 OR ABOVE: 0 0.10 INCH OR MORE: 6
MIN 32 OR BELOW: 0 0.50 INCH OR MORE: 1
MIN 0 OR BELOW: 0 1.00 INCH OR MORE: 0
[HDD (BASE 65) ]
TOTAL THIS MO. 369 CLEAR (SCALE 0-3) 4
DPTR FM NORMAL 24 PTCLDY (SCALE 4-7) 12
TOTAL FM JUL 1 686 CLOUDY (SCALE 8-10) 15
DPTR FM NORMAL 70
[CDD (BASE 65) ]
TOTAL THIS MO. 2
DPTR FM NORMAL 1 [PRESSURE DATA]
TOTAL FM JAN 1 3 HIGHEST SLP 30.36 ON 20
DPTR FM NORMAL -3 LOWEST SLP 29.40 ON 8
[REMARKS]
#FINAL-08-21#