000
CXUS55 KCYS 051740
CF6BFF
PRELIMINARY LOCAL CLIMATOLOGICAL DATA (WS FORM: F-6)
STATION: SCOTTSBLUFF NE AIRPORT
MONTH: MARCH
YEAR: 2024
LATITUDE: 41 52 N
LONGITUDE: 103 36 W
TEMPERATURE IN F: :PCPN: SNOW: WIND :SUNSHINE: SKY :PK WND
================================================================================
1 2 3 4 5 6A 6B 7 8 9 10 11 12 13 14 15 16 17 18
12Z AVG MX 2MIN
DY MAX MIN AVG DEP HDD CDD WTR SNW DPTH SPD SPD DIR MIN PSBL S-S WX SPD DR
================================================================================
1 69 30 50 16 15 0 0.00 0.0 0 8.4 23 260 M M 0 31 260
2 73 29 51 16 14 0 0.00 0.0 0 7.2 31 300 M M 1 44 180
3 51 36 44 9 21 0 0.00 0.0 0 16.6 29 300 M M 5 41 270
4 47 30 39 3 26 0 0.05 T T 8.2 22 120 M M 8 18 28 250
5 51 24 38 2 27 0 0.00 0.0 T 12.5 24 190 M M 2 31 200
6 62 27 45 9 20 0 0.01 0.0 0 9.8 26 290 M M 4 41 220
7 33 26 30 -7 35 0 0.14 0.8 0 8.9 15 60 M M 10 18 19 60
8 39 23 31 -6 34 0 0.02 0.2 1 4.6 15 300 M M 6 18 20 300
9 57 18 38 0 27 0 0.00 0.0 T 6.0 18 260 M M 0 25 250
10 66 21 44 6 21 0 0.00 0.0 0 9.3 28 270 M M 0 40 270
11 64 25 45 7 20 0 0.00 0.0 0 5.2 16 260 M M 1 21 260
12 64 34 49 10 16 0 0.00 0.0 0 10.5 24 300 M M 4 30 270
13 53 41 47 8 18 0 T 0.0 0 7.9 20 240 M M 10 26 240
14 48 33 41 1 24 0 0.00 0.0 0 15.2 31 30 M M 10 42 30
15 53 24 39 -1 26 0 0.00 0.0 0 5.8 20 210 M M 5 26 200
16 58 26 42 2 23 0 0.00 0.0 0 11.4 24 330 M M 0 32 340
17 55 22 39 -2 26 0 0.00 0.0 0 11.0 29 330 M M 3 40 330
18 67 17 42 1 23 0 0.00 0.0 0 5.3 15 270 M M 0 21 270
19 70 31 51 10 14 0 0.00 0.0 0 6.2 15 50 M M 1 22 70
20 61 26 44 2 21 0 0.00 0.0 0 11.1 23 150 M M 0 30 140
21 74 28 51 9 14 0 0.00 0.0 0 10.1 29 10 M M 1 8 41 350
22 53 30 42 0 23 0 0.00 0.0 0 12.1 24 100 M M 5 30 100
23 55 27 41 -1 24 0 0.00 0.0 0 19.1 29 110 M M 6 36 110
24 41 21 31 -12 34 0 0.01 0.3 0 13.1 25 350 M M 8 1 35 350
25 30 11 21 -22 44 0 T T T 14.1 26 350 M M 8 35 360
26 48 9 29 -14 36 0 0.00 0.0 0 4.6 12 30 M M 5 16 310
27 57 16 37 -7 28 0 0.00 0.0 0 8.4 23 300 M M 2 8 32 290
28 68 26 47 3 18 0 0.00 0.0 0 10.0 26 200 M M 1 42 220
29 60 34 47 3 18 0 0.00 0.0 0 8.2 17 340 M M 3 22 340
30 59 34 47 3 18 0 0.38 T 0 10.4 22 150 M M 8 1 34 180
31 62 39 51 7 14 0 0.25 0.0 0 13.9 37 20 M M 8 135 46 20
================================================================================
SM 1748 818 722 0 0.86 1.3 305.1 M 125
================================================================================
AV 56.4 26.4 9.8 FASTST M M 4 MAX(MPH)
MISC ----> 37 20 46 20
================================================================================
NOTES:
# LAST OF SEVERAL OCCURRENCES
COLUMN 17 PEAK WIND IN M.P.H.
PRELIMINARY LOCAL CLIMATOLOGICAL DATA (WS FORM: F-6) , PAGE 2
STATION: SCOTTSBLUFF NE AIRPORT
MONTH: MARCH
YEAR: 2024
LATITUDE: 41 52 N
LONGITUDE: 103 36 W
[TEMPERATURE DATA] [PRECIPITATION DATA] SYMBOLS USED IN COLUMN 16
AVERAGE MONTHLY: 41.4 TOTAL FOR MONTH: 0.86 1 = FOG OR MIST
DPTR FM NORMAL: 1.5 DPTR FM NORMAL: -0.14 2 = FOG REDUCING VISIBILITY
HIGHEST: 74 ON 21 GRTST 24HR 0.43 ON 30-31 TO 1/4 MILE OR LESS
LOWEST: 9 ON 26 3 = THUNDER
SNOW, ICE PELLETS, HAIL 4 = ICE PELLETS
TOTAL MONTH: 1.3 INCHES 5 = HAIL
GRTST 24HR 0.8 ON 7- 7 6 = FREEZING RAIN OR DRIZZLE
GRTST DEPTH: 1 ON 8 7 = DUSTSTORM OR SANDSTORM:
VSBY 1/2 MILE OR LESS
8 = SMOKE OR HAZE
[NO. OF DAYS WITH] [WEATHER - DAYS WITH] 9 = BLOWING SNOW
X = TORNADO
MAX 32 OR BELOW: 1 0.01 INCH OR MORE: 7
MAX 90 OR ABOVE: 0 0.10 INCH OR MORE: 3
MIN 32 OR BELOW: 24 0.50 INCH OR MORE: 0
MIN 0 OR BELOW: 0 1.00 INCH OR MORE: 0
[HDD (BASE 65) ]
TOTAL THIS MO. 722 CLEAR (SCALE 0-3) 14
DPTR FM NORMAL -55 PTCLDY (SCALE 4-7) 11
TOTAL FM JUL 1 5064 CLOUDY (SCALE 8-10) 6
DPTR FM NORMAL -421
[CDD (BASE 65) ]
TOTAL THIS MO. 0
DPTR FM NORMAL 0 [PRESSURE DATA]
TOTAL FM JAN 1 0 HIGHEST SLP 30.45 ON 15
DPTR FM NORMAL 0 LOWEST SLP 29.29 ON 2
[REMARKS]
#FINAL-03-24#
SNOWFALL AND SNOW DEPTH ARE FROM SECONDARY COOP BACKUP (SCOTTSBLUFF
1E)