000
CXUS55 KCYS 011645
CF6BFF
PRELIMINARY LOCAL CLIMATOLOGICAL DATA (WS FORM: F-6)
STATION: SCOTTSBLUFF NE AIRPORT
MONTH: SEPTEMBER
YEAR: 2023
LATITUDE: 41 52 N
LONGITUDE: 103 36 W
TEMPERATURE IN F: :PCPN: SNOW: WIND :SUNSHINE: SKY :PK WND
================================================================================
1 2 3 4 5 6A 6B 7 8 9 10 11 12 13 14 15 16 17 18
12Z AVG MX 2MIN
DY MAX MIN AVG DEP HDD CDD WTR SNW DPTH SPD SPD DIR MIN PSBL S-S WX SPD DR
================================================================================
1 101 59 80 11 0 15 0.00 0.0 0 6.5 22 290 M M 0 30 290
2 97 63 80 11 0 15 0.00 0.0 0 8.0 24 270 M M 1 35 260
3 96 61 79 10 0 14 0.23 0.0 0 6.3 39 210 M M 2 13 52 210
4 90 57 74 6 0 9 0.43 0.0 0 6.4 32 310 M M 3 13 47 300
5 74 51 63 -5 2 0 0.00 0.0 0 11.2 26 310 M M 3 18 35 310
6 86 48 67 -1 0 2 0.00 0.0 0 7.5 16 130 M M 0 18 22 140
7 89 50 70 3 0 5 0.00 0.0 0 6.1 9 100 M M 0 18 M M
8 91 50 71 4 0 6 0.00 0.0 0 7.1 18 110 M M 0 24 180
9 84 51 68 2 0 3 0.03 0.0 0 9.7 22 40 M M 0 13 29 40
10 70 54 62 -4 3 0 0.94 0.0 0 8.4 31 360 M M 7 123 41 340
11 71 52 62 -4 3 0 0.32 0.0 0 4.8 20 90 M M 5 18 26 40
12 79 50 65 0 0 0 0.00 0.0 0 8.9 15 170 M M 0 27 110
13 81 50 66 1 0 1 T 0.0 0 9.7 20 120 M M 1 25 120
14 65 53 59 -5 6 0 0.05 0.0 0 5.6 15 350 M M 8 1 20 350
15 76 46 61 -3 4 0 0.00 0.0 0 5.4 14 300 M M 2 18 310
16 80 42 61 -3 4 0 0.00 0.0 0 5.6 9 40 M M 0 13 310
17 87 46 67 4 0 2 0.00 0.0 0 4.6 17 290 M M 0 24 300
18 87 46 67 4 0 2 0.00 0.0 0 6.8 16 260 M M 0 23 270
19 87 50 69 7 0 4 0.00 0.0 0 8.2 28 200 M M 1 38 230
20 83 49 66 4 0 1 T 0.0 0 8.2 36 260 M M 1 53 270
21 80 51 66 5 0 1 T 0.0 0 9.2 22 80 M M 2 3 32 70
22 71 53 62 1 3 0 0.05 0.0 0 11.9 38 320 M M 7 13 49 320
23 74 44 59 -1 6 0 0.01 0.0 0 10.1 25 310 M M 1 34 310
24 76 42 59 -1 6 0 0.00 0.0 0 6.5 18 300 M M 0 25 320
25 83 38 61 2 4 0 0.00 0.0 0 2.8 12 50 M M 0 15 60
26 80 40 60 1 5 0 0.00 0.0 0 7.1 12 130 M M 0 M M
27 87 49 68 10 0 3 0.00 0.0 0 7.9 14 90 M M 0 18 100
28 81 48 65 7 0 0 T 0.0 0 8.6 26 10 M M 0 13 41 10
29 77 52 65 8 0 0 0.00 0.0 0 7.3 16 10 M M 3 22 360
30 85 55 70 13 0 5 0.00 0.0 0 11.3 21 110 M M 2 12 28 110
================================================================================
SM 2468 1500 46 88 2.06 0.0 227.7 M 49
================================================================================
AV 82.3 50.0 7.6 FASTST M M 2 MAX(MPH)
MISC ----> 39 210 53 270
================================================================================
NOTES:
# LAST OF SEVERAL OCCURRENCES
COLUMN 17 PEAK WIND IN M.P.H.
PRELIMINARY LOCAL CLIMATOLOGICAL DATA (WS FORM: F-6) , PAGE 2
STATION: SCOTTSBLUFF NE AIRPORT
MONTH: SEPTEMBER
YEAR: 2023
LATITUDE: 41 52 N
LONGITUDE: 103 36 W
[TEMPERATURE DATA] [PRECIPITATION DATA] SYMBOLS USED IN COLUMN 16
AVERAGE MONTHLY: 66.1 TOTAL FOR MONTH: 2.06 1 = FOG OR MIST
DPTR FM NORMAL: 2.6 DPTR FM NORMAL: 0.84 2 = FOG REDUCING VISIBILITY
HIGHEST: 101 ON 1 GRTST 24HR 1.24 ON 10-11 TO 1/4 MILE OR LESS
LOWEST: 38 ON 25 3 = THUNDER
SNOW, ICE PELLETS, HAIL 4 = ICE PELLETS
TOTAL MONTH: 0.0 INCH 5 = HAIL
GRTST 24HR 0.0 6 = FREEZING RAIN OR DRIZZLE
GRTST DEPTH: 0 7 = DUSTSTORM OR SANDSTORM:
VSBY 1/2 MILE OR LESS
8 = SMOKE OR HAZE
[NO. OF DAYS WITH] [WEATHER - DAYS WITH] 9 = BLOWING SNOW
X = TORNADO
MAX 32 OR BELOW: 0 0.01 INCH OR MORE: 8
MAX 90 OR ABOVE: 5 0.10 INCH OR MORE: 4
MIN 32 OR BELOW: 0 0.50 INCH OR MORE: 1
MIN 0 OR BELOW: 0 1.00 INCH OR MORE: 0
[HDD (BASE 65) ]
TOTAL THIS MO. 46 CLEAR (SCALE 0-3) 26
DPTR FM NORMAL -80 PTCLDY (SCALE 4-7) 4
TOTAL FM JUL 1 61 CLOUDY (SCALE 8-10) 0
DPTR FM NORMAL -81
[CDD (BASE 65) ]
TOTAL THIS MO. 88
DPTR FM NORMAL 7 [PRESSURE DATA]
TOTAL FM JAN 1 780 HIGHEST SLP 30.26 ON 10
DPTR FM NORMAL -71 LOWEST SLP 29.49 ON 4
[REMARKS]
#FINAL-09-23#
SEPTEMBER 1... RECORD HIGH TEMPERATURE: 101F (PREVIOUS: 100F IN 1929)
SEPTEMBER 7... DUE TO ASOS OUTAGE, USED COOP BACKUP FOR MAXIMUM TEMPERATURE