000
CXUS53 KCYS 011840
CLABFF
CLIMATE REPORT
NATIONAL WEATHER SERVICE CHEYENNE WY
1140 AM MST SUN JAN 01 2023
...................................
...THE SCOTTSBLUFF NE AIRPORT CLIMATE SUMMARY FOR THE YEAR OF 2022...
CLIMATE NORMAL PERIOD 1991 TO 2020
CLIMATE RECORD PERIOD 1871 TO 2022
WEATHER OBSERVED NORMAL DEPART LAST YEAR`S
VALUE DATE(S) VALUE FROM VALUE DATE(S)
NORMAL
................................................................
TEMPERATURE (F)
RECORD
HIGH 110 07/11/1939
LOW -45 02/12/1899
HIGHEST 108 07/18 MM MM 105 06/15
LOWEST -18 12/22 MM MM -20 02/14
02/15
AVG. MAXIMUM 65.7 64.7 1.0 66.7
AVG. MINIMUM 34.3 35.1 -0.8 36.1
MEAN 50.0 49.9 0.1 51.4
DAYS MAX >= 90 73 49.1 23.9 75
DAYS MAX <= 32 29 27.4 1.6 16
DAYS MIN <= 32 155 174.4 -19.4 167
DAYS MIN <= 0 19 11.7 7.3 11
PRECIPITATION (INCHES)
RECORD
MAXIMUM 27.48 1915
MINIMUM 2.93 2002
TOTALS 9.83 15.65 -5.82 12.32
DAILY AVG. 0.03 0.04 -0.02 0.03
DAYS >= .01 65 88.7 -23.7 79
DAYS >= .10 23 39.4 -16.4 31
DAYS >= .50 5 8.0 -3.0 4
DAYS >= 1.00 2 2.0 0.0 2
GREATEST
24 HR. TOTAL 1.40 05/29 TO 05/30 1.29 03/13 TO 03/14
STORM TOTAL 1.13 1.29
(MM/DD(HH)) MM
SNOWFALL (INCHES)
RECORDS
TOTAL 84.0 2019
24 HR TOTAL 11.0 03/14/2021 TO 03/14/2021
TOTALS 46.4 42.5 3.9 62.5
SINCE 7/1 20.3 16.8 3.5 MM
DAYS >= TRACE 39 26.3 12.7 48
DAYS >= 1.0 12 13.3 -1.3 17
GREATEST
SNOW DEPTH 10 12/13 16 02/14
24 HR TOTAL 4.0 01/05 TO 01/05 11.0 03/14 TO 03/14
STORM TOTAL 10.0 11.0
(MM/DD(HH)) MM
DEGREE DAYS
HEATING TOTAL 6522 6312 210 5931
SINCE 7/1 2720 2613 107 MM
COOLING TOTAL 1179 853 326 1094
SINCE 1/1 1179 853 326 MM
................................................................
WIND (MPH)
AVERAGE WIND SPEED 9.9
HIGHEST WIND SPEED/DIRECTION 52/290 DATE 04/22
HIGHEST GUST SPEED/DIRECTION 83/280 DATE 04/22
SKY COVER
POSSIBLE SUNSHINE (PERCENT) MM
AVERAGE SKY COVER 0.22
NUMBER OF DAYS FAIR 245
NUMBER OF DAYS PC 73
NUMBER OF DAYS CLOUDY 17
AVERAGE RH (PERCENT) 54
WEATHER CONDITIONS. NUMBER OF DAYS WITH
THUNDERSTORM 32 MIXED PRECIP 0
HEAVY RAIN 8 RAIN 16
LIGHT RAIN 81 FREEZING RAIN 0
LT FREEZING RAIN 3 HAIL 0
HEAVY SNOW 3 SNOW 10
LIGHT SNOW 45 SLEET 0
FOG 69 FOG W/VIS <= 1/4 MILE 11
HAZE 65
- INDICATES NEGATIVE NUMBERS.
R INDICATES RECORD WAS SET OR TIED.
MM INDICATES DATA IS MISSING.
T INDICATES TRACE AMOUNT.
$$