000
CXUS55 KCYS 011536
CLMBFF
CLIMATE REPORT
NATIONAL WEATHER SERVICE CHEYENNE WY
936 AM MDT FRI SEP 01 2023
...................................
...THE SCOTTSBLUFF NE AIRPORT CLIMATE SUMMARY FOR THE MONTH OF AUGUST 2023...
CLIMATE NORMAL PERIOD 1991 TO 2020
CLIMATE RECORD PERIOD 1871 TO 2023
WEATHER OBSERVED NORMAL DEPART LAST YEAR`S
VALUE DATE(S) VALUE FROM VALUE DATE(S)
NORMAL
................................................................
TEMPERATURE (F)
RECORD
HIGH 106 08/27/1898
LOW 30 08/25/1910
HIGHEST 103 08/22 87 16 106
LOWEST 46 08/14 57 -11 51
AVG. MAXIMUM 89.6 88.8 0.8 93.7
AVG. MINIMUM 57.7 57.3 0.4 60.3
MEAN 73.6 73.0 0.6 77.0
DAYS MAX >= 90 16 14.8 1.2 21
DAYS MAX <= 32 0 0.0 0.0 0
DAYS MIN <= 32 0 0.0 0.0 0
DAYS MIN <= 0 0 0.0 0.0 0
PRECIPITATION (INCHES)
RECORD
MAXIMUM 5.66 1915
TOTALS 1.58 1.24 0.34 0.04
DAYS >= .01 11 6.7 4.3 1
DAYS >= .10 5 2.9 2.1 0
DAYS >= .50 1 0.8 0.2 0
DAYS >= 1.00 0 0.1 -0.1 0
GREATEST
24 HR. TOTAL 1.00 07/31 TO 08/01 0.04 08/05 TO 08/05
SNOWFALL (INCHES)
RECORDS
TOTAL MM MM
24 HR TOTAL MM
TOTALS 0.0 0.0 0.0 0.0
SINCE 7/1 0.0 0.0 0.0 MM
DAYS >= 1.0 0 0.0 0.0 0
GREATEST
SNOW DEPTH 0 0
24 HR TOTAL MM MM
DEGREE DAYS
HEATING TOTAL 3 12 -9 0
SINCE 7/1 15 13 2 MM
COOLING TOTAL 279 262 17 379
SINCE 1/1 692 770 -78 MM
................................................................
WIND (MPH)
AVERAGE WIND SPEED 7.5
HIGHEST WIND SPEED/DIRECTION 32/330 DATE 08/02
HIGHEST GUST SPEED/DIRECTION 44/330 DATE 08/02
44/320 08/27
SKY COVER
POSSIBLE SUNSHINE (PERCENT) MM
AVERAGE SKY COVER 0.12
NUMBER OF DAYS FAIR 29
NUMBER OF DAYS PC 2
NUMBER OF DAYS CLOUDY 0
AVERAGE RH (PERCENT) 62
WEATHER CONDITIONS. NUMBER OF DAYS WITH
THUNDERSTORM 13 MIXED PRECIP 0
HEAVY RAIN 3 RAIN 3
LIGHT RAIN 15 FREEZING RAIN 0
LT FREEZING RAIN 0 HAIL 0
HEAVY SNOW 0 SNOW 0
LIGHT SNOW 0 SLEET 0
FOG 4 FOG W/VIS <= 1/4 MILE 1
HAZE 0
- INDICATES NEGATIVE NUMBERS.
R INDICATES RECORD WAS SET OR TIED.
MM INDICATES DATA IS MISSING.
T INDICATES TRACE AMOUNT.
$$