000
CXUS54 KAMA 011520
CLMBGD
CLIMATE REPORT
NATIONAL WEATHER SERVICE AMARILLO
1020 AM CDT MON MAY 01 2023
...................................
...THE BORGER CLIMATE SUMMARY FOR THE MONTH OF APRIL 2023...
CLIMATE NORMAL PERIOD: 1991 TO 2020
CLIMATE RECORD PERIOD: 1949 TO 2023
WEATHER OBSERVED NORMAL DEPART LAST YEAR`S
VALUE DATE(S) VALUE FROM VALUE DATE(S)
NORMAL
................................................................
TEMPERATURE (F)
HIGHEST 92 04/18 96 04/21
LOWEST 30 04/05 34 04/08
04/14
04/17
AVG. MAXIMUM 74.7 73.4 1.3 77.7
AVG. MINIMUM 46.1 46.4 -0.3 47.5
MEAN 60.4 59.9 0.5 62.6
DAYS MAX >= 90 4 2.3 1.7 6
DAYS MAX <= 32 1 0.0 1.0 0
DAYS MIN <= 32 1 1.8 -0.8 0
DAYS MIN <= 0 0 0.0 0.0 0
PRECIPITATION (INCHES)
TOTALS 1.31 1.57 -0.26 0.76
DAILY AVG. 0.04 0.05 -0.01 0.03
DAYS >= .01 4 5.7 -1.7 3
DAYS >= .10 2 2.8 -0.8 2
DAYS >= .50 1 1.1 -0.1 0
DAYS >= 1.00 0 0.4 -0.4 0
GREATEST
24 HR. TOTAL 1.12 04/25 TO 04/26
SNOWFALL (INCHES)
TOTALS MM MM MM MM
SINCE 7/1 MM MM MM MM
DAYS >= TRACE MM MM MM 0
DAYS >= 1.0 MM MM MM 0
GREATEST
SNOW DEPTH MM
24 HR TOTAL MM
DEGREE DAYS
HEATING TOTAL 187 204 -17 154
SINCE 7/1 3134 3463 -329 MM
COOLING TOTAL 65 51 14 90
SINCE 1/1 67 64 3 MM
................................................................
WIND (MPH)
AVERAGE WIND SPEED 12.4
HIGHEST WIND SPEED/DIRECTION 44/210 DATE 04/04
HIGHEST GUST SPEED/DIRECTION 61/210 DATE 04/04
SKY COVER
POSSIBLE SUNSHINE (PERCENT) MM
NUMBER OF DAYS FAIR 24
NUMBER OF DAYS PC 5
NUMBER OF DAYS CLOUDY 1
AVERAGE RH (PERCENT) 39
WEATHER CONDITIONS. NUMBER OF DAYS WITH
THUNDERSTORM 2 MIXED PRECIP 0
HEAVY RAIN 2 RAIN 2
LIGHT RAIN 5 FREEZING RAIN 0
LT FREEZING RAIN 0 HEAVY SNOW 0
SNOW 0 LIGHT SNOW 0
SLEET 0 FOG 5
FOG W/VIS <= 1/4 MILE 1 HAZE 6
- INDICATES NEGATIVE NUMBERS.
R INDICATES RECORD WAS SET OR TIED.
MM INDICATES DATA IS MISSING.
T INDICATES TRACE AMOUNT.
$$